-- Dumping data for table catalogo_profesiones
--
PRINT (N'Dumping data for table catalogo_profesiones')
SET IDENTITY_INSERT dbo.catalogo_profesiones ON
GO
INSERT dbo.catalogo_profesiones(id, profesion) VALUES (1, 'Ingeniero')
INSERT dbo.catalogo_profesiones(id, profesion) VALUES (2, 'Ingeniero Civil')
INSERT dbo.catalogo_profesiones(id, profesion) VALUES (3, 'Ingeniero Mecánico')
INSERT dbo.catalogo_profesiones(id, profesion) VALUES (4, 'Ingeniero de Sistemas')
INSERT dbo.catalogo_profesiones(id, profesion) VALUES (5, 'Ingeniero Industrial')
INSERT dbo.catalogo_profesiones(id, profesion) VALUES (6, 'Ingeniero Químico')
INSERT dbo.catalogo_profesiones(id, profesion) VALUES (7, 'Ingeniero Eléctrico')
INSERT dbo.catalogo_profesiones(id, profesion) VALUES (8, 'Ingeniero Ambiental')
INSERT dbo.catalogo_profesiones(id, profesion) VALUES (9, 'Ingeniero de Software')
INSERT dbo.catalogo_profesiones(id, profesion) VALUES (10, 'Ingeniero Electrónico')
INSERT dbo.catalogo_profesiones(id, profesion) VALUES (11, 'Licenciado')
INSERT dbo.catalogo_profesiones(id, profesion) VALUES (12, 'Licenciado en Derecho')
INSERT dbo.catalogo_profesiones(id, profesion) VALUES (13, 'Licenciado en Psicología')
INSERT dbo.catalogo_profesiones(id, profesion) VALUES (14, 'Licenciado en Administración')
INSERT dbo.catalogo_profesiones(id, profesion) VALUES (15, 'Licenciado en Economía')
INSERT dbo.catalogo_profesiones(id, profesion) VALUES (16, 'Licenciado en Ciencias Sociales')
INSERT dbo.catalogo_profesiones(id, profesion) VALUES (17, 'Arquitecto')
INSERT dbo.catalogo_profesiones(id, profesion) VALUES (18, 'Arquitecto de Interiores')
INSERT dbo.catalogo_profesiones(id, profesion) VALUES (19, 'Arquitecto Comercial')
INSERT dbo.catalogo_profesiones(id, profesion) VALUES (20, 'Médico')
INSERT dbo.catalogo_profesiones(id, profesion) VALUES (21, 'Médico General')
INSERT dbo.catalogo_profesiones(id, profesion) VALUES (22, 'Médico Cirujano')
INSERT dbo.catalogo_profesiones(id, profesion) VALUES (23, 'Médico Pediatra')
INSERT dbo.catalogo_profesiones(id, profesion) VALUES (24, 'Médico Dermatólogo')
INSERT dbo.catalogo_profesiones(id, profesion) VALUES (25, 'Médico Cardiólogo')
INSERT dbo.catalogo_profesiones(id, profesion) VALUES (26, 'Abogado')
INSERT dbo.catalogo_profesiones(id, profesion) VALUES (27, 'Abogado Penal')
INSERT dbo.catalogo_profesiones(id, profesion) VALUES (28, 'Abogado Civil')
INSERT dbo.catalogo_profesiones(id, profesion) VALUES (29, 'Abogado Laboral')
INSERT dbo.catalogo_profesiones(id, profesion) VALUES (30, 'Docente')
INSERT dbo.catalogo_profesiones(id, profesion) VALUES (31, 'Profesor de Educación Básica')
INSERT dbo.catalogo_profesiones(id, profesion) VALUES (32, 'Profesor de Secundaria')
INSERT dbo.catalogo_profesiones(id, profesion) VALUES (33, 'Profesor Universitario')
INSERT dbo.catalogo_profesiones(id, profesion) VALUES (34, 'Contador')
INSERT dbo.catalogo_profesiones(id, profesion) VALUES (35, 'Contador Público')
INSERT dbo.catalogo_profesiones(id, profesion) VALUES (36, 'Auditor')
INSERT dbo.catalogo_profesiones(id, profesion) VALUES (37, 'Técnico')
INSERT dbo.catalogo_profesiones(id, profesion) VALUES (38, 'Técnico en Informática')
INSERT dbo.catalogo_profesiones(id, profesion) VALUES (39, 'Técnico en Electrónica')
INSERT dbo.catalogo_profesiones(id, profesion) VALUES (40, 'Técnico en Mantenimiento')
INSERT dbo.catalogo_profesiones(id, profesion) VALUES (41, 'Cocinero')
INSERT dbo.catalogo_profesiones(id, profesion) VALUES (42, 'Cocinero de Restaurante')
INSERT dbo.catalogo_profesiones(id, profesion) VALUES (43, 'Chef Ejecutivo')
INSERT dbo.catalogo_profesiones(id, profesion) VALUES (44, 'Pastelero')
INSERT dbo.catalogo_profesiones(id, profesion) VALUES (45, 'Periodista')
INSERT dbo.catalogo_profesiones(id, profesion) VALUES (46, 'Periodista de Investigación')
INSERT dbo.catalogo_profesiones(id, profesion) VALUES (47, 'Periodista Deportivo')
INSERT dbo.catalogo_profesiones(id, profesion) VALUES (48, 'Periodista Cultural')
INSERT dbo.catalogo_profesiones(id, profesion) VALUES (49, 'Psicólogo')
INSERT dbo.catalogo_profesiones(id, profesion) VALUES (50, 'Psicólogo Clínico')
INSERT dbo.catalogo_profesiones(id, profesion) VALUES (51, 'Psicólogo Educativo')
INSERT dbo.catalogo_profesiones(id, profesion) VALUES (52, 'Veterinario')
INSERT dbo.catalogo_profesiones(id, profesion) VALUES (53, 'Veterinario General')
INSERT dbo.catalogo_profesiones(id, profesion) VALUES (54, 'Veterinario de Animales de Compañía')
INSERT dbo.catalogo_profesiones(id, profesion) VALUES (55, 'Ama de casa')
INSERT dbo.catalogo_profesiones(id, profesion) VALUES (56, 'Empresario')
INSERT dbo.catalogo_profesiones(id, profesion) VALUES (57, 'Emprendedor')
INSERT dbo.catalogo_profesiones(id, profesion) VALUES (58, 'Científico')
INSERT dbo.catalogo_profesiones(id, profesion) VALUES (59, 'Científico Biológico')
INSERT dbo.catalogo_profesiones(id, profesion) VALUES (60, 'Científico Físico')
INSERT dbo.catalogo_profesiones(id, profesion) VALUES (61, 'Científico Químico')
INSERT dbo.catalogo_profesiones(id, profesion) VALUES (62, 'Analista')
INSERT dbo.catalogo_profesiones(id, profesion) VALUES (63, 'Analista de Sistemas')
INSERT dbo.catalogo_profesiones(id, profesion) VALUES (64, 'Analista Financiero')
INSERT dbo.catalogo_profesiones(id, profesion) VALUES (65, 'Operador')
INSERT dbo.catalogo_profesiones(id, profesion) VALUES (66, 'Operador de Maquinaria')
INSERT dbo.catalogo_profesiones(id, profesion) VALUES (67, 'Operador Logístico')
INSERT dbo.catalogo_profesiones(id, profesion) VALUES (68, 'Chofer')
INSERT dbo.catalogo_profesiones(id, profesion) VALUES (69, 'Conductor de Autobús')
INSERT dbo.catalogo_profesiones(id, profesion) VALUES (70, 'Taxista')
INSERT dbo.catalogo_profesiones(id, profesion) VALUES (71, 'Piloto')
INSERT dbo.catalogo_profesiones(id, profesion) VALUES (72, 'Piloto Comercial')
INSERT dbo.catalogo_profesiones(id, profesion) VALUES (73, 'Piloto Militar')
INSERT dbo.catalogo_profesiones(id, profesion) VALUES (74, 'Artista')
INSERT dbo.catalogo_profesiones(id, profesion) VALUES (75, 'Cantante')
INSERT dbo.catalogo_profesiones(id, profesion) VALUES (76, 'Actor')
INSERT dbo.catalogo_profesiones(id, profesion) VALUES (77, 'Pintor')
INSERT dbo.catalogo_profesiones(id, profesion) VALUES (78, 'Escultor')
INSERT dbo.catalogo_profesiones(id, profesion) VALUES (79, 'Bailarín')
INSERT dbo.catalogo_profesiones(id, profesion) VALUES (80, 'Músico')
INSERT dbo.catalogo_profesiones(id, profesion) VALUES (81, 'Guitarrista')
INSERT dbo.catalogo_profesiones(id, profesion) VALUES (82, 'Baterista')
INSERT dbo.catalogo_profesiones(id, profesion) VALUES (83, 'Pianista')
INSERT dbo.catalogo_profesiones(id, profesion) VALUES (84, 'Violinista')
INSERT dbo.catalogo_profesiones(id, profesion) VALUES (85, 'Diseñador')
INSERT dbo.catalogo_profesiones(id, profesion) VALUES (86, 'Diseñador Gráfico')
INSERT dbo.catalogo_profesiones(id, profesion) VALUES (87, 'Diseñador de Moda')
INSERT dbo.catalogo_profesiones(id, profesion) VALUES (88, 'Diseñador Industrial')
INSERT dbo.catalogo_profesiones(id, profesion) VALUES (89, 'Dibujante Técnico')
INSERT dbo.catalogo_profesiones(id, profesion) VALUES (90, 'Fotógrafo')
INSERT dbo.catalogo_profesiones(id, profesion) VALUES (91, 'Fotoperiodista')
INSERT dbo.catalogo_profesiones(id, profesion) VALUES (92, 'Publicista')
INSERT dbo.catalogo_profesiones(id, profesion) VALUES (93, 'Copywriter')
INSERT dbo.catalogo_profesiones(id, profesion) VALUES (94, 'Especialista en Relaciones Públicas')
INSERT dbo.catalogo_profesiones(id, profesion) VALUES (95, 'Secretaria')
INSERT dbo.catalogo_profesiones(id, profesion) VALUES (96, 'Secretaria Ejecutiva')
INSERT dbo.catalogo_profesiones(id, profesion) VALUES (97, 'Recepcionista')
INSERT dbo.catalogo_profesiones(id, profesion) VALUES (98, 'Jardinero')
INSERT dbo.catalogo_profesiones(id, profesion) VALUES (99, 'Paisajista')
INSERT dbo.catalogo_profesiones(id, profesion) VALUES (100, 'Carpintero')
INSERT dbo.catalogo_profesiones(id, profesion) VALUES (101, 'Carpintero de Obra')
INSERT dbo.catalogo_profesiones(id, profesion) VALUES (102, 'Carpintero de Muebles')
INSERT dbo.catalogo_profesiones(id, profesion) VALUES (103, 'Electricista')
INSERT dbo.catalogo_profesiones(id, profesion) VALUES (104, 'Electricista Industrial')
INSERT dbo.catalogo_profesiones(id, profesion) VALUES (105, 'Electricista Residencial')
INSERT dbo.catalogo_profesiones(id, profesion) VALUES (106, 'Plomero')
INSERT dbo.catalogo_profesiones(id, profesion) VALUES (107, 'Mecánico Automotriz')
INSERT dbo.catalogo_profesiones(id, profesion) VALUES (108, 'Mecánico Industrial')
INSERT dbo.catalogo_profesiones(id, profesion) VALUES (109, 'Estilista')
INSERT dbo.catalogo_profesiones(id, profesion) VALUES (110, 'Maquillador')
INSERT dbo.catalogo_profesiones(id, profesion) VALUES (111, 'Barbero')
INSERT dbo.catalogo_profesiones(id, profesion) VALUES (112, 'Sastre')
INSERT dbo.catalogo_profesiones(id, profesion) VALUES (113, 'Costurero')
INSERT dbo.catalogo_profesiones(id, profesion) VALUES (114, 'Zapatero')
INSERT dbo.catalogo_profesiones(id, profesion) VALUES (115, 'Peluquero')
INSERT dbo.catalogo_profesiones(id, profesion) VALUES (116, 'Repartidor')
INSERT dbo.catalogo_profesiones(id, profesion) VALUES (117, 'Mensajero')
INSERT dbo.catalogo_profesiones(id, profesion) VALUES (118, 'Recolector')
INSERT dbo.catalogo_profesiones(id, profesion) VALUES (119, 'Agricultor')
INSERT dbo.catalogo_profesiones(id, profesion) VALUES (120, 'Ganadero')
INSERT dbo.catalogo_profesiones(id, profesion) VALUES (121, 'Agrónomo')
INSERT dbo.catalogo_profesiones(id, profesion) VALUES (122, 'Forestal')
INSERT dbo.catalogo_profesiones(id, profesion) VALUES (123, 'Ambientalista')
INSERT dbo.catalogo_profesiones(id, profesion) VALUES (124, 'Ecologista')
INSERT dbo.catalogo_profesiones(id, profesion) VALUES (125, 'Investigador')
INSERT dbo.catalogo_profesiones(id, profesion) VALUES (126, 'Investigador Científico')
INSERT dbo.catalogo_profesiones(id, profesion) VALUES (127, 'Investigador de Mercado')
INSERT dbo.catalogo_profesiones(id, profesion) VALUES (128, 'Químico')
INSERT dbo.catalogo_profesiones(id, profesion) VALUES (129, 'Físico')
INSERT dbo.catalogo_profesiones(id, profesion) VALUES (130, 'Matemático')
INSERT dbo.catalogo_profesiones(id, profesion) VALUES (131, 'Estadístico')
INSERT dbo.catalogo_profesiones(id, profesion) VALUES (132, 'Economista')
INSERT dbo.catalogo_profesiones(id, profesion) VALUES (133, 'Sociólogo')
INSERT dbo.catalogo_profesiones(id, profesion) VALUES (134, 'Antropólogo')
INSERT dbo.catalogo_profesiones(id, profesion) VALUES (135, 'Historiador')
INSERT dbo.catalogo_profesiones(id, profesion) VALUES (136, 'Geógrafo')
INSERT dbo.catalogo_profesiones(id, profesion) VALUES (137, 'Geólogo')
INSERT dbo.catalogo_profesiones(id, profesion) VALUES (138, 'Oceanógrafo')
INSERT dbo.catalogo_profesiones(id, profesion) VALUES (139, 'Astrónomo')
INSERT dbo.catalogo_profesiones(id, profesion) VALUES (140, 'Militar')
INSERT dbo.catalogo_profesiones(id, profesion) VALUES (141, 'Soldado')
INSERT dbo.catalogo_profesiones(id, profesion) VALUES (142, 'Infante de Marina')
INSERT dbo.catalogo_profesiones(id, profesion) VALUES (143, 'Policía')
INSERT dbo.catalogo_profesiones(id, profesion) VALUES (144, 'Bombero')
INSERT dbo.catalogo_profesiones(id, profesion) VALUES (145, 'Paramédico')
INSERT dbo.catalogo_profesiones(id, profesion) VALUES (146, 'Auxiliar de Enfermería')
INSERT dbo.catalogo_profesiones(id, profesion) VALUES (147, 'Enfermero')
INSERT dbo.catalogo_profesiones(id, profesion) VALUES (148, 'Dentista')
INSERT dbo.catalogo_profesiones(id, profesion) VALUES (149, 'Odontólogo')
INSERT dbo.catalogo_profesiones(id, profesion) VALUES (150, 'Optometrista')
INSERT dbo.catalogo_profesiones(id, profesion) VALUES (151, 'Farmacéutico')
INSERT dbo.catalogo_profesiones(id, profesion) VALUES (152, 'Farmacéutico Clínico')
INSERT dbo.catalogo_profesiones(id, profesion) VALUES (153, 'Nutriólogo')
INSERT dbo.catalogo_profesiones(id, profesion) VALUES (154, 'Dietista')
INSERT dbo.catalogo_profesiones(id, profesion) VALUES (155, 'Terapeuta Físico')
INSERT dbo.catalogo_profesiones(id, profesion) VALUES (156, 'Fisioterapeuta')
INSERT dbo.catalogo_profesiones(id, profesion) VALUES (157, 'Logopeda')
INSERT dbo.catalogo_profesiones(id, profesion) VALUES (158, 'Trabajador Social')
INSERT dbo.catalogo_profesiones(id, profesion) VALUES (159, 'Auxiliar Administrativo')
INSERT dbo.catalogo_profesiones(id, profesion) VALUES (160, 'Secretario Administrativo')
INSERT dbo.catalogo_profesiones(id, profesion) VALUES (161, 'Contable')
INSERT dbo.catalogo_profesiones(id, profesion) VALUES (162, 'Agente de Seguros')
INSERT dbo.catalogo_profesiones(id, profesion) VALUES (163, 'Corredor de Seguros')
INSERT dbo.catalogo_profesiones(id, profesion) VALUES (164, 'Notario')
INSERT dbo.catalogo_profesiones(id, profesion) VALUES (165, 'Mediador')
INSERT dbo.catalogo_profesiones(id, profesion) VALUES (166, 'Religioso')
INSERT dbo.catalogo_profesiones(id, profesion) VALUES (167, 'Sacerdote')
INSERT dbo.catalogo_profesiones(id, profesion) VALUES (168, 'Pastor')
INSERT dbo.catalogo_profesiones(id, profesion) VALUES (169, 'Monje')
INSERT dbo.catalogo_profesiones(id, profesion) VALUES (170, 'Impresor')
INSERT dbo.catalogo_profesiones(id, profesion) VALUES (171, 'Programador')
INSERT dbo.catalogo_profesiones(id, profesion) VALUES (172, 'Desarrollador Web')
INSERT dbo.catalogo_profesiones(id, profesion) VALUES (173, 'Desarrollador de Software')
INSERT dbo.catalogo_profesiones(id, profesion) VALUES (174, 'Tester')
INSERT dbo.catalogo_profesiones(id, profesion) VALUES (175, 'Administrador de Redes')
INSERT dbo.catalogo_profesiones(id, profesion) VALUES (176, 'Ingeniero de Datos')
INSERT dbo.catalogo_profesiones(id, profesion) VALUES (177, 'Científico de Datos')
INSERT dbo.catalogo_profesiones(id, profesion) VALUES (178, 'Analista de Datos')
INSERT dbo.catalogo_profesiones(id, profesion) VALUES (179, 'Consultor')
INSERT dbo.catalogo_profesiones(id, profesion) VALUES (180, 'Consultor de Negocios')
INSERT dbo.catalogo_profesiones(id, profesion) VALUES (181, 'Consultor IT')
INSERT dbo.catalogo_profesiones(id, profesion) VALUES (182, 'Planificador Urbano')
INSERT dbo.catalogo_profesiones(id, profesion) VALUES (183, 'Urbanista')
INSERT dbo.catalogo_profesiones(id, profesion) VALUES (184, 'Supervisor')
INSERT dbo.catalogo_profesiones(id, profesion) VALUES (185, 'Gerente')
INSERT dbo.catalogo_profesiones(id, profesion) VALUES (186, 'Director General')
INSERT dbo.catalogo_profesiones(id, profesion) VALUES (187, 'CEO')
INSERT dbo.catalogo_profesiones(id, profesion) VALUES (188, 'Asistente')
INSERT dbo.catalogo_profesiones(id, profesion) VALUES (189, 'Asistente Administrativo')
INSERT dbo.catalogo_profesiones(id, profesion) VALUES (190, 'Operador de Call Center')
INSERT dbo.catalogo_profesiones(id, profesion) VALUES (191, 'Vendedor')
INSERT dbo.catalogo_profesiones(id, profesion) VALUES (192, 'Representante de Ventas')
INSERT dbo.catalogo_profesiones(id, profesion) VALUES (193, 'Encargado de Almacén')
INSERT dbo.catalogo_profesiones(id, profesion) VALUES (194, 'Despachador')
INSERT dbo.catalogo_profesiones(id, profesion) VALUES (195, 'Recepcionista de Hotel')
INSERT dbo.catalogo_profesiones(id, profesion) VALUES (196, 'Cajero')
INSERT dbo.catalogo_profesiones(id, profesion) VALUES (197, 'Dependiente de Tienda')
INSERT dbo.catalogo_profesiones(id, profesion) VALUES (198, 'Guardia de Seguridad')
INSERT dbo.catalogo_profesiones(id, profesion) VALUES (199, 'Vigilante')
INSERT dbo.catalogo_profesiones(id, profesion) VALUES (200, 'Chofer Particular')
INSERT dbo.catalogo_profesiones(id, profesion) VALUES (201, 'Mensajero Urbano')
INSERT dbo.catalogo_profesiones(id, profesion) VALUES (202, 'Técnico en Refrigeración')
INSERT dbo.catalogo_profesiones(id, profesion) VALUES (203, 'Mecánico de Bicicletas')
INSERT dbo.catalogo_profesiones(id, profesion) VALUES (204, 'Confeccionista')
INSERT dbo.catalogo_profesiones(id, profesion) VALUES (205, 'Albañil')
INSERT dbo.catalogo_profesiones(id, profesion) VALUES (206, 'Obrero')
INSERT dbo.catalogo_profesiones(id, profesion) VALUES (207, 'Portero')
INSERT dbo.catalogo_profesiones(id, profesion) VALUES (208, 'Conserje')
INSERT dbo.catalogo_profesiones(id, profesion) VALUES (209, 'Personal de Limpieza')
INSERT dbo.catalogo_profesiones(id, profesion) VALUES (210, 'Ayudante de Cocina')
INSERT dbo.catalogo_profesiones(id, profesion) VALUES (211, 'Ayudante General')
INSERT dbo.catalogo_profesiones(id, profesion) VALUES (212, 'Estudiante')
INSERT dbo.catalogo_profesiones(id, profesion) VALUES (213, 'Investigador Académico')
INSERT dbo.catalogo_profesiones(id, profesion) VALUES (214, 'Biólogo')
INSERT dbo.catalogo_profesiones(id, profesion) VALUES (215, 'Químico Farmacéutico')
INSERT dbo.catalogo_profesiones(id, profesion) VALUES (216, 'Ingeniero Agrónomo')
INSERT dbo.catalogo_profesiones(id, profesion) VALUES (217, 'Ingeniero Forestal')
INSERT dbo.catalogo_profesiones(id, profesion) VALUES (218, 'Técnico Agrícola')
INSERT dbo.catalogo_profesiones(id, profesion) VALUES (219, 'Operador de Maquinaria Pesada')
INSERT dbo.catalogo_profesiones(id, profesion) VALUES (220, 'Trabajador de Construcción')
INSERT dbo.catalogo_profesiones(id, profesion) VALUES (221, 'Chofer de Camión')
INSERT dbo.catalogo_profesiones(id, profesion) VALUES (222, 'Repartidor de Mercancías')
INSERT dbo.catalogo_profesiones(id, profesion) VALUES (223, 'Cocinero de Comedor')
INSERT dbo.catalogo_profesiones(id, profesion) VALUES (224, 'Guía Turístico')
INSERT dbo.catalogo_profesiones(id, profesion) VALUES (225, 'Agente de Viajes')
INSERT dbo.catalogo_profesiones(id, profesion) VALUES (226, 'Planificador de Eventos')
INSERT dbo.catalogo_profesiones(id, profesion) VALUES (227, 'Organizador de Eventos')
INSERT dbo.catalogo_profesiones(id, profesion) VALUES (228, 'Coordinador de Eventos')
INSERT dbo.catalogo_profesiones(id, profesion) VALUES (229, 'Decorador')
INSERT dbo.catalogo_profesiones(id, profesion) VALUES (230, 'Estilista de Moda')
INSERT dbo.catalogo_profesiones(id, profesion) VALUES (231, 'Especialista en Marketing')
INSERT dbo.catalogo_profesiones(id, profesion) VALUES (232, 'Analista de Marketing')
INSERT dbo.catalogo_profesiones(id, profesion) VALUES (233, 'Gestor Cultural')
INSERT dbo.catalogo_profesiones(id, profesion) VALUES (234, 'Community Manager')
INSERT dbo.catalogo_profesiones(id, profesion) VALUES (235, 'Blogger')
INSERT dbo.catalogo_profesiones(id, profesion) VALUES (236, 'Influencer')
INSERT dbo.catalogo_profesiones(id, profesion) VALUES (237, 'Youtuber')
INSERT dbo.catalogo_profesiones(id, profesion) VALUES (238, 'Podcaster')
INSERT dbo.catalogo_profesiones(id, profesion) VALUES (239, 'Monja')
GO
SET IDENTITY_INSERT dbo.catalogo_profesiones OFF
GO

-- 
-- Dumping data for table catalogo_nacionalidades
--
PRINT (N'Dumping data for table catalogo_nacionalidades')
SET IDENTITY_INSERT dbo.catalogo_nacionalidades ON
GO
INSERT dbo.catalogo_nacionalidades(pk_nacionalidad, nombre, estado, creado_por, fecha_hora_creado, modificado_por, fecha_hora_modificado) VALUES (1, N'HONDUREÑO (A)', 1, 0, '2025-02-28 17:42:43.273', NULL, NULL)
GO
SET IDENTITY_INSERT dbo.catalogo_nacionalidades OFF
GO

-- 
-- Dumping data for table catalogo_escolaridad
--
PRINT (N'Dumping data for table catalogo_escolaridad')
SET IDENTITY_INSERT dbo.catalogo_escolaridad ON
GO
INSERT dbo.catalogo_escolaridad(id, nivel) VALUES (9, 'Postgrado')
INSERT dbo.catalogo_escolaridad(id, nivel) VALUES (3, 'Primaria completa')
INSERT dbo.catalogo_escolaridad(id, nivel) VALUES (2, 'Primaria incompleta')
INSERT dbo.catalogo_escolaridad(id, nivel) VALUES (5, 'Secundaria completa')
INSERT dbo.catalogo_escolaridad(id, nivel) VALUES (4, 'Secundaria incompleta')
INSERT dbo.catalogo_escolaridad(id, nivel) VALUES (1, 'Sin escolaridad')
INSERT dbo.catalogo_escolaridad(id, nivel) VALUES (6, 'Técnico o Tecnológico')
INSERT dbo.catalogo_escolaridad(id, nivel) VALUES (8, 'Universitario completo')
INSERT dbo.catalogo_escolaridad(id, nivel) VALUES (7, 'Universitario incompleto')
GO
SET IDENTITY_INSERT dbo.catalogo_escolaridad OFF
GO

-- 
-- Dumping data for table capacitadores_eliminar_pendiente
--
PRINT (N'Dumping data for table capacitadores_eliminar_pendiente')
SET IDENTITY_INSERT dbo.capacitadores_eliminar_pendiente ON
GO
INSERT dbo.capacitadores_eliminar_pendiente(id, capacitador_id, creado_por, empresa_id, token, estado_pendiente, fecha_solicitud) VALUES (1, 7, 'ASTRID', 1, '3c99d9f5-6048-4085-aa0a-c4e725b474e3', 0, '2025-02-25 20:31:41.360')
INSERT dbo.capacitadores_eliminar_pendiente(id, capacitador_id, creado_por, empresa_id, token, estado_pendiente, fecha_solicitud) VALUES (2, 7, 'ASTRID', 1, '9095b3e9-9719-4c9e-9185-6e1b4e29e7e2', 1, '2025-02-25 20:32:24.293')
GO
SET IDENTITY_INSERT dbo.capacitadores_eliminar_pendiente OFF
GO

-- 
-- Dumping data for table capacitadores
--
PRINT (N'Dumping data for table capacitadores')
SET IDENTITY_INSERT dbo.capacitadores ON
GO
INSERT dbo.capacitadores(id, persona_jrv_id, estado, creado_por, fecha_hora_creado, modificado_por, fecha_hora_modifcado, empresa_id) VALUES (6, 1, 3, 'ASTRID', '2025-02-24 20:48:47.497', 'ASTRID', '2025-02-25 01:39:26.600', 1)
INSERT dbo.capacitadores(id, persona_jrv_id, estado, creado_por, fecha_hora_creado, modificado_por, fecha_hora_modifcado, empresa_id) VALUES (7, 7, 3, 'ASTRID', '2025-02-25 02:08:55.113', 'ASTRID', '2025-02-26 09:16:30.937', 1)
INSERT dbo.capacitadores(id, persona_jrv_id, estado, creado_por, fecha_hora_creado, modificado_por, fecha_hora_modifcado, empresa_id) VALUES (9, 16, 1, 'ASTRID', '2025-02-26 09:37:08.977', NULL, NULL, 0)
INSERT dbo.capacitadores(id, persona_jrv_id, estado, creado_por, fecha_hora_creado, modificado_por, fecha_hora_modifcado, empresa_id) VALUES (10, 22, 1, 'ASTRID', '2025-02-26 23:22:44.870', 'ASTRID', '2025-02-27 00:58:51.790', 0)
INSERT dbo.capacitadores(id, persona_jrv_id, estado, creado_por, fecha_hora_creado, modificado_por, fecha_hora_modifcado, empresa_id) VALUES (11, 24, 1, 'ASTRID', '2025-02-27 09:29:47.787', NULL, NULL, 0)
INSERT dbo.capacitadores(id, persona_jrv_id, estado, creado_por, fecha_hora_creado, modificado_por, fecha_hora_modifcado, empresa_id) VALUES (12, 26, 1, 'ASTRID', '2025-02-27 11:44:05.877', 'ASTRID', '2025-02-27 11:44:21.737', 0)
GO
SET IDENTITY_INSERT dbo.capacitadores OFF
GO

-- 
-- Dumping data for table capacitacion_pendiente
--
PRINT (N'Dumping data for table capacitacion_pendiente')
SET IDENTITY_INSERT dbo.capacitacion_pendiente ON
GO
INSERT dbo.capacitacion_pendiente(id, nombre, fecha, lugar, capacitador_id, overall_progress, estado, creado_por, fecha_hora_creado, modificado_por, fecha_hora_modifcado, empresa_id, token, estado_pendiente, fecha_solicitud) VALUES (3, 'PRUEBA', '2025-02-24 20:01:00.000', 'Choluteca Choluteca', 7, 'prueba', NULL, 'ASTRID', '2025-02-25 17:49:50.940', NULL, NULL, 1, 'ab2bfdff-0664-48a9-af38-e13026d6a7de', 0, '2025-02-25 17:49:50.940')
INSERT dbo.capacitacion_pendiente(id, nombre, fecha, lugar, capacitador_id, overall_progress, estado, creado_por, fecha_hora_creado, modificado_por, fecha_hora_modifcado, empresa_id, token, estado_pendiente, fecha_solicitud) VALUES (4, 'PRUEBA', '2025-02-24 20:01:00.000', 'Choluteca Choluteca', 7, 'prueba', NULL, 'ASTRID', '2025-02-25 17:50:24.950', NULL, NULL, 1, 'b9d28dd2-d285-4111-a841-9daae6c2cfe4', 0, '2025-02-25 17:50:24.950')
INSERT dbo.capacitacion_pendiente(id, nombre, fecha, lugar, capacitador_id, overall_progress, estado, creado_por, fecha_hora_creado, modificado_por, fecha_hora_modifcado, empresa_id, token, estado_pendiente, fecha_solicitud) VALUES (5, 'PRUEBA1', '2025-02-25 20:01:00.000', 'Choluteca Choluteca ', 7, 'PRUEBA', NULL, 'ASTRID', '2025-02-25 17:51:28.207', NULL, NULL, 1, 'b4b97db8-2018-4ced-8d56-57f0af299605', 1, '2025-02-25 17:51:28.207')
INSERT dbo.capacitacion_pendiente(id, nombre, fecha, lugar, capacitador_id, overall_progress, estado, creado_por, fecha_hora_creado, modificado_por, fecha_hora_modifcado, empresa_id, token, estado_pendiente, fecha_solicitud) VALUES (6, 'PRUEBA1', '2025-02-24 20:04:00.000', 'Choluteca Choluteca', 7, 'prueba', NULL, 'ASTRID', '2025-02-25 21:19:50.730', NULL, NULL, 1, 'b0ded141-2852-41e8-86b2-fc87017c1739', 0, '2025-02-25 21:19:50.730')
GO
SET IDENTITY_INSERT dbo.capacitacion_pendiente OFF
GO

-- 
-- Dumping data for table capacitacion_eliminar_pendiente
--
PRINT (N'Dumping data for table capacitacion_eliminar_pendiente')
SET IDENTITY_INSERT dbo.capacitacion_eliminar_pendiente ON
GO
INSERT dbo.capacitacion_eliminar_pendiente(id, capacitacion_id, creado_por, empresa_id, token, estado_pendiente, fecha_solicitud) VALUES (1, 8, 'ASTRID', 1, '96556106-b9f2-4929-bdf2-6414ffb6ae6d', 0, '2025-02-25 19:50:24.797')
INSERT dbo.capacitacion_eliminar_pendiente(id, capacitacion_id, creado_por, empresa_id, token, estado_pendiente, fecha_solicitud) VALUES (2, 8, 'ASTRID', 1, 'c5cfa14b-d232-46ae-baf0-90ba8d4082d7', 0, '2025-02-25 19:52:27.883')
INSERT dbo.capacitacion_eliminar_pendiente(id, capacitacion_id, creado_por, empresa_id, token, estado_pendiente, fecha_solicitud) VALUES (3, 8, 'ASTRID', 1, 'cd9d3371-a2fc-4d90-8630-438d38d32710', 0, '2025-02-25 19:54:07.340')
INSERT dbo.capacitacion_eliminar_pendiente(id, capacitacion_id, creado_por, empresa_id, token, estado_pendiente, fecha_solicitud) VALUES (4, 8, 'ASTRID', 1, 'ae6a3343-28ad-4636-ba02-9c0471d8d504', 0, '2025-02-25 19:54:47.820')
INSERT dbo.capacitacion_eliminar_pendiente(id, capacitacion_id, creado_por, empresa_id, token, estado_pendiente, fecha_solicitud) VALUES (5, 8, 'ASTRID', 1, '9177335a-48f3-4bc7-af57-43569f0da68a', 0, '2025-02-25 19:59:40.010')
INSERT dbo.capacitacion_eliminar_pendiente(id, capacitacion_id, creado_por, empresa_id, token, estado_pendiente, fecha_solicitud) VALUES (6, 9, 'ASTRID', 1, '95437d87-8fde-4235-a0ec-aea3d4be50fa', 0, '2025-02-25 20:03:35.403')
INSERT dbo.capacitacion_eliminar_pendiente(id, capacitacion_id, creado_por, empresa_id, token, estado_pendiente, fecha_solicitud) VALUES (7, 8, 'ASTRID', 1, 'a61bcd81-bcc8-4b4a-bfff-b7c1d9bf6212', 1, '2025-02-25 20:05:48.123')
GO
SET IDENTITY_INSERT dbo.capacitacion_eliminar_pendiente OFF
GO

-- 
-- Dumping data for table capacitacion_copy
--
PRINT (N'Dumping data for table capacitacion_copy')
SET IDENTITY_INSERT dbo.capacitacion_copy ON
GO
INSERT dbo.capacitacion_copy(id, nombre, fecha, lugar, capacitador_id, overall_progress, estado, creado_por, fecha_hora_creado, modificado_por, fecha_hora_modifcado, empresa_id) VALUES (4, 'PRUEBA1', '2025-02-24 14:49:00.000', 'Choluteca Choluteca', 6, 'prueba', 3, 'ASTRID', '2025-02-24 20:49:25.620', 'ASTRID', '2025-02-24 21:31:37.370', 1)
INSERT dbo.capacitacion_copy(id, nombre, fecha, lugar, capacitador_id, overall_progress, estado, creado_por, fecha_hora_creado, modificado_por, fecha_hora_modifcado, empresa_id) VALUES (5, 'Reik', '2025-02-24 15:42:00.000', 'Choluteca Choluteca', 6, 'prueba', 3, 'ASTRID', '2025-02-24 21:43:11.373', 'ASTRID', '2025-02-24 21:43:40.970', 1)
INSERT dbo.capacitacion_copy(id, nombre, fecha, lugar, capacitador_id, overall_progress, estado, creado_por, fecha_hora_creado, modificado_por, fecha_hora_modifcado, empresa_id) VALUES (6, 'Reik', '2025-02-24 15:42:00.000', 'Choluteca Choluteca', 6, 'prueba', 3, 'ASTRID', '2025-02-24 21:43:21.047', 'ASTRID', '2025-02-25 02:04:41.033', 1)
INSERT dbo.capacitacion_copy(id, nombre, fecha, lugar, capacitador_id, overall_progress, estado, creado_por, fecha_hora_creado, modificado_por, fecha_hora_modifcado, empresa_id) VALUES (7, 'Ayari Hernandez', '2025-02-24 19:56:00.000', 'Choluteca Choluteca', 6, 'PRUEBA', 3, 'ASTRID', '2025-02-25 01:56:39.233', 'ASTRID', '2025-02-25 01:57:58.807', 1)
INSERT dbo.capacitacion_copy(id, nombre, fecha, lugar, capacitador_id, overall_progress, estado, creado_por, fecha_hora_creado, modificado_por, fecha_hora_modifcado, empresa_id) VALUES (8, 'PRUEBA', '2025-02-24 20:01:00.000', 'Choluteca Choluteca', 6, 'prueba', 3, 'ASTRID', '2025-02-25 02:01:43.080', NULL, '2025-02-25 20:06:01.080', 1)
INSERT dbo.capacitacion_copy(id, nombre, fecha, lugar, capacitador_id, overall_progress, estado, creado_por, fecha_hora_creado, modificado_por, fecha_hora_modifcado, empresa_id) VALUES (9, 'PRUEBA1', '2025-02-24 20:04:00.000', 'Choluteca Choluteca', 6, 'prueba', 3, 'ASTRID', '2025-02-25 02:04:21.410', 'ASTRID', '2025-02-26 00:13:31.293', 1)
INSERT dbo.capacitacion_copy(id, nombre, fecha, lugar, capacitador_id, overall_progress, estado, creado_por, fecha_hora_creado, modificado_por, fecha_hora_modifcado, empresa_id) VALUES (10, 'PRUEBA1', '2025-02-25 20:01:00.000', 'Choluteca Choluteca ', 7, 'PRUEBA', NULL, 'ASTRID', '2025-02-25 17:56:07.653', NULL, '2025-02-25 17:59:52.650', 1)
INSERT dbo.capacitacion_copy(id, nombre, fecha, lugar, capacitador_id, overall_progress, estado, creado_por, fecha_hora_creado, modificado_por, fecha_hora_modifcado, empresa_id) VALUES (11, 'PRUEBA1', '2025-02-25 16:22:00.000', 'CHOLUTECA', 6, '', 3, 'ASTRID', '2025-02-25 22:22:26.430', 'ASTRID', '2025-02-25 22:23:17.643', 0)
INSERT dbo.capacitacion_copy(id, nombre, fecha, lugar, capacitador_id, overall_progress, estado, creado_por, fecha_hora_creado, modificado_por, fecha_hora_modifcado, empresa_id) VALUES (12, 'PRUEBA', '2025-02-25 18:13:00.000', 'Choluteca Choluteca', 6, 'PRUEBA', 3, 'ASTRID', '2025-02-26 00:13:54.360', NULL, '2025-02-26 00:17:46.867', 0)
INSERT dbo.capacitacion_copy(id, nombre, fecha, lugar, capacitador_id, overall_progress, estado, creado_por, fecha_hora_creado, modificado_por, fecha_hora_modifcado, empresa_id) VALUES (13, 'PRUEBA1 m 3', '2025-02-24 18:17:00.000', 'Choluteca Choluteca j3', 6, 'PRUEBA', 3, 'ASTRID', '2025-02-26 00:18:05.837', NULL, '2025-02-26 00:27:39.180', 1)
INSERT dbo.capacitacion_copy(id, nombre, fecha, lugar, capacitador_id, overall_progress, estado, creado_por, fecha_hora_creado, modificado_por, fecha_hora_modifcado, empresa_id) VALUES (14, 'PRUEBA 5', '2025-02-25 18:29:00.000', 'Choluteca Choluteca', 6, 'PRUEBA', 3, 'ASTRID', '2025-02-26 00:29:50.570', 'ASTRID', '2025-02-26 00:30:23.010', 0)
INSERT dbo.capacitacion_copy(id, nombre, fecha, lugar, capacitador_id, overall_progress, estado, creado_por, fecha_hora_creado, modificado_por, fecha_hora_modifcado, empresa_id) VALUES (15, 'PRUEBA', '2025-02-25 18:30:00.000', 'Choluteca Choluteca', 7, 'PRUEBA', 3, 'ASTRID', '2025-02-26 00:30:37.527', 'ASTRID', '2025-02-26 23:24:59.360', 0)
INSERT dbo.capacitacion_copy(id, nombre, fecha, lugar, capacitador_id, overall_progress, estado, creado_por, fecha_hora_creado, modificado_por, fecha_hora_modifcado, empresa_id) VALUES (16, 'PRUEBA 4', '2025-02-26 17:23:00.000', 'Choluteca Choluteca', 10, 'Ninguno', 3, 'ASTRID', '2025-02-26 23:23:38.077', 'ASTRID', '2025-02-27 11:44:35.540', 0)
INSERT dbo.capacitacion_copy(id, nombre, fecha, lugar, capacitador_id, overall_progress, estado, creado_por, fecha_hora_creado, modificado_por, fecha_hora_modifcado, empresa_id) VALUES (17, 'CAPACITACION DE PRUEBA', '2025-02-27 05:44:00.000', 'Choluteca Choluteca', 12, 'PRUEBA', 1, 'ASTRID', '2025-02-27 11:44:52.673', NULL, NULL, 0)
INSERT dbo.capacitacion_copy(id, nombre, fecha, lugar, capacitador_id, overall_progress, estado, creado_por, fecha_hora_creado, modificado_por, fecha_hora_modifcado, empresa_id) VALUES (18, 'PRUEBA1', '2025-03-03 06:00:00.000', 'CHOLUTECA CHOLUTECA', 6, 'PRUEBA', 1, 'ASTRID', '2025-03-03 06:00:29.873', NULL, NULL, 0)
GO
SET IDENTITY_INSERT dbo.capacitacion_copy OFF
GO

-- 
-- Dumping data for table capacitacion
--
PRINT (N'Dumping data for table capacitacion')
SET IDENTITY_INSERT dbo.capacitacion ON
GO
INSERT dbo.capacitacion(id, nombre, fecha, lugar, id_miembro_capacitador, overall_progress, estado, creado_por, fecha_hora_creado, modificado_por, fecha_hora_modifcado, empresa_id, fk_eleccion_id) VALUES (4, 'PRUEBA1', '2025-02-24 14:49:00.000', 'Choluteca Choluteca', 6, 'prueba', 3, 'ASTRID', '2025-02-24 20:49:25.620', 'ASTRID', '2025-02-24 21:31:37.370', 1, NULL)
INSERT dbo.capacitacion(id, nombre, fecha, lugar, id_miembro_capacitador, overall_progress, estado, creado_por, fecha_hora_creado, modificado_por, fecha_hora_modifcado, empresa_id, fk_eleccion_id) VALUES (5, 'Reik', '2025-02-24 15:42:00.000', 'Choluteca Choluteca', 6, 'prueba', 3, 'ASTRID', '2025-02-24 21:43:11.373', 'ASTRID', '2025-02-24 21:43:40.970', 1, NULL)
INSERT dbo.capacitacion(id, nombre, fecha, lugar, id_miembro_capacitador, overall_progress, estado, creado_por, fecha_hora_creado, modificado_por, fecha_hora_modifcado, empresa_id, fk_eleccion_id) VALUES (6, 'Reik', '2025-02-24 15:42:00.000', 'Choluteca Choluteca', 6, 'prueba', 3, 'ASTRID', '2025-02-24 21:43:21.047', 'ASTRID', '2025-02-25 02:04:41.033', 1, NULL)
INSERT dbo.capacitacion(id, nombre, fecha, lugar, id_miembro_capacitador, overall_progress, estado, creado_por, fecha_hora_creado, modificado_por, fecha_hora_modifcado, empresa_id, fk_eleccion_id) VALUES (7, 'Ayari Hernandez', '2025-02-24 19:56:00.000', 'Choluteca Choluteca', 6, 'PRUEBA', 3, 'ASTRID', '2025-02-25 01:56:39.233', 'ASTRID', '2025-02-25 01:57:58.807', 1, NULL)
INSERT dbo.capacitacion(id, nombre, fecha, lugar, id_miembro_capacitador, overall_progress, estado, creado_por, fecha_hora_creado, modificado_por, fecha_hora_modifcado, empresa_id, fk_eleccion_id) VALUES (8, 'PRUEBA', '2025-02-24 20:01:00.000', 'Choluteca Choluteca', 6, 'prueba', 3, 'ASTRID', '2025-02-25 02:01:43.080', NULL, '2025-02-25 20:06:01.080', 1, NULL)
INSERT dbo.capacitacion(id, nombre, fecha, lugar, id_miembro_capacitador, overall_progress, estado, creado_por, fecha_hora_creado, modificado_por, fecha_hora_modifcado, empresa_id, fk_eleccion_id) VALUES (9, 'PRUEBA1', '2025-02-24 20:04:00.000', 'Choluteca Choluteca', 6, 'prueba', 3, 'ASTRID', '2025-02-25 02:04:21.410', 'ASTRID', '2025-02-26 00:13:31.293', 1, NULL)
INSERT dbo.capacitacion(id, nombre, fecha, lugar, id_miembro_capacitador, overall_progress, estado, creado_por, fecha_hora_creado, modificado_por, fecha_hora_modifcado, empresa_id, fk_eleccion_id) VALUES (10, 'PRUEBA1', '2025-02-25 20:01:00.000', 'Choluteca Choluteca ', 7, 'PRUEBA', NULL, 'ASTRID', '2025-02-25 17:56:07.653', NULL, '2025-02-25 17:59:52.650', 1, NULL)
INSERT dbo.capacitacion(id, nombre, fecha, lugar, id_miembro_capacitador, overall_progress, estado, creado_por, fecha_hora_creado, modificado_por, fecha_hora_modifcado, empresa_id, fk_eleccion_id) VALUES (11, 'PRUEBA1', '2025-02-25 16:22:00.000', 'CHOLUTECA', 6, '', 3, 'ASTRID', '2025-02-25 22:22:26.430', 'ASTRID', '2025-02-25 22:23:17.643', 0, NULL)
INSERT dbo.capacitacion(id, nombre, fecha, lugar, id_miembro_capacitador, overall_progress, estado, creado_por, fecha_hora_creado, modificado_por, fecha_hora_modifcado, empresa_id, fk_eleccion_id) VALUES (12, 'PRUEBA', '2025-02-25 18:13:00.000', 'Choluteca Choluteca', 6, 'PRUEBA', 3, 'ASTRID', '2025-02-26 00:13:54.360', NULL, '2025-02-26 00:17:46.867', 0, NULL)
INSERT dbo.capacitacion(id, nombre, fecha, lugar, id_miembro_capacitador, overall_progress, estado, creado_por, fecha_hora_creado, modificado_por, fecha_hora_modifcado, empresa_id, fk_eleccion_id) VALUES (13, 'PRUEBA1 m 3', '2025-02-24 18:17:00.000', 'Choluteca Choluteca j3', 6, 'PRUEBA', 3, 'ASTRID', '2025-02-26 00:18:05.837', NULL, '2025-02-26 00:27:39.180', 1, NULL)
INSERT dbo.capacitacion(id, nombre, fecha, lugar, id_miembro_capacitador, overall_progress, estado, creado_por, fecha_hora_creado, modificado_por, fecha_hora_modifcado, empresa_id, fk_eleccion_id) VALUES (14, 'PRUEBA 5', '2025-02-25 18:29:00.000', 'Choluteca Choluteca', 6, 'PRUEBA', 3, 'ASTRID', '2025-02-26 00:29:50.570', 'ASTRID', '2025-02-26 00:30:23.010', 0, NULL)
INSERT dbo.capacitacion(id, nombre, fecha, lugar, id_miembro_capacitador, overall_progress, estado, creado_por, fecha_hora_creado, modificado_por, fecha_hora_modifcado, empresa_id, fk_eleccion_id) VALUES (15, 'PRUEBA', '2025-02-25 18:30:00.000', 'Choluteca Choluteca', 7, 'PRUEBA', 3, 'ASTRID', '2025-02-26 00:30:37.527', 'ASTRID', '2025-02-26 23:24:59.360', 0, NULL)
INSERT dbo.capacitacion(id, nombre, fecha, lugar, id_miembro_capacitador, overall_progress, estado, creado_por, fecha_hora_creado, modificado_por, fecha_hora_modifcado, empresa_id, fk_eleccion_id) VALUES (16, 'PRUEBA 4', '2025-02-26 17:23:00.000', 'Choluteca Choluteca', 10, 'Ninguno', 3, 'ASTRID', '2025-02-26 23:23:38.077', 'ASTRID', '2025-02-27 11:44:35.540', 0, NULL)
INSERT dbo.capacitacion(id, nombre, fecha, lugar, id_miembro_capacitador, overall_progress, estado, creado_por, fecha_hora_creado, modificado_por, fecha_hora_modifcado, empresa_id, fk_eleccion_id) VALUES (17, 'CAPACITACION DE PRUEBA3', '2025-02-27 05:44:00.000', '2025-03-04 19:37:00', 0, 'PRUEBA', 0, 'ASTRID', '2025-02-27 11:44:52.673', 'ASTRID', '2025-03-04 19:37:43.843', 0, NULL)
INSERT dbo.capacitacion(id, nombre, fecha, lugar, id_miembro_capacitador, overall_progress, estado, creado_por, fecha_hora_creado, modificado_por, fecha_hora_modifcado, empresa_id, fk_eleccion_id) VALUES (18, 'PRUEBA1', '2025-03-03 06:00:00.000', 'CHOLUTECA CHOLUTECA', 6, 'PRUEBA', 1, 'ASTRID', '2025-03-03 06:00:29.873', NULL, NULL, 0, NULL)
GO
SET IDENTITY_INSERT dbo.capacitacion OFF
GO

-- 
-- Dumping data for table candidatos_tipo
--
PRINT (N'Dumping data for table candidatos_tipo')
SET IDENTITY_INSERT dbo.candidatos_tipo ON
GO
INSERT dbo.candidatos_tipo(pk_tipo, nombre, pk_region_tipo, pk_tipo_mayor, estado, creado_por, fecha_hora_creado, modificado_por, fecha_hora_modificado) VALUES (1, N'PRESIDENTE', 1, 0, 1, 0, '2025-02-28 17:42:43.207', NULL, NULL)
INSERT dbo.candidatos_tipo(pk_tipo, nombre, pk_region_tipo, pk_tipo_mayor, estado, creado_por, fecha_hora_creado, modificado_por, fecha_hora_modificado) VALUES (2, N'DIPUTADO', 2, 0, 1, 0, '2025-02-28 17:42:43.210', NULL, NULL)
INSERT dbo.candidatos_tipo(pk_tipo, nombre, pk_region_tipo, pk_tipo_mayor, estado, creado_por, fecha_hora_creado, modificado_por, fecha_hora_modificado) VALUES (3, N'DIPUTADO SUPLENTE', 2, 2, 1, 0, '2025-02-28 17:42:43.210', NULL, NULL)
INSERT dbo.candidatos_tipo(pk_tipo, nombre, pk_region_tipo, pk_tipo_mayor, estado, creado_por, fecha_hora_creado, modificado_por, fecha_hora_modificado) VALUES (4, N'ALCALDE', 3, 0, 1, 0, '2025-02-28 17:42:43.210', NULL, NULL)
INSERT dbo.candidatos_tipo(pk_tipo, nombre, pk_region_tipo, pk_tipo_mayor, estado, creado_por, fecha_hora_creado, modificado_por, fecha_hora_modificado) VALUES (5, N'VICEALCALDE', 3, 4, 1, 0, '2025-02-28 17:42:43.213', NULL, NULL)
INSERT dbo.candidatos_tipo(pk_tipo, nombre, pk_region_tipo, pk_tipo_mayor, estado, creado_por, fecha_hora_creado, modificado_por, fecha_hora_modificado) VALUES (6, N'REGIDOR', 3, 4, 1, 0, '2025-02-28 17:42:43.213', NULL, NULL)
INSERT dbo.candidatos_tipo(pk_tipo, nombre, pk_region_tipo, pk_tipo_mayor, estado, creado_por, fecha_hora_creado, modificado_por, fecha_hora_modificado) VALUES (7, N'DESIGNADO PRESIDENCIAL', 1, 1, 1, 0, '2025-03-05 15:32:14.740', NULL, NULL)
GO
SET IDENTITY_INSERT dbo.candidatos_tipo OFF
GO

-- 
-- Dumping data for table candidatos
--
PRINT (N'Dumping data for table candidatos')
SET IDENTITY_INSERT dbo.candidatos ON
GO
INSERT dbo.candidatos(pk_candidato, pk_movimiento, pk_eleccion_proceso, pk_region, pk_tipo, pk_candidato_mayor, pk_sexo, pk_nacionalidad, nombres, apellidos, direccion, telefono, celular, email, identidad, rtn, fecha_nacimiento, casilla, url_foto_papeleta, url_foto_perfil, url_foto_identidad_anverso, url_foto_identidad_reverso, url_archivo_adicional, estado, creado_por, fecha_hora_creado, modificado_por, fecha_hora_modificado) VALUES (1, 1, 1, 1, 1, 0, 1, 1, N'JORGE LUIS', N'CALIX ESPINAL', N' ', N'', N'                    ', N'', N'                    ', N'', '1900-01-01', 1, N'/media/VOTACIONES/candidatos/foto_papeleta_1741297866.jpeg', NULL, NULL, NULL, NULL, 1, 'ROBERTO', '2025-03-04 14:46:18.643', '4', '2025-03-06 15:51:07.740')
INSERT dbo.candidatos(pk_candidato, pk_movimiento, pk_eleccion_proceso, pk_region, pk_tipo, pk_candidato_mayor, pk_sexo, pk_nacionalidad, nombres, apellidos, direccion, telefono, celular, email, identidad, rtn, fecha_nacimiento, casilla, url_foto_papeleta, url_foto_perfil, url_foto_identidad_anverso, url_foto_identidad_reverso, url_archivo_adicional, estado, creado_por, fecha_hora_creado, modificado_por, fecha_hora_modificado) VALUES (2, 2, 1, 1, 1, NULL, 1, 1, N'LUIS ORLANDO', N'MEDRANO ZELAYA', NULL, NULL, NULL, NULL, NULL, NULL, NULL, 2, NULL, NULL, NULL, NULL, NULL, 1, 'ROBERTO', '2025-03-04 14:46:18.643', NULL, NULL)
INSERT dbo.candidatos(pk_candidato, pk_movimiento, pk_eleccion_proceso, pk_region, pk_tipo, pk_candidato_mayor, pk_sexo, pk_nacionalidad, nombres, apellidos, direccion, telefono, celular, email, identidad, rtn, fecha_nacimiento, casilla, url_foto_papeleta, url_foto_perfil, url_foto_identidad_anverso, url_foto_identidad_reverso, url_archivo_adicional, estado, creado_por, fecha_hora_creado, modificado_por, fecha_hora_modificado) VALUES (3, 3, 1, 1, 1, NULL, 1, 1, N'SALVADOR ALEJANDRO CESAR', N'NASRALLA SALUM', NULL, NULL, NULL, NULL, NULL, NULL, NULL, 3, NULL, NULL, NULL, NULL, NULL, 1, 'ROBERTO', '2025-03-04 14:46:18.643', NULL, NULL)
INSERT dbo.candidatos(pk_candidato, pk_movimiento, pk_eleccion_proceso, pk_region, pk_tipo, pk_candidato_mayor, pk_sexo, pk_nacionalidad, nombres, apellidos, direccion, telefono, celular, email, identidad, rtn, fecha_nacimiento, casilla, url_foto_papeleta, url_foto_perfil, url_foto_identidad_anverso, url_foto_identidad_reverso, url_archivo_adicional, estado, creado_por, fecha_hora_creado, modificado_por, fecha_hora_modificado) VALUES (4, 4, 1, 1, 1, NULL, 1, 1, N'MARIBEL', N'ESPINOZA TURCIO', NULL, NULL, NULL, NULL, NULL, NULL, NULL, 4, NULL, NULL, NULL, NULL, NULL, 1, 'ROBERTO', '2025-03-04 14:46:18.643', NULL, NULL)
INSERT dbo.candidatos(pk_candidato, pk_movimiento, pk_eleccion_proceso, pk_region, pk_tipo, pk_candidato_mayor, pk_sexo, pk_nacionalidad, nombres, apellidos, direccion, telefono, celular, email, identidad, rtn, fecha_nacimiento, casilla, url_foto_papeleta, url_foto_perfil, url_foto_identidad_anverso, url_foto_identidad_reverso, url_archivo_adicional, estado, creado_por, fecha_hora_creado, modificado_por, fecha_hora_modificado) VALUES (5, 1, 1, 7, 2, 0, 1, 1, N'RAMON ERNESTO', N'BENITEZ CRUZ', N'X', N'', N'0000000000', N'', N'11111111111111', N'', '1900-01-01', 1, N'/media/VOTACIONES/candidatos/foto_papeleta_1741190403.PNG', N'/media/VOTACIONES/candidatos/foto_perfil_1741190403.PNG', NULL, NULL, NULL, 1, 'ROBERTO', '2025-03-04 14:46:18.643', '10', '2025-03-05 10:00:03.433')
INSERT dbo.candidatos(pk_candidato, pk_movimiento, pk_eleccion_proceso, pk_region, pk_tipo, pk_candidato_mayor, pk_sexo, pk_nacionalidad, nombres, apellidos, direccion, telefono, celular, email, identidad, rtn, fecha_nacimiento, casilla, url_foto_papeleta, url_foto_perfil, url_foto_identidad_anverso, url_foto_identidad_reverso, url_archivo_adicional, estado, creado_por, fecha_hora_creado, modificado_por, fecha_hora_modificado) VALUES (6, 1, 1, 7, 2, 0, 1, 1, N'SUANY BETZABE', N'AMADOR BONILLA', N'X', N'x', N'1111111111', N'', N'111111111111111', N'', '1900-01-01', 2, N'/media/VOTACIONES/candidatos/foto_papeleta_1741190704.PNG', N'/media/VOTACIONES/candidatos/foto_perfil_1741190704.PNG', NULL, NULL, NULL, 1, 'ROBERTO', '2025-03-04 14:46:18.643', '10', '2025-03-05 10:05:04.760')
INSERT dbo.candidatos(pk_candidato, pk_movimiento, pk_eleccion_proceso, pk_region, pk_tipo, pk_candidato_mayor, pk_sexo, pk_nacionalidad, nombres, apellidos, direccion, telefono, celular, email, identidad, rtn, fecha_nacimiento, casilla, url_foto_papeleta, url_foto_perfil, url_foto_identidad_anverso, url_foto_identidad_reverso, url_archivo_adicional, estado, creado_por, fecha_hora_creado, modificado_por, fecha_hora_modificado) VALUES (7, 1, 1, 7, 2, 0, 1, 1, N'NARDIN FABRICIO', N'GALO RUEDA', N'X', N'', N'99335677', N'', N'0601198203284', N'', '1900-01-01', 3, N'/media/VOTACIONES/candidatos/foto_papeleta_1741191536.PNG', N'/media/VOTACIONES/candidatos/foto_perfil_1741191536.PNG', NULL, NULL, NULL, 1, 'ROBERTO', '2025-03-04 14:46:18.643', '10', '2025-03-05 10:18:57.093')
INSERT dbo.candidatos(pk_candidato, pk_movimiento, pk_eleccion_proceso, pk_region, pk_tipo, pk_candidato_mayor, pk_sexo, pk_nacionalidad, nombres, apellidos, direccion, telefono, celular, email, identidad, rtn, fecha_nacimiento, casilla, url_foto_papeleta, url_foto_perfil, url_foto_identidad_anverso, url_foto_identidad_reverso, url_archivo_adicional, estado, creado_por, fecha_hora_creado, modificado_por, fecha_hora_modificado) VALUES (8, 1, 1, 7, 2, 0, 1, 1, N'GLENDA GISSELLE', N'GALO AGUIRRRE', N'.......', N'.......', N'..........', N'', N'................', N'', '1900-01-01', 4, N'/media/VOTACIONES/candidatos/foto_papeleta_1741191811.PNG', N'/media/VOTACIONES/candidatos/foto_perfil_1741191811.PNG', NULL, NULL, NULL, 1, 'ROBERTO', '2025-03-04 14:46:18.643', '10', '2025-03-05 10:23:32.073')
INSERT dbo.candidatos(pk_candidato, pk_movimiento, pk_eleccion_proceso, pk_region, pk_tipo, pk_candidato_mayor, pk_sexo, pk_nacionalidad, nombres, apellidos, direccion, telefono, celular, email, identidad, rtn, fecha_nacimiento, casilla, url_foto_papeleta, url_foto_perfil, url_foto_identidad_anverso, url_foto_identidad_reverso, url_archivo_adicional, estado, creado_por, fecha_hora_creado, modificado_por, fecha_hora_modificado) VALUES (9, 1, 1, 7, 2, 0, 1, 1, N'URY GUSTAVO', N'VELASQUE GALEA', N'......................................', N'.................', N'....................', N'', N'....................', N'', '1900-01-01', 5, N'/media/VOTACIONES/candidatos/foto_papeleta_1741192018.PNG', N'/media/VOTACIONES/candidatos/foto_perfil_1741192018.PNG', NULL, NULL, NULL, 1, 'ROBERTO', '2025-03-04 14:46:18.643', '10', '2025-03-05 10:26:58.753')
INSERT dbo.candidatos(pk_candidato, pk_movimiento, pk_eleccion_proceso, pk_region, pk_tipo, pk_candidato_mayor, pk_sexo, pk_nacionalidad, nombres, apellidos, direccion, telefono, celular, email, identidad, rtn, fecha_nacimiento, casilla, url_foto_papeleta, url_foto_perfil, url_foto_identidad_anverso, url_foto_identidad_reverso, url_archivo_adicional, estado, creado_por, fecha_hora_creado, modificado_por, fecha_hora_modificado) VALUES (10, 1, 1, 7, 2, 0, 1, 1, N'MARIA TERESA', N'BAQUEDANO VALLADARES', N'..........................', N'....................', N'....................', N'', N'2222222222222222', N'', '1900-01-01', 6, N'/media/VOTACIONES/candidatos/foto_papeleta_1741192214.PNG', N'/media/VOTACIONES/candidatos/foto_perfil_1741192214.PNG', NULL, NULL, NULL, 1, 'ROBERTO', '2025-03-04 14:46:18.643', '10', '2025-03-05 10:30:14.770')
INSERT dbo.candidatos(pk_candidato, pk_movimiento, pk_eleccion_proceso, pk_region, pk_tipo, pk_candidato_mayor, pk_sexo, pk_nacionalidad, nombres, apellidos, direccion, telefono, celular, email, identidad, rtn, fecha_nacimiento, casilla, url_foto_papeleta, url_foto_perfil, url_foto_identidad_anverso, url_foto_identidad_reverso, url_archivo_adicional, estado, creado_por, fecha_hora_creado, modificado_por, fecha_hora_modificado) VALUES (11, 1, 1, 7, 2, 0, 1, 1, N'JUAN ALBERTO', N'GUILLEN LAZO', N'XXXXXXXXXXXXXXXXXXXX', N'333333333333333', N'33333333333333333', N'', N'xxxxxxxxxxxxxxxxxxxx', N'', '1900-01-01', 7, N'/media/VOTACIONES/candidatos/foto_papeleta_1741192449.PNG', N'/media/VOTACIONES/candidatos/foto_perfil_1741192449.PNG', NULL, NULL, NULL, 1, 'ROBERTO', '2025-03-04 14:46:18.643', '10', '2025-03-05 10:34:09.710')
INSERT dbo.candidatos(pk_candidato, pk_movimiento, pk_eleccion_proceso, pk_region, pk_tipo, pk_candidato_mayor, pk_sexo, pk_nacionalidad, nombres, apellidos, direccion, telefono, celular, email, identidad, rtn, fecha_nacimiento, casilla, url_foto_papeleta, url_foto_perfil, url_foto_identidad_anverso, url_foto_identidad_reverso, url_archivo_adicional, estado, creado_por, fecha_hora_creado, modificado_por, fecha_hora_modificado) VALUES (12, 1, 1, 7, 2, NULL, 1, 1, N'GERI MICHELL', N'GALEAS FORTIN', NULL, NULL, NULL, NULL, NULL, NULL, NULL, 8, NULL, NULL, NULL, NULL, NULL, 1, 'ROBERTO', '2025-03-04 14:46:18.643', NULL, NULL)
INSERT dbo.candidatos(pk_candidato, pk_movimiento, pk_eleccion_proceso, pk_region, pk_tipo, pk_candidato_mayor, pk_sexo, pk_nacionalidad, nombres, apellidos, direccion, telefono, celular, email, identidad, rtn, fecha_nacimiento, casilla, url_foto_papeleta, url_foto_perfil, url_foto_identidad_anverso, url_foto_identidad_reverso, url_archivo_adicional, estado, creado_por, fecha_hora_creado, modificado_por, fecha_hora_modificado) VALUES (13, 1, 1, 7, 2, 0, 1, 1, N'EVER JAVIER', N'PEREZ MUCHOS', N'55555555555555555555', N'xxxxxxxxxxxxxxxxxxxx', N'xxxxxxxxxxxxxxxxxxxx', N'', N'iiiiiiiiiiiiiiiiiiii', N'', '1900-01-01', 9, N'/media/VOTACIONES/candidatos/foto_papeleta_1741193562.PNG', N'/media/VOTACIONES/candidatos/foto_perfil_1741193562.PNG', NULL, NULL, NULL, 1, 'ROBERTO', '2025-03-04 14:46:18.643', '10', '2025-03-05 10:52:42.250')
INSERT dbo.candidatos(pk_candidato, pk_movimiento, pk_eleccion_proceso, pk_region, pk_tipo, pk_candidato_mayor, pk_sexo, pk_nacionalidad, nombres, apellidos, direccion, telefono, celular, email, identidad, rtn, fecha_nacimiento, casilla, url_foto_papeleta, url_foto_perfil, url_foto_identidad_anverso, url_foto_identidad_reverso, url_archivo_adicional, estado, creado_por, fecha_hora_creado, modificado_por, fecha_hora_modificado) VALUES (14, 2, 1, 7, 2, 0, 1, 1, N'ERNESTO SALOMON', N'LEDEZMA DAVILA  ', N'111111111111111111111111111111', N'!!!!!!!!!!!!!!!!!!!!', N'!!!!!!!!!!!!!!!!!!!!', N'', N'00000000000000000000', N'', '1900-01-01', 10, N'/media/VOTACIONES/candidatos/foto_papeleta_1741195467.PNG', N'/media/VOTACIONES/candidatos/foto_perfil_1741195467.PNG', NULL, NULL, NULL, 1, 'ROBERTO', '2025-03-04 14:46:18.643', '10', '2025-03-05 11:24:28.070')
INSERT dbo.candidatos(pk_candidato, pk_movimiento, pk_eleccion_proceso, pk_region, pk_tipo, pk_candidato_mayor, pk_sexo, pk_nacionalidad, nombres, apellidos, direccion, telefono, celular, email, identidad, rtn, fecha_nacimiento, casilla, url_foto_papeleta, url_foto_perfil, url_foto_identidad_anverso, url_foto_identidad_reverso, url_archivo_adicional, estado, creado_por, fecha_hora_creado, modificado_por, fecha_hora_modificado) VALUES (15, 2, 1, 7, 2, 0, 1, 1, N'SARA SOFIA', N'FERGUNSON RODRIGUEZ', N'-------------------------------------', N'********************', N'--------------------', N'', N'""""""""""""""""""""', N'', '1900-01-01', 11, N'/media/VOTACIONES/candidatos/foto_papeleta_1741195619.PNG', N'/media/VOTACIONES/candidatos/foto_perfil_1741195619.PNG', NULL, NULL, NULL, 1, 'ROBERTO', '2025-03-04 14:46:18.643', '10', '2025-03-05 11:26:59.403')
INSERT dbo.candidatos(pk_candidato, pk_movimiento, pk_eleccion_proceso, pk_region, pk_tipo, pk_candidato_mayor, pk_sexo, pk_nacionalidad, nombres, apellidos, direccion, telefono, celular, email, identidad, rtn, fecha_nacimiento, casilla, url_foto_papeleta, url_foto_perfil, url_foto_identidad_anverso, url_foto_identidad_reverso, url_archivo_adicional, estado, creado_por, fecha_hora_creado, modificado_por, fecha_hora_modificado) VALUES (16, 2, 1, 7, 2, 0, 1, 1, N'JUAN RAMON', N'MARADIAGA ZUNIGA', N'ZZZZZZZZZZZZZZZZZZZZZZZZZZZZZZZZZZ', N'zzzzzzzzzzzzzzzzzzzz', N'zzzzzzzzzzzzzzzzzzzz', N'', N'zzzzzzzzzzzzzzzzzzzz', N'', '1900-01-01', 12, N'/media/VOTACIONES/candidatos/foto_papeleta_1741195802.PNG', N'/media/VOTACIONES/candidatos/foto_perfil_1741195802.PNG', NULL, NULL, NULL, 1, 'ROBERTO', '2025-03-04 14:46:18.643', '10', '2025-03-05 11:30:02.923')
INSERT dbo.candidatos(pk_candidato, pk_movimiento, pk_eleccion_proceso, pk_region, pk_tipo, pk_candidato_mayor, pk_sexo, pk_nacionalidad, nombres, apellidos, direccion, telefono, celular, email, identidad, rtn, fecha_nacimiento, casilla, url_foto_papeleta, url_foto_perfil, url_foto_identidad_anverso, url_foto_identidad_reverso, url_archivo_adicional, estado, creado_por, fecha_hora_creado, modificado_por, fecha_hora_modificado) VALUES (17, 2, 1, 7, 2, 0, 1, 1, N'TANIA GABRIELA', N'HERNANDEZ MARADIAGA', N'LLLLLLLLLLLLLLLLLLLLLLLLLLLLLLLLLLLLLLLLLL', N'llllllllllllllllllll', N'llllllllllllllllllll', N'', N'llllllllllllllllllll', N'', '1900-01-01', 13, N'/media/VOTACIONES/candidatos/foto_papeleta_1741195962.PNG', N'/media/VOTACIONES/candidatos/foto_perfil_1741195962.PNG', NULL, NULL, NULL, 1, 'ROBERTO', '2025-03-04 14:46:18.643', '10', '2025-03-05 11:32:42.813')
INSERT dbo.candidatos(pk_candidato, pk_movimiento, pk_eleccion_proceso, pk_region, pk_tipo, pk_candidato_mayor, pk_sexo, pk_nacionalidad, nombres, apellidos, direccion, telefono, celular, email, identidad, rtn, fecha_nacimiento, casilla, url_foto_papeleta, url_foto_perfil, url_foto_identidad_anverso, url_foto_identidad_reverso, url_archivo_adicional, estado, creado_por, fecha_hora_creado, modificado_por, fecha_hora_modificado) VALUES (18, 2, 1, 7, 2, 0, 1, 1, N'ROBIN ABRAHAN', N'HUETE ZELAYA', N'########################', N'####################', N'####################', N'', N'####################', N'', '1900-01-01', 14, N'/media/VOTACIONES/candidatos/foto_papeleta_1741196155.PNG', N'/media/VOTACIONES/candidatos/foto_perfil_1741196155.PNG', NULL, NULL, NULL, 1, 'ROBERTO', '2025-03-04 14:46:18.643', '10', '2025-03-05 11:35:55.847')
INSERT dbo.candidatos(pk_candidato, pk_movimiento, pk_eleccion_proceso, pk_region, pk_tipo, pk_candidato_mayor, pk_sexo, pk_nacionalidad, nombres, apellidos, direccion, telefono, celular, email, identidad, rtn, fecha_nacimiento, casilla, url_foto_papeleta, url_foto_perfil, url_foto_identidad_anverso, url_foto_identidad_reverso, url_archivo_adicional, estado, creado_por, fecha_hora_creado, modificado_por, fecha_hora_modificado) VALUES (19, 2, 1, 7, 2, 0, 1, 1, N'EDITH MILENY', N'GALO HERRERA', N'""""""""""""""""""""""""""""', N'""""""""""""""""""""', N'""""""""""""""""""""', N'', N'''''''''''''''''''''''''''''''''''''''''', N'', '1900-01-01', 15, N'/media/VOTACIONES/candidatos/foto_papeleta_1741196387.PNG', N'/media/VOTACIONES/candidatos/foto_perfil_1741196387.PNG', NULL, NULL, NULL, 1, 'ROBERTO', '2025-03-04 14:46:18.643', '10', '2025-03-05 11:39:47.537')
INSERT dbo.candidatos(pk_candidato, pk_movimiento, pk_eleccion_proceso, pk_region, pk_tipo, pk_candidato_mayor, pk_sexo, pk_nacionalidad, nombres, apellidos, direccion, telefono, celular, email, identidad, rtn, fecha_nacimiento, casilla, url_foto_papeleta, url_foto_perfil, url_foto_identidad_anverso, url_foto_identidad_reverso, url_archivo_adicional, estado, creado_por, fecha_hora_creado, modificado_por, fecha_hora_modificado) VALUES (20, 2, 1, 7, 2, 0, 1, 1, N'JOSE LUIS', N'BARAHONA MARADIAGA', N'¡¡¡¡¡¡¡¡¡¡¡¡¡¡¡¡¡¡¡¡¡¡¡¡¡¡¡¡¡¡¡¡¡¡¡¡¡¡¡¡', N'¡¡¡¡¡¡¡¡¡¡¡¡¡¡¡¡¡¡¡¡', N'????????????????????', N'', N'====================', N'', '1900-01-01', 16, N'/media/VOTACIONES/candidatos/foto_papeleta_1741196522.PNG', N'/media/VOTACIONES/candidatos/foto_perfil_1741196522.PNG', NULL, NULL, NULL, 1, 'ROBERTO', '2025-03-04 14:46:18.643', '10', '2025-03-05 11:42:02.273')
INSERT dbo.candidatos(pk_candidato, pk_movimiento, pk_eleccion_proceso, pk_region, pk_tipo, pk_candidato_mayor, pk_sexo, pk_nacionalidad, nombres, apellidos, direccion, telefono, celular, email, identidad, rtn, fecha_nacimiento, casilla, url_foto_papeleta, url_foto_perfil, url_foto_identidad_anverso, url_foto_identidad_reverso, url_archivo_adicional, estado, creado_por, fecha_hora_creado, modificado_por, fecha_hora_modificado) VALUES (21, 2, 1, 7, 2, 0, 1, 1, N'MARIA CELESTE', N'CARRANZA RIVERA', N'<<<<<<<<<<<<<<<<<<<<<<<<<<<<<<<<<<<', N'<<<<<<<<<<<<<<<<<<<<', N'<<<<<<<<<<<<<<<<<<<<', N'', N'<<<<<<<<<<<<<<<<<<<<', N'<<<<<<<<<<<<<<<<<<<<', '1900-01-01', 17, N'/media/VOTACIONES/candidatos/foto_papeleta_1741196633.PNG', N'/media/VOTACIONES/candidatos/foto_perfil_1741196633.PNG', NULL, NULL, NULL, 1, 'ROBERTO', '2025-03-04 14:46:18.643', '10', '2025-03-05 11:43:53.663')
INSERT dbo.candidatos(pk_candidato, pk_movimiento, pk_eleccion_proceso, pk_region, pk_tipo, pk_candidato_mayor, pk_sexo, pk_nacionalidad, nombres, apellidos, direccion, telefono, celular, email, identidad, rtn, fecha_nacimiento, casilla, url_foto_papeleta, url_foto_perfil, url_foto_identidad_anverso, url_foto_identidad_reverso, url_archivo_adicional, estado, creado_por, fecha_hora_creado, modificado_por, fecha_hora_modificado) VALUES (22, 2, 1, 7, 2, 0, 1, 1, N'RAUL ALONZO', N'NUÑEZ LAGOS', N'...........................................', N'....................', N'....................', N'', N'////////////////////', N'', '1900-01-01', 18, N'/media/VOTACIONES/candidatos/foto_papeleta_1741196788.PNG', N'/media/VOTACIONES/candidatos/foto_perfil_1741196788.PNG', NULL, NULL, NULL, 1, 'ROBERTO', '2025-03-04 14:46:18.643', '10', '2025-03-05 11:46:28.557')
INSERT dbo.candidatos(pk_candidato, pk_movimiento, pk_eleccion_proceso, pk_region, pk_tipo, pk_candidato_mayor, pk_sexo, pk_nacionalidad, nombres, apellidos, direccion, telefono, celular, email, identidad, rtn, fecha_nacimiento, casilla, url_foto_papeleta, url_foto_perfil, url_foto_identidad_anverso, url_foto_identidad_reverso, url_archivo_adicional, estado, creado_por, fecha_hora_creado, modificado_por, fecha_hora_modificado) VALUES (23, 3, 1, 7, 2, 0, 1, 1, N'YURY CHRITHIAN', N'SABAS GUTIERREZ', N'|||||||||||||||||||||||||||||||||', N'!!!!!!!!!!!!!!!!!!!!', N'!!!!!!!!!!!!!!!!!!!!', N'', N'!!!!!!!!!!!!!!!!!!!!', N'', '1900-01-01', 19, N'/media/VOTACIONES/candidatos/foto_papeleta_1741208065.PNG', N'/media/VOTACIONES/candidatos/foto_perfil_1741208065.PNG', NULL, NULL, NULL, 1, 'ROBERTO', '2025-03-04 14:46:18.643', '10', '2025-03-05 14:54:26.190')
INSERT dbo.candidatos(pk_candidato, pk_movimiento, pk_eleccion_proceso, pk_region, pk_tipo, pk_candidato_mayor, pk_sexo, pk_nacionalidad, nombres, apellidos, direccion, telefono, celular, email, identidad, rtn, fecha_nacimiento, casilla, url_foto_papeleta, url_foto_perfil, url_foto_identidad_anverso, url_foto_identidad_reverso, url_archivo_adicional, estado, creado_por, fecha_hora_creado, modificado_por, fecha_hora_modificado) VALUES (24, 3, 1, 7, 2, 0, 1, 1, N'OLGA XIOMARA', N'ALANIS PINEDA', N'************************', N'********************', N'*******************', N'', N'********************', N'', '1900-01-01', 20, N'/media/VOTACIONES/candidatos/foto_papeleta_1741208272.PNG', N'/media/VOTACIONES/candidatos/foto_perfil_1741208272.PNG', NULL, NULL, NULL, 1, 'ROBERTO', '2025-03-04 14:46:18.643', '10', '2025-03-05 14:57:53.007')
INSERT dbo.candidatos(pk_candidato, pk_movimiento, pk_eleccion_proceso, pk_region, pk_tipo, pk_candidato_mayor, pk_sexo, pk_nacionalidad, nombres, apellidos, direccion, telefono, celular, email, identidad, rtn, fecha_nacimiento, casilla, url_foto_papeleta, url_foto_perfil, url_foto_identidad_anverso, url_foto_identidad_reverso, url_archivo_adicional, estado, creado_por, fecha_hora_creado, modificado_por, fecha_hora_modificado) VALUES (25, 3, 1, 7, 2, 0, 1, 1, N'ALEX REMBERTO', N'ORDOÑEZ ORDOÑEZ', N'°°°°°°°°°°°°°°°°°°°°°°°°°°', N'°°°°°°°°°°°°°°°°°°°°', N'°°°°°°°°°°°°°°°°°°°°', N'', N'°°°°°°°°°°°°°°°°°°°°', N'', '1900-01-01', 21, N'/media/VOTACIONES/candidatos/foto_papeleta_1741209011.PNG', N'/media/VOTACIONES/candidatos/foto_perfil_1741209011.PNG', NULL, NULL, NULL, 1, 'ROBERTO', '2025-03-04 14:46:18.643', '10', '2025-03-05 15:10:11.587')
INSERT dbo.candidatos(pk_candidato, pk_movimiento, pk_eleccion_proceso, pk_region, pk_tipo, pk_candidato_mayor, pk_sexo, pk_nacionalidad, nombres, apellidos, direccion, telefono, celular, email, identidad, rtn, fecha_nacimiento, casilla, url_foto_papeleta, url_foto_perfil, url_foto_identidad_anverso, url_foto_identidad_reverso, url_archivo_adicional, estado, creado_por, fecha_hora_creado, modificado_por, fecha_hora_modificado) VALUES (26, 3, 1, 7, 2, 0, 1, 1, N'MENFFIS SAMANTHA', N'VALLADARES SANCHEZ', N'0000000000000000000000', N'0000000000000000000', N'000000000000000000', N'', N'0000000000000000000', N'', '1900-01-01', 22, N'/media/VOTACIONES/candidatos/foto_papeleta_1741209184.PNG', N'/media/VOTACIONES/candidatos/foto_perfil_1741209184.PNG', NULL, NULL, NULL, 1, 'ROBERTO', '2025-03-04 14:46:18.643', '10', '2025-03-05 15:13:05.003')
INSERT dbo.candidatos(pk_candidato, pk_movimiento, pk_eleccion_proceso, pk_region, pk_tipo, pk_candidato_mayor, pk_sexo, pk_nacionalidad, nombres, apellidos, direccion, telefono, celular, email, identidad, rtn, fecha_nacimiento, casilla, url_foto_papeleta, url_foto_perfil, url_foto_identidad_anverso, url_foto_identidad_reverso, url_archivo_adicional, estado, creado_por, fecha_hora_creado, modificado_por, fecha_hora_modificado) VALUES (27, 3, 1, 7, 2, 0, 1, 1, N'MARIO SANTIAGO', N'GUTIERREZ MOTIÑO', N'>>>>>>>>>', N'>>>>>>>>>>>>>', N'>>>>>>>>>>>>>>', N'', N'>>>>>>>>>>>>>>>>', N'', '1900-01-01', 23, N'/media/VOTACIONES/candidatos/foto_papeleta_1741209414.PNG', N'/media/VOTACIONES/candidatos/foto_perfil_1741209414.PNG', NULL, NULL, NULL, 1, 'ROBERTO', '2025-03-04 14:46:18.643', '10', '2025-03-05 15:16:54.410')
INSERT dbo.candidatos(pk_candidato, pk_movimiento, pk_eleccion_proceso, pk_region, pk_tipo, pk_candidato_mayor, pk_sexo, pk_nacionalidad, nombres, apellidos, direccion, telefono, celular, email, identidad, rtn, fecha_nacimiento, casilla, url_foto_papeleta, url_foto_perfil, url_foto_identidad_anverso, url_foto_identidad_reverso, url_archivo_adicional, estado, creado_por, fecha_hora_creado, modificado_por, fecha_hora_modificado) VALUES (28, 3, 1, 7, 2, 0, 1, 1, N'KAREN GISSEL', N'TALAVERA PONCE', N'00000000000000000', N'000000000000000000', N'0000000000000000000', N'', N'000000000000000', N'', '1900-01-01', 24, N'/media/VOTACIONES/candidatos/foto_papeleta_1741209651.PNG', N'/media/VOTACIONES/candidatos/foto_perfil_1741209651.PNG', NULL, NULL, NULL, 1, 'ROBERTO', '2025-03-04 14:46:18.643', '10', '2025-03-05 15:20:52.130')
INSERT dbo.candidatos(pk_candidato, pk_movimiento, pk_eleccion_proceso, pk_region, pk_tipo, pk_candidato_mayor, pk_sexo, pk_nacionalidad, nombres, apellidos, direccion, telefono, celular, email, identidad, rtn, fecha_nacimiento, casilla, url_foto_papeleta, url_foto_perfil, url_foto_identidad_anverso, url_foto_identidad_reverso, url_archivo_adicional, estado, creado_por, fecha_hora_creado, modificado_por, fecha_hora_modificado) VALUES (29, 3, 1, 7, 2, 0, 1, 1, N'LUIS FERNANDO', N'COELLO', N'%%%%%%', N'%%%%%%%', N'%%%%%%%%%%', N'', N'%%%%%%%%%%%%%%%%', N'', '1900-01-01', 25, N'/media/VOTACIONES/candidatos/foto_papeleta_1741209793.PNG', N'/media/VOTACIONES/candidatos/foto_perfil_1741209793.PNG', NULL, NULL, NULL, 1, 'ROBERTO', '2025-03-04 14:46:18.643', '10', '2025-03-05 15:23:14.150')
INSERT dbo.candidatos(pk_candidato, pk_movimiento, pk_eleccion_proceso, pk_region, pk_tipo, pk_candidato_mayor, pk_sexo, pk_nacionalidad, nombres, apellidos, direccion, telefono, celular, email, identidad, rtn, fecha_nacimiento, casilla, url_foto_papeleta, url_foto_perfil, url_foto_identidad_anverso, url_foto_identidad_reverso, url_archivo_adicional, estado, creado_por, fecha_hora_creado, modificado_por, fecha_hora_modificado) VALUES (30, 3, 1, 7, 2, 0, 1, 1, N'SANDRA RAQUEL', N'ROJAS AVILA', N'SSSSSSSSSSSS', N'ssssssssssssssssssss', N'ssssssssssssssssssss', N'', N'ssssssssssssssssssss', N'', '1900-01-01', 26, N'/media/VOTACIONES/candidatos/foto_papeleta_1741209908.PNG', N'/media/VOTACIONES/candidatos/foto_perfil_1741209908.PNG', NULL, NULL, NULL, 1, 'ROBERTO', '2025-03-04 14:46:18.643', '10', '2025-03-05 15:25:08.333')
INSERT dbo.candidatos(pk_candidato, pk_movimiento, pk_eleccion_proceso, pk_region, pk_tipo, pk_candidato_mayor, pk_sexo, pk_nacionalidad, nombres, apellidos, direccion, telefono, celular, email, identidad, rtn, fecha_nacimiento, casilla, url_foto_papeleta, url_foto_perfil, url_foto_identidad_anverso, url_foto_identidad_reverso, url_archivo_adicional, estado, creado_por, fecha_hora_creado, modificado_por, fecha_hora_modificado) VALUES (31, 3, 1, 7, 2, 0, 1, 1, N'DAVID CARRANZA', N'OCHOA', N'3333333333333', N'33333333333333333', N'3333333333333333333', N'', N'33333333333333333333', N'', '1900-01-01', 27, N'/media/VOTACIONES/candidatos/foto_papeleta_1741209994.PNG', N'/media/VOTACIONES/candidatos/foto_perfil_1741209994.PNG', NULL, NULL, NULL, 1, 'ROBERTO', '2025-03-04 14:46:18.643', '10', '2025-03-05 15:26:34.483')
INSERT dbo.candidatos(pk_candidato, pk_movimiento, pk_eleccion_proceso, pk_region, pk_tipo, pk_candidato_mayor, pk_sexo, pk_nacionalidad, nombres, apellidos, direccion, telefono, celular, email, identidad, rtn, fecha_nacimiento, casilla, url_foto_papeleta, url_foto_perfil, url_foto_identidad_anverso, url_foto_identidad_reverso, url_archivo_adicional, estado, creado_por, fecha_hora_creado, modificado_por, fecha_hora_modificado) VALUES (32, 4, 1, 7, 2, 0, 1, 1, N'FRANCISCO ROBERTO', N'WEDDLE LAINEZ', N'[[[[[[[[[[[[[[[[[[[[[[[[[[', N'[[[[[[[[[[[[[[[[[[[[', N'[[[[[[[[[[[[[[[[[[[[', N'', N'[[[[[[[[[[[[[[[[[[[[', N'', '1900-01-01', 28, N'/media/VOTACIONES/candidatos/foto_papeleta_1741210101.PNG', N'/media/VOTACIONES/candidatos/foto_perfil_1741210101.PNG', NULL, NULL, NULL, 1, 'ROBERTO', '2025-03-04 14:46:18.643', '10', '2025-03-05 15:28:22.107')
INSERT dbo.candidatos(pk_candidato, pk_movimiento, pk_eleccion_proceso, pk_region, pk_tipo, pk_candidato_mayor, pk_sexo, pk_nacionalidad, nombres, apellidos, direccion, telefono, celular, email, identidad, rtn, fecha_nacimiento, casilla, url_foto_papeleta, url_foto_perfil, url_foto_identidad_anverso, url_foto_identidad_reverso, url_archivo_adicional, estado, creado_por, fecha_hora_creado, modificado_por, fecha_hora_modificado) VALUES (33, 4, 1, 7, 2, 0, 1, 1, N'ARIPH ELIGIA', N'SANCHEZ PEREZ', N'¡¡¡¡¡¡¡¡¡¡¡¡¡¡¡¡¡¡¡¡¡¡¡¡¡¡¡¡¡¡¡', N'¡¡¡¡¡¡¡¡¡¡¡¡¡¡¡¡¡¡¡¡', N'¡¡¡¡¡¡¡¡¡¡¡¡¡¡¡¡¡¡¡¡', N'', N'¡¡¡¡¡¡¡¡¡¡¡¡¡¡¡¡¡¡¡¡', N'', '1900-01-01', 29, N'/media/VOTACIONES/candidatos/foto_papeleta_1741210237.PNG', N'/media/VOTACIONES/candidatos/foto_perfil_1741210237.PNG', NULL, NULL, NULL, 1, 'ROBERTO', '2025-03-04 14:46:18.643', '10', '2025-03-05 15:30:37.200')
INSERT dbo.candidatos(pk_candidato, pk_movimiento, pk_eleccion_proceso, pk_region, pk_tipo, pk_candidato_mayor, pk_sexo, pk_nacionalidad, nombres, apellidos, direccion, telefono, celular, email, identidad, rtn, fecha_nacimiento, casilla, url_foto_papeleta, url_foto_perfil, url_foto_identidad_anverso, url_foto_identidad_reverso, url_archivo_adicional, estado, creado_por, fecha_hora_creado, modificado_por, fecha_hora_modificado) VALUES (34, 4, 1, 7, 2, 0, 1, 1, N'MANUEL DE JESUS', N'BARAHONA MORENO', N'------------------------------------', N'--------------------', N'--------------------', N'', N'--------------------', N'', '1900-01-01', 30, N'/media/VOTACIONES/candidatos/foto_papeleta_1741210368.PNG', N'/media/VOTACIONES/candidatos/foto_perfil_1741210368.PNG', NULL, NULL, NULL, 1, 'ROBERTO', '2025-03-04 14:46:18.643', '10', '2025-03-05 15:32:48.307')
INSERT dbo.candidatos(pk_candidato, pk_movimiento, pk_eleccion_proceso, pk_region, pk_tipo, pk_candidato_mayor, pk_sexo, pk_nacionalidad, nombres, apellidos, direccion, telefono, celular, email, identidad, rtn, fecha_nacimiento, casilla, url_foto_papeleta, url_foto_perfil, url_foto_identidad_anverso, url_foto_identidad_reverso, url_archivo_adicional, estado, creado_por, fecha_hora_creado, modificado_por, fecha_hora_modificado) VALUES (35, 4, 1, 7, 2, 0, 1, 1, N'SARA ELIZABETH', N'GUZMAN MARADIAGA', N'VVVVVVVVVVVVVVVVVV', N'vvvvvvvvvvvvvvvvvvvv', N'vvvvvvvvvvvvvvvvvvvv', N'', N'vvvvvvvvvvvvvvvvvvvv', N'', '1900-01-01', 31, N'/media/VOTACIONES/candidatos/foto_papeleta_1741210494.PNG', N'/media/VOTACIONES/candidatos/foto_perfil_1741210494.PNG', NULL, NULL, NULL, 1, 'ROBERTO', '2025-03-04 14:46:18.643', '10', '2025-03-05 15:34:54.967')
INSERT dbo.candidatos(pk_candidato, pk_movimiento, pk_eleccion_proceso, pk_region, pk_tipo, pk_candidato_mayor, pk_sexo, pk_nacionalidad, nombres, apellidos, direccion, telefono, celular, email, identidad, rtn, fecha_nacimiento, casilla, url_foto_papeleta, url_foto_perfil, url_foto_identidad_anverso, url_foto_identidad_reverso, url_archivo_adicional, estado, creado_por, fecha_hora_creado, modificado_por, fecha_hora_modificado) VALUES (36, 4, 1, 7, 2, 0, 1, 1, N'YIMMI FLORENTINO', N'AGUILERA BELTRAND', N'++++++++++++++++++++++++', N'++++++++++++++++++++', N'++++++++++++++++++++', N'', N'++++++++++++++++++++', N'', '1900-01-01', 32, N'/media/VOTACIONES/candidatos/foto_papeleta_1741210777.PNG', N'/media/VOTACIONES/candidatos/foto_perfil_1741210777.PNG', NULL, NULL, NULL, 1, 'ROBERTO', '2025-03-04 14:46:18.643', '10', '2025-03-05 15:42:00.907')
INSERT dbo.candidatos(pk_candidato, pk_movimiento, pk_eleccion_proceso, pk_region, pk_tipo, pk_candidato_mayor, pk_sexo, pk_nacionalidad, nombres, apellidos, direccion, telefono, celular, email, identidad, rtn, fecha_nacimiento, casilla, url_foto_papeleta, url_foto_perfil, url_foto_identidad_anverso, url_foto_identidad_reverso, url_archivo_adicional, estado, creado_por, fecha_hora_creado, modificado_por, fecha_hora_modificado) VALUES (37, 4, 1, 7, 2, 0, 1, 1, N'YAJAIRA KAROLINA', N'VASQUEZ PONCE', N'JJJJJJJJJJJJJ', N'JJJJJJJJJJJJJJJJJJJJ', N'JJJJJJJJJJJJJJJJJJJJ', N'', N'JJJJJJJJJJJJJJJJJJJJ', N'', '1900-01-01', 33, N'/media/VOTACIONES/candidatos/foto_papeleta_1741211028.PNG', N'/media/VOTACIONES/candidatos/foto_perfil_1741211028.PNG', NULL, NULL, NULL, 1, 'ROBERTO', '2025-03-04 14:46:18.643', '10', '2025-03-05 15:43:48.953')
INSERT dbo.candidatos(pk_candidato, pk_movimiento, pk_eleccion_proceso, pk_region, pk_tipo, pk_candidato_mayor, pk_sexo, pk_nacionalidad, nombres, apellidos, direccion, telefono, celular, email, identidad, rtn, fecha_nacimiento, casilla, url_foto_papeleta, url_foto_perfil, url_foto_identidad_anverso, url_foto_identidad_reverso, url_archivo_adicional, estado, creado_por, fecha_hora_creado, modificado_por, fecha_hora_modificado) VALUES (38, 4, 1, 7, 2, 0, 1, 1, N'RAFAEL HUMBERTO', N'OLIVA OLIVA', N'77777777777777777', N'77777777777', N'77777777777777', N'', N'77777777777777777777', N'', '1900-01-01', 34, N'/media/VOTACIONES/candidatos/foto_papeleta_1741211158.PNG', N'/media/VOTACIONES/candidatos/foto_perfil_1741211158.PNG', NULL, NULL, NULL, 1, 'ROBERTO', '2025-03-04 14:46:18.643', '10', '2025-03-05 15:45:58.467')
INSERT dbo.candidatos(pk_candidato, pk_movimiento, pk_eleccion_proceso, pk_region, pk_tipo, pk_candidato_mayor, pk_sexo, pk_nacionalidad, nombres, apellidos, direccion, telefono, celular, email, identidad, rtn, fecha_nacimiento, casilla, url_foto_papeleta, url_foto_perfil, url_foto_identidad_anverso, url_foto_identidad_reverso, url_archivo_adicional, estado, creado_por, fecha_hora_creado, modificado_por, fecha_hora_modificado) VALUES (39, 4, 1, 7, 2, 0, 1, 1, N'ANA YOSBELLY', N'MARTINEZ ERAZO', N'NNNNNNNNNNNN', N'NNNNNNNNNNNNNNNN', N'NNNNNNNNNNNNNNNNN', N'', N'NNNNNNNNNNNNNNNNN', N'', '1900-01-01', 35, N'/media/VOTACIONES/candidatos/foto_papeleta_1741211243.PNG', N'/media/VOTACIONES/candidatos/foto_perfil_1741211243.PNG', NULL, NULL, NULL, 1, 'ROBERTO', '2025-03-04 14:46:18.643', '10', '2025-03-05 15:47:23.207')
INSERT dbo.candidatos(pk_candidato, pk_movimiento, pk_eleccion_proceso, pk_region, pk_tipo, pk_candidato_mayor, pk_sexo, pk_nacionalidad, nombres, apellidos, direccion, telefono, celular, email, identidad, rtn, fecha_nacimiento, casilla, url_foto_papeleta, url_foto_perfil, url_foto_identidad_anverso, url_foto_identidad_reverso, url_archivo_adicional, estado, creado_por, fecha_hora_creado, modificado_por, fecha_hora_modificado) VALUES (40, 4, 1, 7, 2, 0, 1, 1, N'MARIO HUMBERTO', N'PINEL RAMOS', N';;;;;;;;;;;;;;;;;;;;;;;;;;;;;;;;;;;;', N';;;;;;;;;;;;;;;;;;;;', N';;;;;;;;;;;;;;;;;;;;', N'', N';;;;;;;;;;;;;;;;;;;;', N';;;;;;;;;;;;;;;;;;;;', '1900-01-01', 36, N'/media/VOTACIONES/candidatos/foto_papeleta_1741211352.PNG', N'/media/VOTACIONES/candidatos/foto_perfil_1741211352.PNG', NULL, NULL, NULL, 1, 'ROBERTO', '2025-03-04 14:46:18.643', '10', '2025-03-05 15:49:12.850')
INSERT dbo.candidatos(pk_candidato, pk_movimiento, pk_eleccion_proceso, pk_region, pk_tipo, pk_candidato_mayor, pk_sexo, pk_nacionalidad, nombres, apellidos, direccion, telefono, celular, email, identidad, rtn, fecha_nacimiento, casilla, url_foto_papeleta, url_foto_perfil, url_foto_identidad_anverso, url_foto_identidad_reverso, url_archivo_adicional, estado, creado_por, fecha_hora_creado, modificado_por, fecha_hora_modificado) VALUES (41, 1, 1, 20, 4, NULL, 1, 1, N'RAMON ALEXIS', N'GIRON AGUILAR                   ', NULL, NULL, NULL, NULL, NULL, NULL, NULL, 1, NULL, NULL, NULL, NULL, NULL, 1, 'ROBERTO', '2025-03-04 14:46:18.643', NULL, NULL)
INSERT dbo.candidatos(pk_candidato, pk_movimiento, pk_eleccion_proceso, pk_region, pk_tipo, pk_candidato_mayor, pk_sexo, pk_nacionalidad, nombres, apellidos, direccion, telefono, celular, email, identidad, rtn, fecha_nacimiento, casilla, url_foto_papeleta, url_foto_perfil, url_foto_identidad_anverso, url_foto_identidad_reverso, url_archivo_adicional, estado, creado_por, fecha_hora_creado, modificado_por, fecha_hora_modificado) VALUES (42, 1, 1, 20, 5, 41, 1, 1, N'CARLOS ALBERTO', N'SEVILLA TORRES', NULL, NULL, NULL, NULL, NULL, NULL, NULL, 1, NULL, NULL, NULL, NULL, NULL, 1, 'ROBERTO', '2025-03-04 14:46:18.643', NULL, NULL)
INSERT dbo.candidatos(pk_candidato, pk_movimiento, pk_eleccion_proceso, pk_region, pk_tipo, pk_candidato_mayor, pk_sexo, pk_nacionalidad, nombres, apellidos, direccion, telefono, celular, email, identidad, rtn, fecha_nacimiento, casilla, url_foto_papeleta, url_foto_perfil, url_foto_identidad_anverso, url_foto_identidad_reverso, url_archivo_adicional, estado, creado_por, fecha_hora_creado, modificado_por, fecha_hora_modificado) VALUES (43, 2, 1, 20, 4, NULL, 1, 1, N'MARIO ANTONIO', N'PALACIOS MARADIAGA ', NULL, NULL, NULL, NULL, NULL, NULL, NULL, 2, NULL, NULL, NULL, NULL, NULL, 1, 'ROBERTO', '2025-03-04 14:46:18.643', NULL, NULL)
INSERT dbo.candidatos(pk_candidato, pk_movimiento, pk_eleccion_proceso, pk_region, pk_tipo, pk_candidato_mayor, pk_sexo, pk_nacionalidad, nombres, apellidos, direccion, telefono, celular, email, identidad, rtn, fecha_nacimiento, casilla, url_foto_papeleta, url_foto_perfil, url_foto_identidad_anverso, url_foto_identidad_reverso, url_archivo_adicional, estado, creado_por, fecha_hora_creado, modificado_por, fecha_hora_modificado) VALUES (44, 2, 1, 20, 5, 43, 1, 1, N'LUIS ENRIQUE', N'BERRIOS COELLO', NULL, NULL, NULL, NULL, NULL, NULL, NULL, 2, NULL, NULL, NULL, NULL, NULL, 1, 'ROBERTO', '2025-03-04 14:46:18.643', NULL, NULL)
INSERT dbo.candidatos(pk_candidato, pk_movimiento, pk_eleccion_proceso, pk_region, pk_tipo, pk_candidato_mayor, pk_sexo, pk_nacionalidad, nombres, apellidos, direccion, telefono, celular, email, identidad, rtn, fecha_nacimiento, casilla, url_foto_papeleta, url_foto_perfil, url_foto_identidad_anverso, url_foto_identidad_reverso, url_archivo_adicional, estado, creado_por, fecha_hora_creado, modificado_por, fecha_hora_modificado) VALUES (45, 3, 1, 20, 4, NULL, 1, 1, N'QUINTIN JAVIER', N'SORIANO PEREZ', NULL, NULL, NULL, NULL, NULL, NULL, NULL, 3, NULL, NULL, NULL, NULL, NULL, 1, 'ROBERTO', '2025-03-04 14:46:18.643', NULL, NULL)
INSERT dbo.candidatos(pk_candidato, pk_movimiento, pk_eleccion_proceso, pk_region, pk_tipo, pk_candidato_mayor, pk_sexo, pk_nacionalidad, nombres, apellidos, direccion, telefono, celular, email, identidad, rtn, fecha_nacimiento, casilla, url_foto_papeleta, url_foto_perfil, url_foto_identidad_anverso, url_foto_identidad_reverso, url_archivo_adicional, estado, creado_por, fecha_hora_creado, modificado_por, fecha_hora_modificado) VALUES (46, 3, 1, 20, 5, 45, 1, 1, N'BRAYAN MIGUEL', N'LAGOS ORDOÑEZ', NULL, NULL, NULL, NULL, NULL, NULL, NULL, 3, NULL, NULL, NULL, NULL, NULL, 1, 'ROBERTO', '2025-03-04 14:46:18.643', NULL, NULL)
INSERT dbo.candidatos(pk_candidato, pk_movimiento, pk_eleccion_proceso, pk_region, pk_tipo, pk_candidato_mayor, pk_sexo, pk_nacionalidad, nombres, apellidos, direccion, telefono, celular, email, identidad, rtn, fecha_nacimiento, casilla, url_foto_papeleta, url_foto_perfil, url_foto_identidad_anverso, url_foto_identidad_reverso, url_archivo_adicional, estado, creado_por, fecha_hora_creado, modificado_por, fecha_hora_modificado) VALUES (47, 4, 1, 20, 4, NULL, 1, 1, N'SAMUEL ARMANDO', N'AGUILERA AGUILAR', NULL, NULL, NULL, NULL, NULL, NULL, NULL, 4, NULL, NULL, NULL, NULL, NULL, 1, 'ROBERTO', '2025-03-04 14:46:18.643', NULL, NULL)
INSERT dbo.candidatos(pk_candidato, pk_movimiento, pk_eleccion_proceso, pk_region, pk_tipo, pk_candidato_mayor, pk_sexo, pk_nacionalidad, nombres, apellidos, direccion, telefono, celular, email, identidad, rtn, fecha_nacimiento, casilla, url_foto_papeleta, url_foto_perfil, url_foto_identidad_anverso, url_foto_identidad_reverso, url_archivo_adicional, estado, creado_por, fecha_hora_creado, modificado_por, fecha_hora_modificado) VALUES (48, 4, 1, 20, 5, 47, 1, 1, N'LILIANA MARIA', N'ARONNE SALAZAR', NULL, NULL, NULL, NULL, NULL, NULL, NULL, 4, NULL, NULL, NULL, NULL, NULL, 1, 'ROBERTO', '2025-03-04 14:46:18.643', NULL, NULL)
INSERT dbo.candidatos(pk_candidato, pk_movimiento, pk_eleccion_proceso, pk_region, pk_tipo, pk_candidato_mayor, pk_sexo, pk_nacionalidad, nombres, apellidos, direccion, telefono, celular, email, identidad, rtn, fecha_nacimiento, casilla, url_foto_papeleta, url_foto_perfil, url_foto_identidad_anverso, url_foto_identidad_reverso, url_archivo_adicional, estado, creado_por, fecha_hora_creado, modificado_por, fecha_hora_modificado) VALUES (49, 1, 1, 21, 4, NULL, 1, 1, N'ERNESTO MENDOZA', N'BAQUEDANO', NULL, NULL, NULL, NULL, NULL, NULL, NULL, 1, NULL, NULL, NULL, NULL, NULL, 1, 'ROBERTO', '2025-03-04 14:46:18.643', NULL, NULL)
INSERT dbo.candidatos(pk_candidato, pk_movimiento, pk_eleccion_proceso, pk_region, pk_tipo, pk_candidato_mayor, pk_sexo, pk_nacionalidad, nombres, apellidos, direccion, telefono, celular, email, identidad, rtn, fecha_nacimiento, casilla, url_foto_papeleta, url_foto_perfil, url_foto_identidad_anverso, url_foto_identidad_reverso, url_archivo_adicional, estado, creado_por, fecha_hora_creado, modificado_por, fecha_hora_modificado) VALUES (50, 1, 1, 21, 5, 49, 1, 1, N'MODESTO RODRIGUEZ', N'MENDOZA', NULL, NULL, NULL, NULL, NULL, NULL, NULL, 1, NULL, NULL, NULL, NULL, NULL, 1, 'ROBERTO', '2025-03-04 14:46:18.643', NULL, NULL)
INSERT dbo.candidatos(pk_candidato, pk_movimiento, pk_eleccion_proceso, pk_region, pk_tipo, pk_candidato_mayor, pk_sexo, pk_nacionalidad, nombres, apellidos, direccion, telefono, celular, email, identidad, rtn, fecha_nacimiento, casilla, url_foto_papeleta, url_foto_perfil, url_foto_identidad_anverso, url_foto_identidad_reverso, url_archivo_adicional, estado, creado_por, fecha_hora_creado, modificado_por, fecha_hora_modificado) VALUES (51, 2, 1, 21, 4, NULL, 1, 1, N'HECTOR YOVANY', N'BACA IZAGUIRRE', NULL, NULL, NULL, NULL, NULL, NULL, NULL, 2, NULL, NULL, NULL, NULL, NULL, 1, 'ROBERTO', '2025-03-04 14:46:18.643', NULL, NULL)
INSERT dbo.candidatos(pk_candidato, pk_movimiento, pk_eleccion_proceso, pk_region, pk_tipo, pk_candidato_mayor, pk_sexo, pk_nacionalidad, nombres, apellidos, direccion, telefono, celular, email, identidad, rtn, fecha_nacimiento, casilla, url_foto_papeleta, url_foto_perfil, url_foto_identidad_anverso, url_foto_identidad_reverso, url_archivo_adicional, estado, creado_por, fecha_hora_creado, modificado_por, fecha_hora_modificado) VALUES (52, 2, 1, 21, 5, 51, 1, 1, N'ROGER LEONEL', N'AMADOR GALO ', NULL, NULL, NULL, NULL, NULL, NULL, NULL, 2, NULL, NULL, NULL, NULL, NULL, 1, 'ROBERTO', '2025-03-04 14:46:18.643', NULL, NULL)
INSERT dbo.candidatos(pk_candidato, pk_movimiento, pk_eleccion_proceso, pk_region, pk_tipo, pk_candidato_mayor, pk_sexo, pk_nacionalidad, nombres, apellidos, direccion, telefono, celular, email, identidad, rtn, fecha_nacimiento, casilla, url_foto_papeleta, url_foto_perfil, url_foto_identidad_anverso, url_foto_identidad_reverso, url_archivo_adicional, estado, creado_por, fecha_hora_creado, modificado_por, fecha_hora_modificado) VALUES (53, 3, 1, 21, 4, NULL, 1, 1, N'ECAR ANIBAL', N'ORDOÑEZ MEDINA', NULL, NULL, NULL, NULL, NULL, NULL, NULL, 3, NULL, NULL, NULL, NULL, NULL, 1, 'ROBERTO', '2025-03-04 14:46:18.643', NULL, NULL)
INSERT dbo.candidatos(pk_candidato, pk_movimiento, pk_eleccion_proceso, pk_region, pk_tipo, pk_candidato_mayor, pk_sexo, pk_nacionalidad, nombres, apellidos, direccion, telefono, celular, email, identidad, rtn, fecha_nacimiento, casilla, url_foto_papeleta, url_foto_perfil, url_foto_identidad_anverso, url_foto_identidad_reverso, url_archivo_adicional, estado, creado_por, fecha_hora_creado, modificado_por, fecha_hora_modificado) VALUES (54, 3, 1, 21, 5, 53, 1, 1, N'JUAN JOSE', N'GARCIA SANCHEZ', NULL, NULL, NULL, NULL, NULL, NULL, NULL, 3, NULL, NULL, NULL, NULL, NULL, 1, 'ROBERTO', '2025-03-04 14:46:18.643', NULL, NULL)
INSERT dbo.candidatos(pk_candidato, pk_movimiento, pk_eleccion_proceso, pk_region, pk_tipo, pk_candidato_mayor, pk_sexo, pk_nacionalidad, nombres, apellidos, direccion, telefono, celular, email, identidad, rtn, fecha_nacimiento, casilla, url_foto_papeleta, url_foto_perfil, url_foto_identidad_anverso, url_foto_identidad_reverso, url_archivo_adicional, estado, creado_por, fecha_hora_creado, modificado_por, fecha_hora_modificado) VALUES (55, 4, 1, 21, 4, NULL, 1, 1, N'EDUIN GEOVANY', N'IZAGUIRRE ORDOÑEZ', NULL, NULL, NULL, NULL, NULL, NULL, NULL, 4, NULL, NULL, NULL, NULL, NULL, 1, 'ROBERTO', '2025-03-04 14:46:18.643', NULL, NULL)
INSERT dbo.candidatos(pk_candidato, pk_movimiento, pk_eleccion_proceso, pk_region, pk_tipo, pk_candidato_mayor, pk_sexo, pk_nacionalidad, nombres, apellidos, direccion, telefono, celular, email, identidad, rtn, fecha_nacimiento, casilla, url_foto_papeleta, url_foto_perfil, url_foto_identidad_anverso, url_foto_identidad_reverso, url_archivo_adicional, estado, creado_por, fecha_hora_creado, modificado_por, fecha_hora_modificado) VALUES (56, 4, 1, 21, 5, 55, 1, 1, N'MARIA CELENIA', N'IZAGUIRRE ESPINAL', NULL, NULL, NULL, NULL, NULL, NULL, NULL, 4, NULL, NULL, NULL, NULL, NULL, 1, 'ROBERTO', '2025-03-04 14:46:18.643', NULL, NULL)
INSERT dbo.candidatos(pk_candidato, pk_movimiento, pk_eleccion_proceso, pk_region, pk_tipo, pk_candidato_mayor, pk_sexo, pk_nacionalidad, nombres, apellidos, direccion, telefono, celular, email, identidad, rtn, fecha_nacimiento, casilla, url_foto_papeleta, url_foto_perfil, url_foto_identidad_anverso, url_foto_identidad_reverso, url_archivo_adicional, estado, creado_por, fecha_hora_creado, modificado_por, fecha_hora_modificado) VALUES (57, 1, 1, 22, 4, NULL, 1, 1, N'SILAS ALFREDO', N'MORENO RODRIGUEZ', NULL, NULL, NULL, NULL, NULL, NULL, NULL, 1, NULL, NULL, NULL, NULL, NULL, 1, 'ROBERTO', '2025-03-04 14:46:18.643', NULL, NULL)
INSERT dbo.candidatos(pk_candidato, pk_movimiento, pk_eleccion_proceso, pk_region, pk_tipo, pk_candidato_mayor, pk_sexo, pk_nacionalidad, nombres, apellidos, direccion, telefono, celular, email, identidad, rtn, fecha_nacimiento, casilla, url_foto_papeleta, url_foto_perfil, url_foto_identidad_anverso, url_foto_identidad_reverso, url_archivo_adicional, estado, creado_por, fecha_hora_creado, modificado_por, fecha_hora_modificado) VALUES (58, 1, 1, 22, 5, 57, 1, 1, N'OLVIN ANTONIO', N'CALDERON MARTINEZ', NULL, NULL, NULL, NULL, NULL, NULL, NULL, 1, NULL, NULL, NULL, NULL, NULL, 1, 'ROBERTO', '2025-03-04 14:46:18.643', NULL, NULL)
INSERT dbo.candidatos(pk_candidato, pk_movimiento, pk_eleccion_proceso, pk_region, pk_tipo, pk_candidato_mayor, pk_sexo, pk_nacionalidad, nombres, apellidos, direccion, telefono, celular, email, identidad, rtn, fecha_nacimiento, casilla, url_foto_papeleta, url_foto_perfil, url_foto_identidad_anverso, url_foto_identidad_reverso, url_archivo_adicional, estado, creado_por, fecha_hora_creado, modificado_por, fecha_hora_modificado) VALUES (59, 2, 1, 22, 4, NULL, 1, 1, N'MAURIS ANTONIO', N'MENDES PONCES', NULL, NULL, NULL, NULL, NULL, NULL, NULL, 2, NULL, NULL, NULL, NULL, NULL, 1, 'ROBERTO', '2025-03-04 14:46:18.643', NULL, NULL)
INSERT dbo.candidatos(pk_candidato, pk_movimiento, pk_eleccion_proceso, pk_region, pk_tipo, pk_candidato_mayor, pk_sexo, pk_nacionalidad, nombres, apellidos, direccion, telefono, celular, email, identidad, rtn, fecha_nacimiento, casilla, url_foto_papeleta, url_foto_perfil, url_foto_identidad_anverso, url_foto_identidad_reverso, url_archivo_adicional, estado, creado_por, fecha_hora_creado, modificado_por, fecha_hora_modificado) VALUES (60, 2, 1, 22, 5, 59, 1, 1, N'DILCIA DAMARIZ', N'PONCE  APLICANO', NULL, NULL, NULL, NULL, NULL, NULL, NULL, 2, NULL, NULL, NULL, NULL, NULL, 1, 'ROBERTO', '2025-03-04 14:46:18.643', NULL, NULL)
INSERT dbo.candidatos(pk_candidato, pk_movimiento, pk_eleccion_proceso, pk_region, pk_tipo, pk_candidato_mayor, pk_sexo, pk_nacionalidad, nombres, apellidos, direccion, telefono, celular, email, identidad, rtn, fecha_nacimiento, casilla, url_foto_papeleta, url_foto_perfil, url_foto_identidad_anverso, url_foto_identidad_reverso, url_archivo_adicional, estado, creado_por, fecha_hora_creado, modificado_por, fecha_hora_modificado) VALUES (61, 3, 1, 22, 4, NULL, 1, 1, N'MARIANO', N'QUIÑONEZ GOMEZ', NULL, NULL, NULL, NULL, NULL, NULL, NULL, 3, NULL, NULL, NULL, NULL, NULL, 1, 'ROBERTO', '2025-03-04 14:46:18.643', NULL, NULL)
INSERT dbo.candidatos(pk_candidato, pk_movimiento, pk_eleccion_proceso, pk_region, pk_tipo, pk_candidato_mayor, pk_sexo, pk_nacionalidad, nombres, apellidos, direccion, telefono, celular, email, identidad, rtn, fecha_nacimiento, casilla, url_foto_papeleta, url_foto_perfil, url_foto_identidad_anverso, url_foto_identidad_reverso, url_archivo_adicional, estado, creado_por, fecha_hora_creado, modificado_por, fecha_hora_modificado) VALUES (62, 3, 1, 22, 5, 61, 1, 1, N'MARYURIS YUBERLIS', N'ESPINOZA GONZALES ', NULL, NULL, NULL, NULL, NULL, NULL, NULL, 3, NULL, NULL, NULL, NULL, NULL, 1, 'ROBERTO', '2025-03-04 14:46:18.643', NULL, NULL)
INSERT dbo.candidatos(pk_candidato, pk_movimiento, pk_eleccion_proceso, pk_region, pk_tipo, pk_candidato_mayor, pk_sexo, pk_nacionalidad, nombres, apellidos, direccion, telefono, celular, email, identidad, rtn, fecha_nacimiento, casilla, url_foto_papeleta, url_foto_perfil, url_foto_identidad_anverso, url_foto_identidad_reverso, url_archivo_adicional, estado, creado_por, fecha_hora_creado, modificado_por, fecha_hora_modificado) VALUES (63, 4, 1, 22, 4, NULL, 1, 1, N'CARLOS EDUARDO', N'MORENO QUIROZ', NULL, NULL, NULL, NULL, NULL, NULL, NULL, 4, NULL, NULL, NULL, NULL, NULL, 1, 'ROBERTO', '2025-03-04 14:46:18.643', NULL, NULL)
INSERT dbo.candidatos(pk_candidato, pk_movimiento, pk_eleccion_proceso, pk_region, pk_tipo, pk_candidato_mayor, pk_sexo, pk_nacionalidad, nombres, apellidos, direccion, telefono, celular, email, identidad, rtn, fecha_nacimiento, casilla, url_foto_papeleta, url_foto_perfil, url_foto_identidad_anverso, url_foto_identidad_reverso, url_archivo_adicional, estado, creado_por, fecha_hora_creado, modificado_por, fecha_hora_modificado) VALUES (64, 4, 1, 22, 5, 63, 1, 1, N'SANDRA MARIA', N'GIRON MORENO', NULL, NULL, NULL, NULL, NULL, NULL, NULL, 4, NULL, NULL, NULL, NULL, NULL, 1, 'ROBERTO', '2025-03-04 14:46:18.643', NULL, NULL)
INSERT dbo.candidatos(pk_candidato, pk_movimiento, pk_eleccion_proceso, pk_region, pk_tipo, pk_candidato_mayor, pk_sexo, pk_nacionalidad, nombres, apellidos, direccion, telefono, celular, email, identidad, rtn, fecha_nacimiento, casilla, url_foto_papeleta, url_foto_perfil, url_foto_identidad_anverso, url_foto_identidad_reverso, url_archivo_adicional, estado, creado_por, fecha_hora_creado, modificado_por, fecha_hora_modificado) VALUES (65, 1, 1, 23, 4, NULL, 1, 1, N'JORGE MANRIQUE', N'PASTRANA SANCHEZ', NULL, NULL, NULL, NULL, NULL, NULL, NULL, 1, NULL, NULL, NULL, NULL, NULL, 1, 'ROBERTO', '2025-03-04 14:46:18.643', NULL, NULL)
INSERT dbo.candidatos(pk_candidato, pk_movimiento, pk_eleccion_proceso, pk_region, pk_tipo, pk_candidato_mayor, pk_sexo, pk_nacionalidad, nombres, apellidos, direccion, telefono, celular, email, identidad, rtn, fecha_nacimiento, casilla, url_foto_papeleta, url_foto_perfil, url_foto_identidad_anverso, url_foto_identidad_reverso, url_archivo_adicional, estado, creado_por, fecha_hora_creado, modificado_por, fecha_hora_modificado) VALUES (66, 1, 1, 23, 5, 65, 1, 1, N'BAYARDO ELISEO', N'SANCHEZ MARADIAGA', NULL, NULL, NULL, NULL, NULL, NULL, NULL, 1, NULL, NULL, NULL, NULL, NULL, 1, 'ROBERTO', '2025-03-04 14:46:18.643', NULL, NULL)
INSERT dbo.candidatos(pk_candidato, pk_movimiento, pk_eleccion_proceso, pk_region, pk_tipo, pk_candidato_mayor, pk_sexo, pk_nacionalidad, nombres, apellidos, direccion, telefono, celular, email, identidad, rtn, fecha_nacimiento, casilla, url_foto_papeleta, url_foto_perfil, url_foto_identidad_anverso, url_foto_identidad_reverso, url_archivo_adicional, estado, creado_por, fecha_hora_creado, modificado_por, fecha_hora_modificado) VALUES (67, 2, 1, 23, 4, NULL, 1, 1, N'EDWAR JOSUE', N'RODRIGUEZ MERCADO', NULL, NULL, NULL, NULL, NULL, NULL, NULL, 2, NULL, NULL, NULL, NULL, NULL, 1, 'ROBERTO', '2025-03-04 14:46:18.643', NULL, NULL)
INSERT dbo.candidatos(pk_candidato, pk_movimiento, pk_eleccion_proceso, pk_region, pk_tipo, pk_candidato_mayor, pk_sexo, pk_nacionalidad, nombres, apellidos, direccion, telefono, celular, email, identidad, rtn, fecha_nacimiento, casilla, url_foto_papeleta, url_foto_perfil, url_foto_identidad_anverso, url_foto_identidad_reverso, url_archivo_adicional, estado, creado_por, fecha_hora_creado, modificado_por, fecha_hora_modificado) VALUES (68, 2, 1, 23, 5, 67, 1, 1, N'NELSON YOVANY', N'CARCAMO RODRIGUEZ', NULL, NULL, NULL, NULL, NULL, NULL, NULL, 2, NULL, NULL, NULL, NULL, NULL, 1, 'ROBERTO', '2025-03-04 14:46:18.643', NULL, NULL)
INSERT dbo.candidatos(pk_candidato, pk_movimiento, pk_eleccion_proceso, pk_region, pk_tipo, pk_candidato_mayor, pk_sexo, pk_nacionalidad, nombres, apellidos, direccion, telefono, celular, email, identidad, rtn, fecha_nacimiento, casilla, url_foto_papeleta, url_foto_perfil, url_foto_identidad_anverso, url_foto_identidad_reverso, url_archivo_adicional, estado, creado_por, fecha_hora_creado, modificado_por, fecha_hora_modificado) VALUES (69, 3, 1, 23, 4, NULL, 1, 1, N'ANA MARIA', N'GUEVARA', NULL, NULL, NULL, NULL, NULL, NULL, NULL, 3, NULL, NULL, NULL, NULL, NULL, 1, 'ROBERTO', '2025-03-04 14:46:18.643', NULL, NULL)
INSERT dbo.candidatos(pk_candidato, pk_movimiento, pk_eleccion_proceso, pk_region, pk_tipo, pk_candidato_mayor, pk_sexo, pk_nacionalidad, nombres, apellidos, direccion, telefono, celular, email, identidad, rtn, fecha_nacimiento, casilla, url_foto_papeleta, url_foto_perfil, url_foto_identidad_anverso, url_foto_identidad_reverso, url_archivo_adicional, estado, creado_por, fecha_hora_creado, modificado_por, fecha_hora_modificado) VALUES (70, 3, 1, 23, 5, 69, 1, 1, N'JUSTO PASTOR', N'HERNANDEZ HERRERA', NULL, NULL, NULL, NULL, NULL, NULL, NULL, 3, NULL, NULL, NULL, NULL, NULL, 1, 'ROBERTO', '2025-03-04 14:46:18.643', NULL, NULL)
INSERT dbo.candidatos(pk_candidato, pk_movimiento, pk_eleccion_proceso, pk_region, pk_tipo, pk_candidato_mayor, pk_sexo, pk_nacionalidad, nombres, apellidos, direccion, telefono, celular, email, identidad, rtn, fecha_nacimiento, casilla, url_foto_papeleta, url_foto_perfil, url_foto_identidad_anverso, url_foto_identidad_reverso, url_archivo_adicional, estado, creado_por, fecha_hora_creado, modificado_por, fecha_hora_modificado) VALUES (71, 4, 1, 23, 4, NULL, 1, 1, N'ANA MARCELA', N'VASQUEZ GALEAS', NULL, NULL, NULL, NULL, NULL, NULL, NULL, 4, NULL, NULL, NULL, NULL, NULL, 1, 'ROBERTO', '2025-03-04 14:46:18.643', NULL, NULL)
INSERT dbo.candidatos(pk_candidato, pk_movimiento, pk_eleccion_proceso, pk_region, pk_tipo, pk_candidato_mayor, pk_sexo, pk_nacionalidad, nombres, apellidos, direccion, telefono, celular, email, identidad, rtn, fecha_nacimiento, casilla, url_foto_papeleta, url_foto_perfil, url_foto_identidad_anverso, url_foto_identidad_reverso, url_archivo_adicional, estado, creado_por, fecha_hora_creado, modificado_por, fecha_hora_modificado) VALUES (72, 4, 1, 23, 5, 71, 1, 1, N'ANTHONY JOSE', N'SANCHEZ RODRIGUEZ', NULL, NULL, NULL, NULL, NULL, NULL, NULL, 4, NULL, NULL, NULL, NULL, NULL, 1, 'ROBERTO', '2025-03-04 14:46:18.643', NULL, NULL)
INSERT dbo.candidatos(pk_candidato, pk_movimiento, pk_eleccion_proceso, pk_region, pk_tipo, pk_candidato_mayor, pk_sexo, pk_nacionalidad, nombres, apellidos, direccion, telefono, celular, email, identidad, rtn, fecha_nacimiento, casilla, url_foto_papeleta, url_foto_perfil, url_foto_identidad_anverso, url_foto_identidad_reverso, url_archivo_adicional, estado, creado_por, fecha_hora_creado, modificado_por, fecha_hora_modificado) VALUES (73, 1, 1, 24, 4, NULL, 1, 1, N'ROQUE FRANCISCO', N'BETANCOURTH CASCO', NULL, NULL, NULL, NULL, NULL, NULL, NULL, 1, NULL, NULL, NULL, NULL, NULL, 1, 'ROBERTO', '2025-03-04 14:46:18.643', NULL, NULL)
INSERT dbo.candidatos(pk_candidato, pk_movimiento, pk_eleccion_proceso, pk_region, pk_tipo, pk_candidato_mayor, pk_sexo, pk_nacionalidad, nombres, apellidos, direccion, telefono, celular, email, identidad, rtn, fecha_nacimiento, casilla, url_foto_papeleta, url_foto_perfil, url_foto_identidad_anverso, url_foto_identidad_reverso, url_archivo_adicional, estado, creado_por, fecha_hora_creado, modificado_por, fecha_hora_modificado) VALUES (74, 1, 1, 24, 5, 73, 1, 1, N'ELY CRISTINO', N'HENRIQUEZ AGUILERA', NULL, NULL, NULL, NULL, NULL, NULL, NULL, 1, NULL, NULL, NULL, NULL, NULL, 1, 'ROBERTO', '2025-03-04 14:46:18.643', NULL, NULL)
INSERT dbo.candidatos(pk_candidato, pk_movimiento, pk_eleccion_proceso, pk_region, pk_tipo, pk_candidato_mayor, pk_sexo, pk_nacionalidad, nombres, apellidos, direccion, telefono, celular, email, identidad, rtn, fecha_nacimiento, casilla, url_foto_papeleta, url_foto_perfil, url_foto_identidad_anverso, url_foto_identidad_reverso, url_archivo_adicional, estado, creado_por, fecha_hora_creado, modificado_por, fecha_hora_modificado) VALUES (75, 2, 1, 24, 4, NULL, 1, 1, N'BESSI SUYAPA', N'MARTINEZ MARTINEZ', NULL, NULL, NULL, NULL, NULL, NULL, NULL, 2, NULL, NULL, NULL, NULL, NULL, 1, 'ROBERTO', '2025-03-04 14:46:18.643', NULL, NULL)
INSERT dbo.candidatos(pk_candidato, pk_movimiento, pk_eleccion_proceso, pk_region, pk_tipo, pk_candidato_mayor, pk_sexo, pk_nacionalidad, nombres, apellidos, direccion, telefono, celular, email, identidad, rtn, fecha_nacimiento, casilla, url_foto_papeleta, url_foto_perfil, url_foto_identidad_anverso, url_foto_identidad_reverso, url_archivo_adicional, estado, creado_por, fecha_hora_creado, modificado_por, fecha_hora_modificado) VALUES (76, 2, 1, 24, 5, 75, 1, 1, N'JOSUE RUBEN', N'AGUILAR BETANCO', NULL, NULL, NULL, NULL, NULL, NULL, NULL, 2, NULL, NULL, NULL, NULL, NULL, 1, 'ROBERTO', '2025-03-04 14:46:18.643', NULL, NULL)
INSERT dbo.candidatos(pk_candidato, pk_movimiento, pk_eleccion_proceso, pk_region, pk_tipo, pk_candidato_mayor, pk_sexo, pk_nacionalidad, nombres, apellidos, direccion, telefono, celular, email, identidad, rtn, fecha_nacimiento, casilla, url_foto_papeleta, url_foto_perfil, url_foto_identidad_anverso, url_foto_identidad_reverso, url_archivo_adicional, estado, creado_por, fecha_hora_creado, modificado_por, fecha_hora_modificado) VALUES (77, 3, 1, 24, 4, NULL, 1, 1, N'ERICK BAUTISTA', N'PERINO AGUILERA', NULL, NULL, NULL, NULL, NULL, NULL, NULL, 3, NULL, NULL, NULL, NULL, NULL, 1, 'ROBERTO', '2025-03-04 14:46:18.643', NULL, NULL)
INSERT dbo.candidatos(pk_candidato, pk_movimiento, pk_eleccion_proceso, pk_region, pk_tipo, pk_candidato_mayor, pk_sexo, pk_nacionalidad, nombres, apellidos, direccion, telefono, celular, email, identidad, rtn, fecha_nacimiento, casilla, url_foto_papeleta, url_foto_perfil, url_foto_identidad_anverso, url_foto_identidad_reverso, url_archivo_adicional, estado, creado_por, fecha_hora_creado, modificado_por, fecha_hora_modificado) VALUES (78, 3, 1, 24, 5, 77, 1, 1, N'WILSON GEOVANNY', N'GUEVARA GUILLEN', NULL, NULL, NULL, NULL, NULL, NULL, NULL, 3, NULL, NULL, NULL, NULL, NULL, 1, 'ROBERTO', '2025-03-04 14:46:18.643', NULL, NULL)
INSERT dbo.candidatos(pk_candidato, pk_movimiento, pk_eleccion_proceso, pk_region, pk_tipo, pk_candidato_mayor, pk_sexo, pk_nacionalidad, nombres, apellidos, direccion, telefono, celular, email, identidad, rtn, fecha_nacimiento, casilla, url_foto_papeleta, url_foto_perfil, url_foto_identidad_anverso, url_foto_identidad_reverso, url_archivo_adicional, estado, creado_por, fecha_hora_creado, modificado_por, fecha_hora_modificado) VALUES (79, 4, 1, 24, 4, NULL, 1, 1, N'KATHERINE MARISOL', N'GUILLEN ORDOÑEZ', NULL, NULL, NULL, NULL, NULL, NULL, NULL, 4, NULL, NULL, NULL, NULL, NULL, 1, 'ROBERTO', '2025-03-04 14:46:18.643', NULL, NULL)
INSERT dbo.candidatos(pk_candidato, pk_movimiento, pk_eleccion_proceso, pk_region, pk_tipo, pk_candidato_mayor, pk_sexo, pk_nacionalidad, nombres, apellidos, direccion, telefono, celular, email, identidad, rtn, fecha_nacimiento, casilla, url_foto_papeleta, url_foto_perfil, url_foto_identidad_anverso, url_foto_identidad_reverso, url_archivo_adicional, estado, creado_por, fecha_hora_creado, modificado_por, fecha_hora_modificado) VALUES (80, 4, 1, 24, 5, 79, 1, 1, N'HERLAND DANILO', N'RUEDA HERRERA', NULL, NULL, NULL, NULL, NULL, NULL, NULL, 4, NULL, NULL, NULL, NULL, NULL, 1, 'ROBERTO', '2025-03-04 14:46:18.643', NULL, NULL)
INSERT dbo.candidatos(pk_candidato, pk_movimiento, pk_eleccion_proceso, pk_region, pk_tipo, pk_candidato_mayor, pk_sexo, pk_nacionalidad, nombres, apellidos, direccion, telefono, celular, email, identidad, rtn, fecha_nacimiento, casilla, url_foto_papeleta, url_foto_perfil, url_foto_identidad_anverso, url_foto_identidad_reverso, url_archivo_adicional, estado, creado_por, fecha_hora_creado, modificado_por, fecha_hora_modificado) VALUES (81, 1, 1, 25, 4, NULL, 1, 1, N'JIMY ANTONIO', N'PEREZ MERCADO', NULL, NULL, NULL, NULL, NULL, NULL, NULL, 1, NULL, NULL, NULL, NULL, NULL, 1, 'ROBERTO', '2025-03-04 14:46:18.643', NULL, NULL)
INSERT dbo.candidatos(pk_candidato, pk_movimiento, pk_eleccion_proceso, pk_region, pk_tipo, pk_candidato_mayor, pk_sexo, pk_nacionalidad, nombres, apellidos, direccion, telefono, celular, email, identidad, rtn, fecha_nacimiento, casilla, url_foto_papeleta, url_foto_perfil, url_foto_identidad_anverso, url_foto_identidad_reverso, url_archivo_adicional, estado, creado_por, fecha_hora_creado, modificado_por, fecha_hora_modificado) VALUES (82, 1, 1, 25, 5, 81, 1, 1, N'JOSE RIGOBERTO', N'ALVAREZ GUEVARA', NULL, NULL, NULL, NULL, NULL, NULL, NULL, 1, NULL, NULL, NULL, NULL, NULL, 1, 'ROBERTO', '2025-03-04 14:46:18.643', NULL, NULL)
INSERT dbo.candidatos(pk_candidato, pk_movimiento, pk_eleccion_proceso, pk_region, pk_tipo, pk_candidato_mayor, pk_sexo, pk_nacionalidad, nombres, apellidos, direccion, telefono, celular, email, identidad, rtn, fecha_nacimiento, casilla, url_foto_papeleta, url_foto_perfil, url_foto_identidad_anverso, url_foto_identidad_reverso, url_archivo_adicional, estado, creado_por, fecha_hora_creado, modificado_por, fecha_hora_modificado) VALUES (83, 2, 1, 25, 4, NULL, 1, 1, N'JORGE LUIS', N'CACERES FERRUFINO', NULL, NULL, NULL, NULL, NULL, NULL, NULL, 2, NULL, NULL, NULL, NULL, NULL, 1, 'ROBERTO', '2025-03-04 14:46:18.643', NULL, NULL)
INSERT dbo.candidatos(pk_candidato, pk_movimiento, pk_eleccion_proceso, pk_region, pk_tipo, pk_candidato_mayor, pk_sexo, pk_nacionalidad, nombres, apellidos, direccion, telefono, celular, email, identidad, rtn, fecha_nacimiento, casilla, url_foto_papeleta, url_foto_perfil, url_foto_identidad_anverso, url_foto_identidad_reverso, url_archivo_adicional, estado, creado_por, fecha_hora_creado, modificado_por, fecha_hora_modificado) VALUES (84, 2, 1, 25, 5, 83, 1, 1, N'WILBERTO', N'MEZA', NULL, NULL, NULL, NULL, NULL, NULL, NULL, 2, NULL, NULL, NULL, NULL, NULL, 1, 'ROBERTO', '2025-03-04 14:46:18.643', NULL, NULL)
INSERT dbo.candidatos(pk_candidato, pk_movimiento, pk_eleccion_proceso, pk_region, pk_tipo, pk_candidato_mayor, pk_sexo, pk_nacionalidad, nombres, apellidos, direccion, telefono, celular, email, identidad, rtn, fecha_nacimiento, casilla, url_foto_papeleta, url_foto_perfil, url_foto_identidad_anverso, url_foto_identidad_reverso, url_archivo_adicional, estado, creado_por, fecha_hora_creado, modificado_por, fecha_hora_modificado) VALUES (85, 3, 1, 25, 4, NULL, 1, 1, N'ELVIN ANTONIO', N'MARADIAGA ZEPEDA', NULL, NULL, NULL, NULL, NULL, NULL, NULL, 3, NULL, NULL, NULL, NULL, NULL, 1, 'ROBERTO', '2025-03-04 14:46:18.643', NULL, NULL)
INSERT dbo.candidatos(pk_candidato, pk_movimiento, pk_eleccion_proceso, pk_region, pk_tipo, pk_candidato_mayor, pk_sexo, pk_nacionalidad, nombres, apellidos, direccion, telefono, celular, email, identidad, rtn, fecha_nacimiento, casilla, url_foto_papeleta, url_foto_perfil, url_foto_identidad_anverso, url_foto_identidad_reverso, url_archivo_adicional, estado, creado_por, fecha_hora_creado, modificado_por, fecha_hora_modificado) VALUES (86, 3, 1, 25, 5, 85, 1, 1, N'JAIME ALEXANDER', N'GARCIA BURGOS', NULL, NULL, NULL, NULL, NULL, NULL, NULL, 3, NULL, NULL, NULL, NULL, NULL, 1, 'ROBERTO', '2025-03-04 14:46:18.643', NULL, NULL)
INSERT dbo.candidatos(pk_candidato, pk_movimiento, pk_eleccion_proceso, pk_region, pk_tipo, pk_candidato_mayor, pk_sexo, pk_nacionalidad, nombres, apellidos, direccion, telefono, celular, email, identidad, rtn, fecha_nacimiento, casilla, url_foto_papeleta, url_foto_perfil, url_foto_identidad_anverso, url_foto_identidad_reverso, url_archivo_adicional, estado, creado_por, fecha_hora_creado, modificado_por, fecha_hora_modificado) VALUES (87, 4, 1, 25, 4, NULL, 1, 1, N'KELYN YANETH', N'LOPEZ PALMA', NULL, NULL, NULL, NULL, NULL, NULL, NULL, 4, NULL, NULL, NULL, NULL, NULL, 1, 'ROBERTO', '2025-03-04 14:46:18.643', NULL, NULL)
INSERT dbo.candidatos(pk_candidato, pk_movimiento, pk_eleccion_proceso, pk_region, pk_tipo, pk_candidato_mayor, pk_sexo, pk_nacionalidad, nombres, apellidos, direccion, telefono, celular, email, identidad, rtn, fecha_nacimiento, casilla, url_foto_papeleta, url_foto_perfil, url_foto_identidad_anverso, url_foto_identidad_reverso, url_archivo_adicional, estado, creado_por, fecha_hora_creado, modificado_por, fecha_hora_modificado) VALUES (88, 4, 1, 25, 5, 87, 1, 1, N'MARIA YOLANDA', N'ZEPEDA MENDEZ', NULL, NULL, NULL, NULL, NULL, NULL, NULL, 4, NULL, NULL, NULL, NULL, NULL, 1, 'ROBERTO', '2025-03-04 14:46:18.643', NULL, NULL)
INSERT dbo.candidatos(pk_candidato, pk_movimiento, pk_eleccion_proceso, pk_region, pk_tipo, pk_candidato_mayor, pk_sexo, pk_nacionalidad, nombres, apellidos, direccion, telefono, celular, email, identidad, rtn, fecha_nacimiento, casilla, url_foto_papeleta, url_foto_perfil, url_foto_identidad_anverso, url_foto_identidad_reverso, url_archivo_adicional, estado, creado_por, fecha_hora_creado, modificado_por, fecha_hora_modificado) VALUES (89, 1, 1, 26, 4, NULL, 1, 1, N'RUBEN VICENTE', N'ORTIZ', NULL, NULL, NULL, NULL, NULL, NULL, NULL, 1, NULL, NULL, NULL, NULL, NULL, 1, 'ROBERTO', '2025-03-04 14:46:18.643', NULL, NULL)
INSERT dbo.candidatos(pk_candidato, pk_movimiento, pk_eleccion_proceso, pk_region, pk_tipo, pk_candidato_mayor, pk_sexo, pk_nacionalidad, nombres, apellidos, direccion, telefono, celular, email, identidad, rtn, fecha_nacimiento, casilla, url_foto_papeleta, url_foto_perfil, url_foto_identidad_anverso, url_foto_identidad_reverso, url_archivo_adicional, estado, creado_por, fecha_hora_creado, modificado_por, fecha_hora_modificado) VALUES (90, 1, 1, 26, 5, 89, 1, 1, N'MARIA ANTONIA', N'NUÑEZ LAGOS', NULL, NULL, NULL, NULL, NULL, NULL, NULL, 1, NULL, NULL, NULL, NULL, NULL, 1, 'ROBERTO', '2025-03-04 14:46:18.643', NULL, NULL)
INSERT dbo.candidatos(pk_candidato, pk_movimiento, pk_eleccion_proceso, pk_region, pk_tipo, pk_candidato_mayor, pk_sexo, pk_nacionalidad, nombres, apellidos, direccion, telefono, celular, email, identidad, rtn, fecha_nacimiento, casilla, url_foto_papeleta, url_foto_perfil, url_foto_identidad_anverso, url_foto_identidad_reverso, url_archivo_adicional, estado, creado_por, fecha_hora_creado, modificado_por, fecha_hora_modificado) VALUES (91, 2, 1, 26, 4, NULL, 1, 1, N'ALCIDES MORENO', N'UMANZOR', NULL, NULL, NULL, NULL, NULL, NULL, NULL, 2, NULL, NULL, NULL, NULL, NULL, 1, 'ROBERTO', '2025-03-04 14:46:18.643', NULL, NULL)
INSERT dbo.candidatos(pk_candidato, pk_movimiento, pk_eleccion_proceso, pk_region, pk_tipo, pk_candidato_mayor, pk_sexo, pk_nacionalidad, nombres, apellidos, direccion, telefono, celular, email, identidad, rtn, fecha_nacimiento, casilla, url_foto_papeleta, url_foto_perfil, url_foto_identidad_anverso, url_foto_identidad_reverso, url_archivo_adicional, estado, creado_por, fecha_hora_creado, modificado_por, fecha_hora_modificado) VALUES (92, 2, 1, 26, 5, 91, 1, 1, N'JUAN ANGEL', N'FLETES LAGOS ', NULL, NULL, NULL, NULL, NULL, NULL, NULL, 2, NULL, NULL, NULL, NULL, NULL, 1, 'ROBERTO', '2025-03-04 14:46:18.643', NULL, NULL)
INSERT dbo.candidatos(pk_candidato, pk_movimiento, pk_eleccion_proceso, pk_region, pk_tipo, pk_candidato_mayor, pk_sexo, pk_nacionalidad, nombres, apellidos, direccion, telefono, celular, email, identidad, rtn, fecha_nacimiento, casilla, url_foto_papeleta, url_foto_perfil, url_foto_identidad_anverso, url_foto_identidad_reverso, url_archivo_adicional, estado, creado_por, fecha_hora_creado, modificado_por, fecha_hora_modificado) VALUES (93, 3, 1, 26, 4, NULL, 1, 1, N'JOSE NAHUN', N'CALIX ALVAREZ', NULL, NULL, NULL, NULL, NULL, NULL, NULL, 3, NULL, NULL, NULL, NULL, NULL, 1, 'ROBERTO', '2025-03-04 14:46:18.643', NULL, NULL)
INSERT dbo.candidatos(pk_candidato, pk_movimiento, pk_eleccion_proceso, pk_region, pk_tipo, pk_candidato_mayor, pk_sexo, pk_nacionalidad, nombres, apellidos, direccion, telefono, celular, email, identidad, rtn, fecha_nacimiento, casilla, url_foto_papeleta, url_foto_perfil, url_foto_identidad_anverso, url_foto_identidad_reverso, url_archivo_adicional, estado, creado_por, fecha_hora_creado, modificado_por, fecha_hora_modificado) VALUES (94, 3, 1, 26, 5, 93, 1, 1, N'JOSE RIGOBERTO', N'AVILA ALVARADO', NULL, NULL, NULL, NULL, NULL, NULL, NULL, 3, NULL, NULL, NULL, NULL, NULL, 1, 'ROBERTO', '2025-03-04 14:46:18.643', NULL, NULL)
INSERT dbo.candidatos(pk_candidato, pk_movimiento, pk_eleccion_proceso, pk_region, pk_tipo, pk_candidato_mayor, pk_sexo, pk_nacionalidad, nombres, apellidos, direccion, telefono, celular, email, identidad, rtn, fecha_nacimiento, casilla, url_foto_papeleta, url_foto_perfil, url_foto_identidad_anverso, url_foto_identidad_reverso, url_archivo_adicional, estado, creado_por, fecha_hora_creado, modificado_por, fecha_hora_modificado) VALUES (95, 4, 1, 26, 4, NULL, 1, 1, N'MARGEN BARAHONA', N'ELVIR', NULL, NULL, NULL, NULL, NULL, NULL, NULL, 4, NULL, NULL, NULL, NULL, NULL, 1, 'ROBERTO', '2025-03-04 14:46:18.643', NULL, NULL)
INSERT dbo.candidatos(pk_candidato, pk_movimiento, pk_eleccion_proceso, pk_region, pk_tipo, pk_candidato_mayor, pk_sexo, pk_nacionalidad, nombres, apellidos, direccion, telefono, celular, email, identidad, rtn, fecha_nacimiento, casilla, url_foto_papeleta, url_foto_perfil, url_foto_identidad_anverso, url_foto_identidad_reverso, url_archivo_adicional, estado, creado_por, fecha_hora_creado, modificado_por, fecha_hora_modificado) VALUES (96, 4, 1, 26, 5, 95, 1, 1, N'SUANY MARILIN', N'CRUZ ALVAREZ', NULL, NULL, NULL, NULL, NULL, NULL, NULL, 4, NULL, NULL, NULL, NULL, NULL, 1, 'ROBERTO', '2025-03-04 14:46:18.643', NULL, NULL)
INSERT dbo.candidatos(pk_candidato, pk_movimiento, pk_eleccion_proceso, pk_region, pk_tipo, pk_candidato_mayor, pk_sexo, pk_nacionalidad, nombres, apellidos, direccion, telefono, celular, email, identidad, rtn, fecha_nacimiento, casilla, url_foto_papeleta, url_foto_perfil, url_foto_identidad_anverso, url_foto_identidad_reverso, url_archivo_adicional, estado, creado_por, fecha_hora_creado, modificado_por, fecha_hora_modificado) VALUES (97, 1, 1, 27, 4, NULL, 1, 1, N'DIXZON EURODIO', N'ORDOÑEZ', NULL, NULL, NULL, NULL, NULL, NULL, NULL, 1, NULL, NULL, NULL, NULL, NULL, 1, 'ROBERTO', '2025-03-04 14:46:18.643', NULL, NULL)
INSERT dbo.candidatos(pk_candidato, pk_movimiento, pk_eleccion_proceso, pk_region, pk_tipo, pk_candidato_mayor, pk_sexo, pk_nacionalidad, nombres, apellidos, direccion, telefono, celular, email, identidad, rtn, fecha_nacimiento, casilla, url_foto_papeleta, url_foto_perfil, url_foto_identidad_anverso, url_foto_identidad_reverso, url_archivo_adicional, estado, creado_por, fecha_hora_creado, modificado_por, fecha_hora_modificado) VALUES (98, 1, 1, 27, 5, 97, 1, 1, N'RONI ARTURO', N'AGUILERA RODRIGUEZ', NULL, NULL, NULL, NULL, NULL, NULL, NULL, 1, NULL, NULL, NULL, NULL, NULL, 1, 'ROBERTO', '2025-03-04 14:46:18.643', NULL, NULL)
INSERT dbo.candidatos(pk_candidato, pk_movimiento, pk_eleccion_proceso, pk_region, pk_tipo, pk_candidato_mayor, pk_sexo, pk_nacionalidad, nombres, apellidos, direccion, telefono, celular, email, identidad, rtn, fecha_nacimiento, casilla, url_foto_papeleta, url_foto_perfil, url_foto_identidad_anverso, url_foto_identidad_reverso, url_archivo_adicional, estado, creado_por, fecha_hora_creado, modificado_por, fecha_hora_modificado) VALUES (99, 2, 1, 27, 4, NULL, 1, 1, N'JULIO HUMBERTO', N'MONCADA PONCE', NULL, NULL, NULL, NULL, NULL, NULL, NULL, 2, NULL, NULL, NULL, NULL, NULL, 1, 'ROBERTO', '2025-03-04 14:46:18.643', NULL, NULL)
INSERT dbo.candidatos(pk_candidato, pk_movimiento, pk_eleccion_proceso, pk_region, pk_tipo, pk_candidato_mayor, pk_sexo, pk_nacionalidad, nombres, apellidos, direccion, telefono, celular, email, identidad, rtn, fecha_nacimiento, casilla, url_foto_papeleta, url_foto_perfil, url_foto_identidad_anverso, url_foto_identidad_reverso, url_archivo_adicional, estado, creado_por, fecha_hora_creado, modificado_por, fecha_hora_modificado) VALUES (100, 2, 1, 27, 5, 99, 1, 1, N'LUCIO ARNALDO', N'NAIRA MENDOZA', NULL, NULL, NULL, NULL, NULL, NULL, NULL, 2, NULL, NULL, NULL, NULL, NULL, 1, 'ROBERTO', '2025-03-04 14:46:18.643', NULL, NULL)
INSERT dbo.candidatos(pk_candidato, pk_movimiento, pk_eleccion_proceso, pk_region, pk_tipo, pk_candidato_mayor, pk_sexo, pk_nacionalidad, nombres, apellidos, direccion, telefono, celular, email, identidad, rtn, fecha_nacimiento, casilla, url_foto_papeleta, url_foto_perfil, url_foto_identidad_anverso, url_foto_identidad_reverso, url_archivo_adicional, estado, creado_por, fecha_hora_creado, modificado_por, fecha_hora_modificado) VALUES (101, 3, 1, 27, 4, NULL, 1, 1, N'REINA ISABEL', N'VALLADARES CONTRERAS', NULL, NULL, NULL, NULL, NULL, NULL, NULL, 3, NULL, NULL, NULL, NULL, NULL, 1, 'ROBERTO', '2025-03-04 14:46:18.643', NULL, NULL)
INSERT dbo.candidatos(pk_candidato, pk_movimiento, pk_eleccion_proceso, pk_region, pk_tipo, pk_candidato_mayor, pk_sexo, pk_nacionalidad, nombres, apellidos, direccion, telefono, celular, email, identidad, rtn, fecha_nacimiento, casilla, url_foto_papeleta, url_foto_perfil, url_foto_identidad_anverso, url_foto_identidad_reverso, url_archivo_adicional, estado, creado_por, fecha_hora_creado, modificado_por, fecha_hora_modificado) VALUES (102, 3, 1, 27, 5, 101, 1, 1, N'CARLOS ROLANDO', N'GARCIA RODRIGUEZ', NULL, NULL, NULL, NULL, NULL, NULL, NULL, 3, NULL, NULL, NULL, NULL, NULL, 1, 'ROBERTO', '2025-03-04 14:46:18.643', NULL, NULL)
INSERT dbo.candidatos(pk_candidato, pk_movimiento, pk_eleccion_proceso, pk_region, pk_tipo, pk_candidato_mayor, pk_sexo, pk_nacionalidad, nombres, apellidos, direccion, telefono, celular, email, identidad, rtn, fecha_nacimiento, casilla, url_foto_papeleta, url_foto_perfil, url_foto_identidad_anverso, url_foto_identidad_reverso, url_archivo_adicional, estado, creado_por, fecha_hora_creado, modificado_por, fecha_hora_modificado) VALUES (103, 4, 1, 27, 4, NULL, 1, 1, N'ERIS YONIS', N'CARRASCO GOMEZ', NULL, NULL, NULL, NULL, NULL, NULL, NULL, 4, NULL, NULL, NULL, NULL, NULL, 1, 'ROBERTO', '2025-03-04 14:46:18.643', NULL, NULL)
INSERT dbo.candidatos(pk_candidato, pk_movimiento, pk_eleccion_proceso, pk_region, pk_tipo, pk_candidato_mayor, pk_sexo, pk_nacionalidad, nombres, apellidos, direccion, telefono, celular, email, identidad, rtn, fecha_nacimiento, casilla, url_foto_papeleta, url_foto_perfil, url_foto_identidad_anverso, url_foto_identidad_reverso, url_archivo_adicional, estado, creado_por, fecha_hora_creado, modificado_por, fecha_hora_modificado) VALUES (104, 4, 1, 27, 5, 103, 1, 1, N'RUBEN ANTONIO', N'ORDOÑEZ LOPEZ', NULL, NULL, NULL, NULL, NULL, NULL, NULL, 4, NULL, NULL, NULL, NULL, NULL, 1, 'ROBERTO', '2025-03-04 14:46:18.643', NULL, NULL)
INSERT dbo.candidatos(pk_candidato, pk_movimiento, pk_eleccion_proceso, pk_region, pk_tipo, pk_candidato_mayor, pk_sexo, pk_nacionalidad, nombres, apellidos, direccion, telefono, celular, email, identidad, rtn, fecha_nacimiento, casilla, url_foto_papeleta, url_foto_perfil, url_foto_identidad_anverso, url_foto_identidad_reverso, url_archivo_adicional, estado, creado_por, fecha_hora_creado, modificado_por, fecha_hora_modificado) VALUES (105, 1, 1, 28, 4, NULL, 1, 1, N'CARLOS DAVID', N'SOLANO ZELAYA', NULL, NULL, NULL, NULL, NULL, NULL, NULL, 1, NULL, NULL, NULL, NULL, NULL, 1, 'ROBERTO', '2025-03-04 14:46:18.643', NULL, NULL)
INSERT dbo.candidatos(pk_candidato, pk_movimiento, pk_eleccion_proceso, pk_region, pk_tipo, pk_candidato_mayor, pk_sexo, pk_nacionalidad, nombres, apellidos, direccion, telefono, celular, email, identidad, rtn, fecha_nacimiento, casilla, url_foto_papeleta, url_foto_perfil, url_foto_identidad_anverso, url_foto_identidad_reverso, url_archivo_adicional, estado, creado_por, fecha_hora_creado, modificado_por, fecha_hora_modificado) VALUES (106, 1, 1, 28, 5, 105, 1, 1, N'LESLY MIGDALY', N' CASTILLO OCHOA', NULL, NULL, NULL, NULL, NULL, NULL, NULL, 1, NULL, NULL, NULL, NULL, NULL, 1, 'ROBERTO', '2025-03-04 14:46:18.643', NULL, NULL)
INSERT dbo.candidatos(pk_candidato, pk_movimiento, pk_eleccion_proceso, pk_region, pk_tipo, pk_candidato_mayor, pk_sexo, pk_nacionalidad, nombres, apellidos, direccion, telefono, celular, email, identidad, rtn, fecha_nacimiento, casilla, url_foto_papeleta, url_foto_perfil, url_foto_identidad_anverso, url_foto_identidad_reverso, url_archivo_adicional, estado, creado_por, fecha_hora_creado, modificado_por, fecha_hora_modificado) VALUES (107, 2, 1, 28, 4, NULL, 1, 1, N'CARLOS RAMON', N'LINDO', NULL, NULL, NULL, NULL, NULL, NULL, NULL, 2, NULL, NULL, NULL, NULL, NULL, 1, 'ROBERTO', '2025-03-04 14:46:18.643', NULL, NULL)
INSERT dbo.candidatos(pk_candidato, pk_movimiento, pk_eleccion_proceso, pk_region, pk_tipo, pk_candidato_mayor, pk_sexo, pk_nacionalidad, nombres, apellidos, direccion, telefono, celular, email, identidad, rtn, fecha_nacimiento, casilla, url_foto_papeleta, url_foto_perfil, url_foto_identidad_anverso, url_foto_identidad_reverso, url_archivo_adicional, estado, creado_por, fecha_hora_creado, modificado_por, fecha_hora_modificado) VALUES (108, 2, 1, 28, 5, 107, 1, 1, N'AURORA ISOLINA', N'ISAGUIRRE', NULL, NULL, NULL, NULL, NULL, NULL, NULL, 2, NULL, NULL, NULL, NULL, NULL, 1, 'ROBERTO', '2025-03-04 14:46:18.643', NULL, NULL)
INSERT dbo.candidatos(pk_candidato, pk_movimiento, pk_eleccion_proceso, pk_region, pk_tipo, pk_candidato_mayor, pk_sexo, pk_nacionalidad, nombres, apellidos, direccion, telefono, celular, email, identidad, rtn, fecha_nacimiento, casilla, url_foto_papeleta, url_foto_perfil, url_foto_identidad_anverso, url_foto_identidad_reverso, url_archivo_adicional, estado, creado_por, fecha_hora_creado, modificado_por, fecha_hora_modificado) VALUES (109, 3, 1, 28, 4, NULL, 1, 1, N'JUAN RAMON', N'OVIEDO AYALA', NULL, NULL, NULL, NULL, NULL, NULL, NULL, 3, NULL, NULL, NULL, NULL, NULL, 1, 'ROBERTO', '2025-03-04 14:46:18.643', NULL, NULL)
INSERT dbo.candidatos(pk_candidato, pk_movimiento, pk_eleccion_proceso, pk_region, pk_tipo, pk_candidato_mayor, pk_sexo, pk_nacionalidad, nombres, apellidos, direccion, telefono, celular, email, identidad, rtn, fecha_nacimiento, casilla, url_foto_papeleta, url_foto_perfil, url_foto_identidad_anverso, url_foto_identidad_reverso, url_archivo_adicional, estado, creado_por, fecha_hora_creado, modificado_por, fecha_hora_modificado) VALUES (110, 3, 1, 28, 5, 109, 1, 1, N'ALLISON GISEL', N'MARADIAGA MALDONADO', NULL, NULL, NULL, NULL, NULL, NULL, NULL, 3, NULL, NULL, NULL, NULL, NULL, 1, 'ROBERTO', '2025-03-04 14:46:18.643', NULL, NULL)
INSERT dbo.candidatos(pk_candidato, pk_movimiento, pk_eleccion_proceso, pk_region, pk_tipo, pk_candidato_mayor, pk_sexo, pk_nacionalidad, nombres, apellidos, direccion, telefono, celular, email, identidad, rtn, fecha_nacimiento, casilla, url_foto_papeleta, url_foto_perfil, url_foto_identidad_anverso, url_foto_identidad_reverso, url_archivo_adicional, estado, creado_por, fecha_hora_creado, modificado_por, fecha_hora_modificado) VALUES (111, 4, 1, 28, 4, NULL, 1, 1, N'MARIA ESTHER', N'VELASQUEZ', NULL, NULL, NULL, NULL, NULL, NULL, NULL, 4, NULL, NULL, NULL, NULL, NULL, 1, 'ROBERTO', '2025-03-04 14:46:18.643', NULL, NULL)
INSERT dbo.candidatos(pk_candidato, pk_movimiento, pk_eleccion_proceso, pk_region, pk_tipo, pk_candidato_mayor, pk_sexo, pk_nacionalidad, nombres, apellidos, direccion, telefono, celular, email, identidad, rtn, fecha_nacimiento, casilla, url_foto_papeleta, url_foto_perfil, url_foto_identidad_anverso, url_foto_identidad_reverso, url_archivo_adicional, estado, creado_por, fecha_hora_creado, modificado_por, fecha_hora_modificado) VALUES (112, 4, 1, 28, 5, 111, 1, 1, N'HERMES MANUEL', N'RIOS MARTINEZ', NULL, NULL, NULL, NULL, NULL, NULL, NULL, 4, NULL, NULL, NULL, NULL, NULL, 1, 'ROBERTO', '2025-03-04 14:46:18.643', NULL, NULL)
INSERT dbo.candidatos(pk_candidato, pk_movimiento, pk_eleccion_proceso, pk_region, pk_tipo, pk_candidato_mayor, pk_sexo, pk_nacionalidad, nombres, apellidos, direccion, telefono, celular, email, identidad, rtn, fecha_nacimiento, casilla, url_foto_papeleta, url_foto_perfil, url_foto_identidad_anverso, url_foto_identidad_reverso, url_archivo_adicional, estado, creado_por, fecha_hora_creado, modificado_por, fecha_hora_modificado) VALUES (113, 1, 1, 29, 4, NULL, 1, 1, N'SAMUEL CHAVARRRIA', N'SANCHEZ', NULL, NULL, NULL, NULL, NULL, NULL, NULL, 1, NULL, NULL, NULL, NULL, NULL, 1, 'ROBERTO', '2025-03-04 14:46:18.643', NULL, NULL)
INSERT dbo.candidatos(pk_candidato, pk_movimiento, pk_eleccion_proceso, pk_region, pk_tipo, pk_candidato_mayor, pk_sexo, pk_nacionalidad, nombres, apellidos, direccion, telefono, celular, email, identidad, rtn, fecha_nacimiento, casilla, url_foto_papeleta, url_foto_perfil, url_foto_identidad_anverso, url_foto_identidad_reverso, url_archivo_adicional, estado, creado_por, fecha_hora_creado, modificado_por, fecha_hora_modificado) VALUES (114, 1, 1, 29, 5, 113, 1, 1, N'LUZ CECILIA', N'BAQUEDANO PORTILLO', NULL, NULL, NULL, NULL, NULL, NULL, NULL, 1, NULL, NULL, NULL, NULL, NULL, 1, 'ROBERTO', '2025-03-04 14:46:18.643', NULL, NULL)
INSERT dbo.candidatos(pk_candidato, pk_movimiento, pk_eleccion_proceso, pk_region, pk_tipo, pk_candidato_mayor, pk_sexo, pk_nacionalidad, nombres, apellidos, direccion, telefono, celular, email, identidad, rtn, fecha_nacimiento, casilla, url_foto_papeleta, url_foto_perfil, url_foto_identidad_anverso, url_foto_identidad_reverso, url_archivo_adicional, estado, creado_por, fecha_hora_creado, modificado_por, fecha_hora_modificado) VALUES (115, 2, 1, 29, 4, NULL, 1, 1, N'SANTOS FREDESMAN', N'ESCOTO', NULL, NULL, NULL, NULL, NULL, NULL, NULL, 2, NULL, NULL, NULL, NULL, NULL, 1, 'ROBERTO', '2025-03-04 14:46:18.643', NULL, NULL)
INSERT dbo.candidatos(pk_candidato, pk_movimiento, pk_eleccion_proceso, pk_region, pk_tipo, pk_candidato_mayor, pk_sexo, pk_nacionalidad, nombres, apellidos, direccion, telefono, celular, email, identidad, rtn, fecha_nacimiento, casilla, url_foto_papeleta, url_foto_perfil, url_foto_identidad_anverso, url_foto_identidad_reverso, url_archivo_adicional, estado, creado_por, fecha_hora_creado, modificado_por, fecha_hora_modificado) VALUES (116, 2, 1, 29, 5, 115, 1, 1, N'MARVIN GABRIEL', N'SANCHEZ REYES', NULL, NULL, NULL, NULL, NULL, NULL, NULL, 2, NULL, NULL, NULL, NULL, NULL, 1, 'ROBERTO', '2025-03-04 14:46:18.643', NULL, NULL)
INSERT dbo.candidatos(pk_candidato, pk_movimiento, pk_eleccion_proceso, pk_region, pk_tipo, pk_candidato_mayor, pk_sexo, pk_nacionalidad, nombres, apellidos, direccion, telefono, celular, email, identidad, rtn, fecha_nacimiento, casilla, url_foto_papeleta, url_foto_perfil, url_foto_identidad_anverso, url_foto_identidad_reverso, url_archivo_adicional, estado, creado_por, fecha_hora_creado, modificado_por, fecha_hora_modificado) VALUES (117, 3, 1, 29, 4, NULL, 1, 1, N'FELIPE NERY', N'MENDES SORIANO', NULL, NULL, NULL, NULL, NULL, NULL, NULL, 3, NULL, NULL, NULL, NULL, NULL, 1, 'ROBERTO', '2025-03-04 14:46:18.643', NULL, NULL)
INSERT dbo.candidatos(pk_candidato, pk_movimiento, pk_eleccion_proceso, pk_region, pk_tipo, pk_candidato_mayor, pk_sexo, pk_nacionalidad, nombres, apellidos, direccion, telefono, celular, email, identidad, rtn, fecha_nacimiento, casilla, url_foto_papeleta, url_foto_perfil, url_foto_identidad_anverso, url_foto_identidad_reverso, url_archivo_adicional, estado, creado_por, fecha_hora_creado, modificado_por, fecha_hora_modificado) VALUES (118, 3, 1, 29, 5, 117, 1, 1, N'FAUSTO GUADALUPE', N'FLORES HERRERA', NULL, NULL, NULL, NULL, NULL, NULL, NULL, 3, NULL, NULL, NULL, NULL, NULL, 1, 'ROBERTO', '2025-03-04 14:46:18.643', NULL, NULL)
INSERT dbo.candidatos(pk_candidato, pk_movimiento, pk_eleccion_proceso, pk_region, pk_tipo, pk_candidato_mayor, pk_sexo, pk_nacionalidad, nombres, apellidos, direccion, telefono, celular, email, identidad, rtn, fecha_nacimiento, casilla, url_foto_papeleta, url_foto_perfil, url_foto_identidad_anverso, url_foto_identidad_reverso, url_archivo_adicional, estado, creado_por, fecha_hora_creado, modificado_por, fecha_hora_modificado) VALUES (119, 4, 1, 29, 4, NULL, 1, 1, N'GERMAN OMAR', N'DIAZ', NULL, NULL, NULL, NULL, NULL, NULL, NULL, 4, NULL, NULL, NULL, NULL, NULL, 1, 'ROBERTO', '2025-03-04 14:46:18.643', NULL, NULL)
INSERT dbo.candidatos(pk_candidato, pk_movimiento, pk_eleccion_proceso, pk_region, pk_tipo, pk_candidato_mayor, pk_sexo, pk_nacionalidad, nombres, apellidos, direccion, telefono, celular, email, identidad, rtn, fecha_nacimiento, casilla, url_foto_papeleta, url_foto_perfil, url_foto_identidad_anverso, url_foto_identidad_reverso, url_archivo_adicional, estado, creado_por, fecha_hora_creado, modificado_por, fecha_hora_modificado) VALUES (120, 4, 1, 29, 5, 119, 1, 1, N'WALESKA MARBELI', N'RAMIREZ BACA', NULL, NULL, NULL, NULL, NULL, NULL, NULL, 4, NULL, NULL, NULL, NULL, NULL, 1, 'ROBERTO', '2025-03-04 14:46:18.643', NULL, NULL)
INSERT dbo.candidatos(pk_candidato, pk_movimiento, pk_eleccion_proceso, pk_region, pk_tipo, pk_candidato_mayor, pk_sexo, pk_nacionalidad, nombres, apellidos, direccion, telefono, celular, email, identidad, rtn, fecha_nacimiento, casilla, url_foto_papeleta, url_foto_perfil, url_foto_identidad_anverso, url_foto_identidad_reverso, url_archivo_adicional, estado, creado_por, fecha_hora_creado, modificado_por, fecha_hora_modificado) VALUES (121, 1, 1, 30, 4, NULL, 1, 1, N'JUAN BAUTISTA', N'MORAN ESPINOZA', NULL, NULL, NULL, NULL, NULL, NULL, NULL, 1, NULL, NULL, NULL, NULL, NULL, 1, 'ROBERTO', '2025-03-04 14:46:18.643', NULL, NULL)
INSERT dbo.candidatos(pk_candidato, pk_movimiento, pk_eleccion_proceso, pk_region, pk_tipo, pk_candidato_mayor, pk_sexo, pk_nacionalidad, nombres, apellidos, direccion, telefono, celular, email, identidad, rtn, fecha_nacimiento, casilla, url_foto_papeleta, url_foto_perfil, url_foto_identidad_anverso, url_foto_identidad_reverso, url_archivo_adicional, estado, creado_por, fecha_hora_creado, modificado_por, fecha_hora_modificado) VALUES (122, 1, 1, 30, 5, 121, 1, 1, N'AMADA NOELIA', N'EUCEDA QUIROZ', NULL, NULL, NULL, NULL, NULL, NULL, NULL, 1, NULL, NULL, NULL, NULL, NULL, 1, 'ROBERTO', '2025-03-04 14:46:18.643', NULL, NULL)
INSERT dbo.candidatos(pk_candidato, pk_movimiento, pk_eleccion_proceso, pk_region, pk_tipo, pk_candidato_mayor, pk_sexo, pk_nacionalidad, nombres, apellidos, direccion, telefono, celular, email, identidad, rtn, fecha_nacimiento, casilla, url_foto_papeleta, url_foto_perfil, url_foto_identidad_anverso, url_foto_identidad_reverso, url_archivo_adicional, estado, creado_por, fecha_hora_creado, modificado_por, fecha_hora_modificado) VALUES (123, 2, 1, 30, 4, NULL, 1, 1, N'JOSE OSWALDO', N' ESPINOZA OLVIA', NULL, NULL, NULL, NULL, NULL, NULL, NULL, 2, NULL, NULL, NULL, NULL, NULL, 1, 'ROBERTO', '2025-03-04 14:46:18.643', NULL, NULL)
INSERT dbo.candidatos(pk_candidato, pk_movimiento, pk_eleccion_proceso, pk_region, pk_tipo, pk_candidato_mayor, pk_sexo, pk_nacionalidad, nombres, apellidos, direccion, telefono, celular, email, identidad, rtn, fecha_nacimiento, casilla, url_foto_papeleta, url_foto_perfil, url_foto_identidad_anverso, url_foto_identidad_reverso, url_archivo_adicional, estado, creado_por, fecha_hora_creado, modificado_por, fecha_hora_modificado) VALUES (124, 2, 1, 30, 5, 123, 1, 1, N'FRANFKLIN ESMITH', N'ZUNIGA CHEVEZ', NULL, NULL, NULL, NULL, NULL, NULL, NULL, 2, NULL, NULL, NULL, NULL, NULL, 1, 'ROBERTO', '2025-03-04 14:46:18.643', NULL, NULL)
INSERT dbo.candidatos(pk_candidato, pk_movimiento, pk_eleccion_proceso, pk_region, pk_tipo, pk_candidato_mayor, pk_sexo, pk_nacionalidad, nombres, apellidos, direccion, telefono, celular, email, identidad, rtn, fecha_nacimiento, casilla, url_foto_papeleta, url_foto_perfil, url_foto_identidad_anverso, url_foto_identidad_reverso, url_archivo_adicional, estado, creado_por, fecha_hora_creado, modificado_por, fecha_hora_modificado) VALUES (125, 3, 1, 30, 4, NULL, 1, 1, N'ROGER JEOVANY', N'RAMIREZ ANDINO', NULL, NULL, NULL, NULL, NULL, NULL, NULL, 3, NULL, NULL, NULL, NULL, NULL, 1, 'ROBERTO', '2025-03-04 14:46:18.643', NULL, NULL)
INSERT dbo.candidatos(pk_candidato, pk_movimiento, pk_eleccion_proceso, pk_region, pk_tipo, pk_candidato_mayor, pk_sexo, pk_nacionalidad, nombres, apellidos, direccion, telefono, celular, email, identidad, rtn, fecha_nacimiento, casilla, url_foto_papeleta, url_foto_perfil, url_foto_identidad_anverso, url_foto_identidad_reverso, url_archivo_adicional, estado, creado_por, fecha_hora_creado, modificado_por, fecha_hora_modificado) VALUES (126, 3, 1, 30, 5, 125, 1, 1, N'SANTOS SIPRIANO', N'GRANDES ALVAREZ', NULL, NULL, NULL, NULL, NULL, NULL, NULL, 3, NULL, NULL, NULL, NULL, NULL, 1, 'ROBERTO', '2025-03-04 14:46:18.643', NULL, NULL)
INSERT dbo.candidatos(pk_candidato, pk_movimiento, pk_eleccion_proceso, pk_region, pk_tipo, pk_candidato_mayor, pk_sexo, pk_nacionalidad, nombres, apellidos, direccion, telefono, celular, email, identidad, rtn, fecha_nacimiento, casilla, url_foto_papeleta, url_foto_perfil, url_foto_identidad_anverso, url_foto_identidad_reverso, url_archivo_adicional, estado, creado_por, fecha_hora_creado, modificado_por, fecha_hora_modificado) VALUES (127, 4, 1, 30, 4, NULL, 1, 1, N'MARIO ROBERTO', N'LOPEZ SALAS', NULL, NULL, NULL, NULL, NULL, NULL, NULL, 4, NULL, NULL, NULL, NULL, NULL, 1, 'ROBERTO', '2025-03-04 14:46:18.643', NULL, NULL)
INSERT dbo.candidatos(pk_candidato, pk_movimiento, pk_eleccion_proceso, pk_region, pk_tipo, pk_candidato_mayor, pk_sexo, pk_nacionalidad, nombres, apellidos, direccion, telefono, celular, email, identidad, rtn, fecha_nacimiento, casilla, url_foto_papeleta, url_foto_perfil, url_foto_identidad_anverso, url_foto_identidad_reverso, url_archivo_adicional, estado, creado_por, fecha_hora_creado, modificado_por, fecha_hora_modificado) VALUES (128, 4, 1, 30, 5, 127, 1, 1, N'ROSA ELVIRA', N'FUNEZ', NULL, NULL, NULL, NULL, NULL, NULL, NULL, 4, NULL, NULL, NULL, NULL, NULL, 1, 'ROBERTO', '2025-03-04 14:46:18.643', NULL, NULL)
INSERT dbo.candidatos(pk_candidato, pk_movimiento, pk_eleccion_proceso, pk_region, pk_tipo, pk_candidato_mayor, pk_sexo, pk_nacionalidad, nombres, apellidos, direccion, telefono, celular, email, identidad, rtn, fecha_nacimiento, casilla, url_foto_papeleta, url_foto_perfil, url_foto_identidad_anverso, url_foto_identidad_reverso, url_archivo_adicional, estado, creado_por, fecha_hora_creado, modificado_por, fecha_hora_modificado) VALUES (129, 1, 1, 31, 4, NULL, 1, 1, N'HAROLD SANDRO', N'PANCHAME TRUJILLO', NULL, NULL, NULL, NULL, NULL, NULL, NULL, 1, NULL, NULL, NULL, NULL, NULL, 1, 'ROBERTO', '2025-03-04 14:46:18.643', NULL, NULL)
INSERT dbo.candidatos(pk_candidato, pk_movimiento, pk_eleccion_proceso, pk_region, pk_tipo, pk_candidato_mayor, pk_sexo, pk_nacionalidad, nombres, apellidos, direccion, telefono, celular, email, identidad, rtn, fecha_nacimiento, casilla, url_foto_papeleta, url_foto_perfil, url_foto_identidad_anverso, url_foto_identidad_reverso, url_archivo_adicional, estado, creado_por, fecha_hora_creado, modificado_por, fecha_hora_modificado) VALUES (130, 1, 1, 31, 5, 129, 1, 1, N'RONY BORJAS', N'SIERRA', NULL, NULL, NULL, NULL, NULL, NULL, NULL, 1, NULL, NULL, NULL, NULL, NULL, 1, 'ROBERTO', '2025-03-04 14:46:18.643', NULL, NULL)
INSERT dbo.candidatos(pk_candidato, pk_movimiento, pk_eleccion_proceso, pk_region, pk_tipo, pk_candidato_mayor, pk_sexo, pk_nacionalidad, nombres, apellidos, direccion, telefono, celular, email, identidad, rtn, fecha_nacimiento, casilla, url_foto_papeleta, url_foto_perfil, url_foto_identidad_anverso, url_foto_identidad_reverso, url_archivo_adicional, estado, creado_por, fecha_hora_creado, modificado_por, fecha_hora_modificado) VALUES (131, 2, 1, 31, 4, NULL, 1, 1, N'SILVIA LIZZETH', N'FUENTES AMADOR', NULL, NULL, NULL, NULL, NULL, NULL, NULL, 2, NULL, NULL, NULL, NULL, NULL, 1, 'ROBERTO', '2025-03-04 14:46:18.643', NULL, NULL)
INSERT dbo.candidatos(pk_candidato, pk_movimiento, pk_eleccion_proceso, pk_region, pk_tipo, pk_candidato_mayor, pk_sexo, pk_nacionalidad, nombres, apellidos, direccion, telefono, celular, email, identidad, rtn, fecha_nacimiento, casilla, url_foto_papeleta, url_foto_perfil, url_foto_identidad_anverso, url_foto_identidad_reverso, url_archivo_adicional, estado, creado_por, fecha_hora_creado, modificado_por, fecha_hora_modificado) VALUES (132, 2, 1, 31, 5, 131, 1, 1, N'BEN HUR URIEL', N'TERCERO SALAZAR', NULL, NULL, NULL, NULL, NULL, NULL, NULL, 2, NULL, NULL, NULL, NULL, NULL, 1, 'ROBERTO', '2025-03-04 14:46:18.643', NULL, NULL)
INSERT dbo.candidatos(pk_candidato, pk_movimiento, pk_eleccion_proceso, pk_region, pk_tipo, pk_candidato_mayor, pk_sexo, pk_nacionalidad, nombres, apellidos, direccion, telefono, celular, email, identidad, rtn, fecha_nacimiento, casilla, url_foto_papeleta, url_foto_perfil, url_foto_identidad_anverso, url_foto_identidad_reverso, url_archivo_adicional, estado, creado_por, fecha_hora_creado, modificado_por, fecha_hora_modificado) VALUES (133, 3, 1, 31, 4, NULL, 1, 1, N'ELBIN ORLANDO', N'PAVON REYES', NULL, NULL, NULL, NULL, NULL, NULL, NULL, 3, NULL, NULL, NULL, NULL, NULL, 1, 'ROBERTO', '2025-03-04 14:46:18.643', NULL, NULL)
INSERT dbo.candidatos(pk_candidato, pk_movimiento, pk_eleccion_proceso, pk_region, pk_tipo, pk_candidato_mayor, pk_sexo, pk_nacionalidad, nombres, apellidos, direccion, telefono, celular, email, identidad, rtn, fecha_nacimiento, casilla, url_foto_papeleta, url_foto_perfil, url_foto_identidad_anverso, url_foto_identidad_reverso, url_archivo_adicional, estado, creado_por, fecha_hora_creado, modificado_por, fecha_hora_modificado) VALUES (134, 3, 1, 31, 5, 133, 1, 1, N'SANTOS ALFREDIS', N'TORUÑO TORUÑO', NULL, NULL, NULL, NULL, NULL, NULL, NULL, 3, NULL, NULL, NULL, NULL, NULL, 1, 'ROBERTO', '2025-03-04 14:46:18.643', NULL, NULL)
INSERT dbo.candidatos(pk_candidato, pk_movimiento, pk_eleccion_proceso, pk_region, pk_tipo, pk_candidato_mayor, pk_sexo, pk_nacionalidad, nombres, apellidos, direccion, telefono, celular, email, identidad, rtn, fecha_nacimiento, casilla, url_foto_papeleta, url_foto_perfil, url_foto_identidad_anverso, url_foto_identidad_reverso, url_archivo_adicional, estado, creado_por, fecha_hora_creado, modificado_por, fecha_hora_modificado) VALUES (135, 4, 1, 31, 4, NULL, 1, 1, N'HECTOR ORDOÑEZ', N'RIVERA', NULL, NULL, NULL, NULL, NULL, NULL, NULL, 4, NULL, NULL, NULL, NULL, NULL, 1, 'ROBERTO', '2025-03-04 14:46:18.643', NULL, NULL)
INSERT dbo.candidatos(pk_candidato, pk_movimiento, pk_eleccion_proceso, pk_region, pk_tipo, pk_candidato_mayor, pk_sexo, pk_nacionalidad, nombres, apellidos, direccion, telefono, celular, email, identidad, rtn, fecha_nacimiento, casilla, url_foto_papeleta, url_foto_perfil, url_foto_identidad_anverso, url_foto_identidad_reverso, url_archivo_adicional, estado, creado_por, fecha_hora_creado, modificado_por, fecha_hora_modificado) VALUES (136, 4, 1, 31, 5, 135, 1, 1, N'MARIA DE JESUS', N'MOLTALVAN MONTOYA', NULL, NULL, NULL, NULL, NULL, NULL, NULL, 4, NULL, NULL, NULL, NULL, NULL, 1, 'ROBERTO', '2025-03-04 14:46:18.643', NULL, NULL)
INSERT dbo.candidatos(pk_candidato, pk_movimiento, pk_eleccion_proceso, pk_region, pk_tipo, pk_candidato_mayor, pk_sexo, pk_nacionalidad, nombres, apellidos, direccion, telefono, celular, email, identidad, rtn, fecha_nacimiento, casilla, url_foto_papeleta, url_foto_perfil, url_foto_identidad_anverso, url_foto_identidad_reverso, url_archivo_adicional, estado, creado_por, fecha_hora_creado, modificado_por, fecha_hora_modificado) VALUES (137, 1, 1, 32, 4, NULL, 1, 1, N'WILMER JOEL', N'CRUZ CRUZ', NULL, NULL, NULL, NULL, NULL, NULL, NULL, 1, NULL, NULL, NULL, NULL, NULL, 1, 'ROBERTO', '2025-03-04 14:46:18.643', NULL, NULL)
INSERT dbo.candidatos(pk_candidato, pk_movimiento, pk_eleccion_proceso, pk_region, pk_tipo, pk_candidato_mayor, pk_sexo, pk_nacionalidad, nombres, apellidos, direccion, telefono, celular, email, identidad, rtn, fecha_nacimiento, casilla, url_foto_papeleta, url_foto_perfil, url_foto_identidad_anverso, url_foto_identidad_reverso, url_archivo_adicional, estado, creado_por, fecha_hora_creado, modificado_por, fecha_hora_modificado) VALUES (138, 1, 1, 32, 5, 137, 1, 1, N'MIZSARAIM', N'CANALES FERRUFINO', NULL, NULL, NULL, NULL, NULL, NULL, NULL, 1, NULL, NULL, NULL, NULL, NULL, 1, 'ROBERTO', '2025-03-04 14:46:18.643', NULL, NULL)
INSERT dbo.candidatos(pk_candidato, pk_movimiento, pk_eleccion_proceso, pk_region, pk_tipo, pk_candidato_mayor, pk_sexo, pk_nacionalidad, nombres, apellidos, direccion, telefono, celular, email, identidad, rtn, fecha_nacimiento, casilla, url_foto_papeleta, url_foto_perfil, url_foto_identidad_anverso, url_foto_identidad_reverso, url_archivo_adicional, estado, creado_por, fecha_hora_creado, modificado_por, fecha_hora_modificado) VALUES (139, 2, 1, 32, 4, NULL, 1, 1, N'IRIS YAMILETH', N'REYES MERAZ', NULL, NULL, NULL, NULL, NULL, NULL, NULL, 2, NULL, NULL, NULL, NULL, NULL, 1, 'ROBERTO', '2025-03-04 14:46:18.643', NULL, NULL)
INSERT dbo.candidatos(pk_candidato, pk_movimiento, pk_eleccion_proceso, pk_region, pk_tipo, pk_candidato_mayor, pk_sexo, pk_nacionalidad, nombres, apellidos, direccion, telefono, celular, email, identidad, rtn, fecha_nacimiento, casilla, url_foto_papeleta, url_foto_perfil, url_foto_identidad_anverso, url_foto_identidad_reverso, url_archivo_adicional, estado, creado_por, fecha_hora_creado, modificado_por, fecha_hora_modificado) VALUES (140, 2, 1, 32, 5, 139, 1, 1, N'JOSE DOROTEO', N'CRUZ CANALES', NULL, NULL, NULL, NULL, NULL, NULL, NULL, 2, NULL, NULL, NULL, NULL, NULL, 1, 'ROBERTO', '2025-03-04 14:46:18.643', NULL, NULL)
INSERT dbo.candidatos(pk_candidato, pk_movimiento, pk_eleccion_proceso, pk_region, pk_tipo, pk_candidato_mayor, pk_sexo, pk_nacionalidad, nombres, apellidos, direccion, telefono, celular, email, identidad, rtn, fecha_nacimiento, casilla, url_foto_papeleta, url_foto_perfil, url_foto_identidad_anverso, url_foto_identidad_reverso, url_archivo_adicional, estado, creado_por, fecha_hora_creado, modificado_por, fecha_hora_modificado) VALUES (141, 3, 1, 32, 4, NULL, 1, 1, N'HECTOR RICARDO', N'CANALES', NULL, NULL, NULL, NULL, NULL, NULL, NULL, 3, NULL, NULL, NULL, NULL, NULL, 1, 'ROBERTO', '2025-03-04 14:46:18.643', NULL, NULL)
INSERT dbo.candidatos(pk_candidato, pk_movimiento, pk_eleccion_proceso, pk_region, pk_tipo, pk_candidato_mayor, pk_sexo, pk_nacionalidad, nombres, apellidos, direccion, telefono, celular, email, identidad, rtn, fecha_nacimiento, casilla, url_foto_papeleta, url_foto_perfil, url_foto_identidad_anverso, url_foto_identidad_reverso, url_archivo_adicional, estado, creado_por, fecha_hora_creado, modificado_por, fecha_hora_modificado) VALUES (142, 3, 1, 32, 5, 141, 1, 1, N'JOSE FRANCISCO', N'CANALES VELASQUEZ', NULL, NULL, NULL, NULL, NULL, NULL, NULL, 3, NULL, NULL, NULL, NULL, NULL, 1, 'ROBERTO', '2025-03-04 14:46:18.643', NULL, NULL)
INSERT dbo.candidatos(pk_candidato, pk_movimiento, pk_eleccion_proceso, pk_region, pk_tipo, pk_candidato_mayor, pk_sexo, pk_nacionalidad, nombres, apellidos, direccion, telefono, celular, email, identidad, rtn, fecha_nacimiento, casilla, url_foto_papeleta, url_foto_perfil, url_foto_identidad_anverso, url_foto_identidad_reverso, url_archivo_adicional, estado, creado_por, fecha_hora_creado, modificado_por, fecha_hora_modificado) VALUES (143, 4, 1, 32, 4, NULL, 1, 1, N'PEDRO ALEJANDRO', N'PABON ORTIZ', NULL, NULL, NULL, NULL, NULL, NULL, NULL, 4, NULL, NULL, NULL, NULL, NULL, 1, 'ROBERTO', '2025-03-04 14:46:18.643', NULL, NULL)
INSERT dbo.candidatos(pk_candidato, pk_movimiento, pk_eleccion_proceso, pk_region, pk_tipo, pk_candidato_mayor, pk_sexo, pk_nacionalidad, nombres, apellidos, direccion, telefono, celular, email, identidad, rtn, fecha_nacimiento, casilla, url_foto_papeleta, url_foto_perfil, url_foto_identidad_anverso, url_foto_identidad_reverso, url_archivo_adicional, estado, creado_por, fecha_hora_creado, modificado_por, fecha_hora_modificado) VALUES (144, 4, 1, 32, 5, 143, 1, 1, N'YESICA LIZET', N'MOLINA REYES', NULL, NULL, NULL, NULL, NULL, NULL, NULL, 4, NULL, NULL, NULL, NULL, NULL, 1, 'ROBERTO', '2025-03-04 14:46:18.643', NULL, NULL)
INSERT dbo.candidatos(pk_candidato, pk_movimiento, pk_eleccion_proceso, pk_region, pk_tipo, pk_candidato_mayor, pk_sexo, pk_nacionalidad, nombres, apellidos, direccion, telefono, celular, email, identidad, rtn, fecha_nacimiento, casilla, url_foto_papeleta, url_foto_perfil, url_foto_identidad_anverso, url_foto_identidad_reverso, url_archivo_adicional, estado, creado_por, fecha_hora_creado, modificado_por, fecha_hora_modificado) VALUES (145, 1, 1, 33, 4, NULL, 1, 1, N'ANANIA', N'CRUZ', NULL, NULL, NULL, NULL, NULL, NULL, NULL, 1, NULL, NULL, NULL, NULL, NULL, 1, 'ROBERTO', '2025-03-04 14:46:18.643', NULL, NULL)
INSERT dbo.candidatos(pk_candidato, pk_movimiento, pk_eleccion_proceso, pk_region, pk_tipo, pk_candidato_mayor, pk_sexo, pk_nacionalidad, nombres, apellidos, direccion, telefono, celular, email, identidad, rtn, fecha_nacimiento, casilla, url_foto_papeleta, url_foto_perfil, url_foto_identidad_anverso, url_foto_identidad_reverso, url_archivo_adicional, estado, creado_por, fecha_hora_creado, modificado_por, fecha_hora_modificado) VALUES (146, 1, 1, 33, 5, 145, 1, 1, N'LOURDES YOLANDA', N'NAVAS OSORTO', NULL, NULL, NULL, NULL, NULL, NULL, NULL, 1, NULL, NULL, NULL, NULL, NULL, 1, 'ROBERTO', '2025-03-04 14:46:18.643', NULL, NULL)
INSERT dbo.candidatos(pk_candidato, pk_movimiento, pk_eleccion_proceso, pk_region, pk_tipo, pk_candidato_mayor, pk_sexo, pk_nacionalidad, nombres, apellidos, direccion, telefono, celular, email, identidad, rtn, fecha_nacimiento, casilla, url_foto_papeleta, url_foto_perfil, url_foto_identidad_anverso, url_foto_identidad_reverso, url_archivo_adicional, estado, creado_por, fecha_hora_creado, modificado_por, fecha_hora_modificado) VALUES (147, 2, 1, 33, 4, NULL, 1, 1, N'NECTALI AVILA', N'NUÑEZ', NULL, NULL, NULL, NULL, NULL, NULL, NULL, 2, NULL, NULL, NULL, NULL, NULL, 1, 'ROBERTO', '2025-03-04 14:46:18.643', NULL, NULL)
INSERT dbo.candidatos(pk_candidato, pk_movimiento, pk_eleccion_proceso, pk_region, pk_tipo, pk_candidato_mayor, pk_sexo, pk_nacionalidad, nombres, apellidos, direccion, telefono, celular, email, identidad, rtn, fecha_nacimiento, casilla, url_foto_papeleta, url_foto_perfil, url_foto_identidad_anverso, url_foto_identidad_reverso, url_archivo_adicional, estado, creado_por, fecha_hora_creado, modificado_por, fecha_hora_modificado) VALUES (148, 2, 1, 33, 5, 147, 1, 1, N'GUILLERMO POSADAS', N'VELASQUEZ', NULL, NULL, NULL, NULL, NULL, NULL, NULL, 2, NULL, NULL, NULL, NULL, NULL, 1, 'ROBERTO', '2025-03-04 14:46:18.643', NULL, NULL)
INSERT dbo.candidatos(pk_candidato, pk_movimiento, pk_eleccion_proceso, pk_region, pk_tipo, pk_candidato_mayor, pk_sexo, pk_nacionalidad, nombres, apellidos, direccion, telefono, celular, email, identidad, rtn, fecha_nacimiento, casilla, url_foto_papeleta, url_foto_perfil, url_foto_identidad_anverso, url_foto_identidad_reverso, url_archivo_adicional, estado, creado_por, fecha_hora_creado, modificado_por, fecha_hora_modificado) VALUES (149, 3, 1, 33, 4, NULL, 1, 1, N'MARCIO ESTRADO', N'RODAS', NULL, NULL, NULL, NULL, NULL, NULL, NULL, 3, NULL, NULL, NULL, NULL, NULL, 1, 'ROBERTO', '2025-03-04 14:46:18.643', NULL, NULL)
INSERT dbo.candidatos(pk_candidato, pk_movimiento, pk_eleccion_proceso, pk_region, pk_tipo, pk_candidato_mayor, pk_sexo, pk_nacionalidad, nombres, apellidos, direccion, telefono, celular, email, identidad, rtn, fecha_nacimiento, casilla, url_foto_papeleta, url_foto_perfil, url_foto_identidad_anverso, url_foto_identidad_reverso, url_archivo_adicional, estado, creado_por, fecha_hora_creado, modificado_por, fecha_hora_modificado) VALUES (150, 3, 1, 33, 5, 149, 1, 1, N'MAYRA MABEL', N'SUASO OLIVA', NULL, NULL, NULL, NULL, NULL, NULL, NULL, 3, NULL, NULL, NULL, NULL, NULL, 1, 'ROBERTO', '2025-03-04 14:46:18.643', NULL, NULL)
INSERT dbo.candidatos(pk_candidato, pk_movimiento, pk_eleccion_proceso, pk_region, pk_tipo, pk_candidato_mayor, pk_sexo, pk_nacionalidad, nombres, apellidos, direccion, telefono, celular, email, identidad, rtn, fecha_nacimiento, casilla, url_foto_papeleta, url_foto_perfil, url_foto_identidad_anverso, url_foto_identidad_reverso, url_archivo_adicional, estado, creado_por, fecha_hora_creado, modificado_por, fecha_hora_modificado) VALUES (151, 4, 1, 33, 4, NULL, 1, 1, N'JOSE EVARISTO', N'ESPINOZA MATAMOROS', NULL, NULL, NULL, NULL, NULL, NULL, NULL, 4, NULL, NULL, NULL, NULL, NULL, 1, 'ROBERTO', '2025-03-04 14:46:18.643', NULL, NULL)
INSERT dbo.candidatos(pk_candidato, pk_movimiento, pk_eleccion_proceso, pk_region, pk_tipo, pk_candidato_mayor, pk_sexo, pk_nacionalidad, nombres, apellidos, direccion, telefono, celular, email, identidad, rtn, fecha_nacimiento, casilla, url_foto_papeleta, url_foto_perfil, url_foto_identidad_anverso, url_foto_identidad_reverso, url_archivo_adicional, estado, creado_por, fecha_hora_creado, modificado_por, fecha_hora_modificado) VALUES (152, 4, 1, 33, 5, 151, 1, 1, N'DORIS ADELINA', N'OSORTO', NULL, NULL, NULL, NULL, NULL, NULL, NULL, 4, NULL, NULL, NULL, NULL, NULL, 1, 'ROBERTO', '2025-03-04 14:46:18.643', NULL, NULL)
INSERT dbo.candidatos(pk_candidato, pk_movimiento, pk_eleccion_proceso, pk_region, pk_tipo, pk_candidato_mayor, pk_sexo, pk_nacionalidad, nombres, apellidos, direccion, telefono, celular, email, identidad, rtn, fecha_nacimiento, casilla, url_foto_papeleta, url_foto_perfil, url_foto_identidad_anverso, url_foto_identidad_reverso, url_archivo_adicional, estado, creado_por, fecha_hora_creado, modificado_por, fecha_hora_modificado) VALUES (153, 1, 1, 34, 4, NULL, 1, 1, N'JUAN CARLOS', N'FIALLOS CACERES', NULL, NULL, NULL, NULL, NULL, NULL, NULL, 1, NULL, NULL, NULL, NULL, NULL, 1, 'ROBERTO', '2025-03-04 14:46:18.643', NULL, NULL)
INSERT dbo.candidatos(pk_candidato, pk_movimiento, pk_eleccion_proceso, pk_region, pk_tipo, pk_candidato_mayor, pk_sexo, pk_nacionalidad, nombres, apellidos, direccion, telefono, celular, email, identidad, rtn, fecha_nacimiento, casilla, url_foto_papeleta, url_foto_perfil, url_foto_identidad_anverso, url_foto_identidad_reverso, url_archivo_adicional, estado, creado_por, fecha_hora_creado, modificado_por, fecha_hora_modificado) VALUES (154, 1, 1, 34, 5, 153, 1, 1, N'CRISTINA MERCEDES', N'PALMA IZAGUIRRE', NULL, NULL, NULL, NULL, NULL, NULL, NULL, 1, NULL, NULL, NULL, NULL, NULL, 1, 'ROBERTO', '2025-03-04 14:46:18.643', NULL, NULL)
INSERT dbo.candidatos(pk_candidato, pk_movimiento, pk_eleccion_proceso, pk_region, pk_tipo, pk_candidato_mayor, pk_sexo, pk_nacionalidad, nombres, apellidos, direccion, telefono, celular, email, identidad, rtn, fecha_nacimiento, casilla, url_foto_papeleta, url_foto_perfil, url_foto_identidad_anverso, url_foto_identidad_reverso, url_archivo_adicional, estado, creado_por, fecha_hora_creado, modificado_por, fecha_hora_modificado) VALUES (155, 2, 1, 34, 4, NULL, 1, 1, N'CARMEN NOELIA', N'EUCEDA ALVAREZ', NULL, NULL, NULL, NULL, NULL, NULL, NULL, 2, NULL, NULL, NULL, NULL, NULL, 1, 'ROBERTO', '2025-03-04 14:46:18.643', NULL, NULL)
INSERT dbo.candidatos(pk_candidato, pk_movimiento, pk_eleccion_proceso, pk_region, pk_tipo, pk_candidato_mayor, pk_sexo, pk_nacionalidad, nombres, apellidos, direccion, telefono, celular, email, identidad, rtn, fecha_nacimiento, casilla, url_foto_papeleta, url_foto_perfil, url_foto_identidad_anverso, url_foto_identidad_reverso, url_archivo_adicional, estado, creado_por, fecha_hora_creado, modificado_por, fecha_hora_modificado) VALUES (156, 2, 1, 34, 5, 155, 1, 1, N'SANTOS ROBERTO', N'GONZALEZ LAGOS', NULL, NULL, NULL, NULL, NULL, NULL, NULL, 2, NULL, NULL, NULL, NULL, NULL, 1, 'ROBERTO', '2025-03-04 14:46:18.643', NULL, NULL)
INSERT dbo.candidatos(pk_candidato, pk_movimiento, pk_eleccion_proceso, pk_region, pk_tipo, pk_candidato_mayor, pk_sexo, pk_nacionalidad, nombres, apellidos, direccion, telefono, celular, email, identidad, rtn, fecha_nacimiento, casilla, url_foto_papeleta, url_foto_perfil, url_foto_identidad_anverso, url_foto_identidad_reverso, url_archivo_adicional, estado, creado_por, fecha_hora_creado, modificado_por, fecha_hora_modificado) VALUES (157, 3, 1, 34, 4, NULL, 1, 1, N'JUAN GABRIEL', N'MENDOZA ALVARADO', NULL, NULL, NULL, NULL, NULL, NULL, NULL, 3, NULL, NULL, NULL, NULL, NULL, 1, 'ROBERTO', '2025-03-04 14:46:18.643', NULL, NULL)
INSERT dbo.candidatos(pk_candidato, pk_movimiento, pk_eleccion_proceso, pk_region, pk_tipo, pk_candidato_mayor, pk_sexo, pk_nacionalidad, nombres, apellidos, direccion, telefono, celular, email, identidad, rtn, fecha_nacimiento, casilla, url_foto_papeleta, url_foto_perfil, url_foto_identidad_anverso, url_foto_identidad_reverso, url_archivo_adicional, estado, creado_por, fecha_hora_creado, modificado_por, fecha_hora_modificado) VALUES (158, 3, 1, 34, 5, 157, 1, 1, N'JOSE ANTONIO', N'ZEPEDA ANDINO', NULL, NULL, NULL, NULL, NULL, NULL, NULL, 3, NULL, NULL, NULL, NULL, NULL, 1, 'ROBERTO', '2025-03-04 14:46:18.643', NULL, NULL)
INSERT dbo.candidatos(pk_candidato, pk_movimiento, pk_eleccion_proceso, pk_region, pk_tipo, pk_candidato_mayor, pk_sexo, pk_nacionalidad, nombres, apellidos, direccion, telefono, celular, email, identidad, rtn, fecha_nacimiento, casilla, url_foto_papeleta, url_foto_perfil, url_foto_identidad_anverso, url_foto_identidad_reverso, url_archivo_adicional, estado, creado_por, fecha_hora_creado, modificado_por, fecha_hora_modificado) VALUES (159, 4, 1, 34, 4, NULL, 1, 1, N'ELMER YOVANNI', N'PONCE', NULL, NULL, NULL, NULL, NULL, NULL, NULL, 4, NULL, NULL, NULL, NULL, NULL, 1, 'ROBERTO', '2025-03-04 14:46:18.643', NULL, NULL)
INSERT dbo.candidatos(pk_candidato, pk_movimiento, pk_eleccion_proceso, pk_region, pk_tipo, pk_candidato_mayor, pk_sexo, pk_nacionalidad, nombres, apellidos, direccion, telefono, celular, email, identidad, rtn, fecha_nacimiento, casilla, url_foto_papeleta, url_foto_perfil, url_foto_identidad_anverso, url_foto_identidad_reverso, url_archivo_adicional, estado, creado_por, fecha_hora_creado, modificado_por, fecha_hora_modificado) VALUES (160, 4, 1, 34, 5, 159, 1, 1, N'DELCI MARIA', N'MARTINEZ ORDOÑEZ', NULL, NULL, NULL, NULL, NULL, NULL, NULL, 4, NULL, NULL, NULL, NULL, NULL, 1, 'ROBERTO', '2025-03-04 14:46:18.643', NULL, NULL)
INSERT dbo.candidatos(pk_candidato, pk_movimiento, pk_eleccion_proceso, pk_region, pk_tipo, pk_candidato_mayor, pk_sexo, pk_nacionalidad, nombres, apellidos, direccion, telefono, celular, email, identidad, rtn, fecha_nacimiento, casilla, url_foto_papeleta, url_foto_perfil, url_foto_identidad_anverso, url_foto_identidad_reverso, url_archivo_adicional, estado, creado_por, fecha_hora_creado, modificado_por, fecha_hora_modificado) VALUES (161, 1, 1, 35, 4, NULL, 1, 1, N'EDAS MAURICIO', N'TURCIOS SERVELLON', NULL, NULL, NULL, NULL, NULL, NULL, NULL, 1, NULL, NULL, NULL, NULL, NULL, 1, 'ROBERTO', '2025-03-04 14:46:18.643', NULL, NULL)
INSERT dbo.candidatos(pk_candidato, pk_movimiento, pk_eleccion_proceso, pk_region, pk_tipo, pk_candidato_mayor, pk_sexo, pk_nacionalidad, nombres, apellidos, direccion, telefono, celular, email, identidad, rtn, fecha_nacimiento, casilla, url_foto_papeleta, url_foto_perfil, url_foto_identidad_anverso, url_foto_identidad_reverso, url_archivo_adicional, estado, creado_por, fecha_hora_creado, modificado_por, fecha_hora_modificado) VALUES (162, 1, 1, 35, 5, 161, 1, 1, N'MARBELY YANIN', N'CARRANZA GOMEZ', NULL, NULL, NULL, NULL, NULL, NULL, NULL, 1, NULL, NULL, NULL, NULL, NULL, 1, 'ROBERTO', '2025-03-04 14:46:18.643', NULL, NULL)
INSERT dbo.candidatos(pk_candidato, pk_movimiento, pk_eleccion_proceso, pk_region, pk_tipo, pk_candidato_mayor, pk_sexo, pk_nacionalidad, nombres, apellidos, direccion, telefono, celular, email, identidad, rtn, fecha_nacimiento, casilla, url_foto_papeleta, url_foto_perfil, url_foto_identidad_anverso, url_foto_identidad_reverso, url_archivo_adicional, estado, creado_por, fecha_hora_creado, modificado_por, fecha_hora_modificado) VALUES (163, 2, 1, 35, 4, NULL, 1, 1, N'SANDRA NICOLL', N'GUEVARA AVILEZ', NULL, NULL, NULL, NULL, NULL, NULL, NULL, 2, NULL, NULL, NULL, NULL, NULL, 1, 'ROBERTO', '2025-03-04 14:46:18.643', NULL, NULL)
INSERT dbo.candidatos(pk_candidato, pk_movimiento, pk_eleccion_proceso, pk_region, pk_tipo, pk_candidato_mayor, pk_sexo, pk_nacionalidad, nombres, apellidos, direccion, telefono, celular, email, identidad, rtn, fecha_nacimiento, casilla, url_foto_papeleta, url_foto_perfil, url_foto_identidad_anverso, url_foto_identidad_reverso, url_archivo_adicional, estado, creado_por, fecha_hora_creado, modificado_por, fecha_hora_modificado) VALUES (164, 2, 1, 35, 5, 163, 1, 1, N'DENIS SAUL', N' GARCIA MENDEZ', NULL, NULL, NULL, NULL, NULL, NULL, NULL, 2, NULL, NULL, NULL, NULL, NULL, 1, 'ROBERTO', '2025-03-04 14:46:18.643', NULL, NULL)
INSERT dbo.candidatos(pk_candidato, pk_movimiento, pk_eleccion_proceso, pk_region, pk_tipo, pk_candidato_mayor, pk_sexo, pk_nacionalidad, nombres, apellidos, direccion, telefono, celular, email, identidad, rtn, fecha_nacimiento, casilla, url_foto_papeleta, url_foto_perfil, url_foto_identidad_anverso, url_foto_identidad_reverso, url_archivo_adicional, estado, creado_por, fecha_hora_creado, modificado_por, fecha_hora_modificado) VALUES (165, 3, 1, 35, 4, NULL, 1, 1, N'WILMER ALEXANDER', N'GUILLEN BETANCO', NULL, NULL, NULL, NULL, NULL, NULL, NULL, 3, NULL, NULL, NULL, NULL, NULL, 1, 'ROBERTO', '2025-03-04 14:46:18.643', NULL, NULL)
INSERT dbo.candidatos(pk_candidato, pk_movimiento, pk_eleccion_proceso, pk_region, pk_tipo, pk_candidato_mayor, pk_sexo, pk_nacionalidad, nombres, apellidos, direccion, telefono, celular, email, identidad, rtn, fecha_nacimiento, casilla, url_foto_papeleta, url_foto_perfil, url_foto_identidad_anverso, url_foto_identidad_reverso, url_archivo_adicional, estado, creado_por, fecha_hora_creado, modificado_por, fecha_hora_modificado) VALUES (166, 3, 1, 35, 5, 165, 1, 1, N'LESLY KARINA', N'CRUZ MALDONADO', NULL, NULL, NULL, NULL, NULL, NULL, NULL, 3, NULL, NULL, NULL, NULL, NULL, 1, 'ROBERTO', '2025-03-04 14:46:18.643', NULL, NULL)
INSERT dbo.candidatos(pk_candidato, pk_movimiento, pk_eleccion_proceso, pk_region, pk_tipo, pk_candidato_mayor, pk_sexo, pk_nacionalidad, nombres, apellidos, direccion, telefono, celular, email, identidad, rtn, fecha_nacimiento, casilla, url_foto_papeleta, url_foto_perfil, url_foto_identidad_anverso, url_foto_identidad_reverso, url_archivo_adicional, estado, creado_por, fecha_hora_creado, modificado_por, fecha_hora_modificado) VALUES (167, 4, 1, 35, 4, NULL, 1, 1, N'DENIS HUMBERTO', N'GALO BONILLA', NULL, NULL, NULL, NULL, NULL, NULL, NULL, 4, NULL, NULL, NULL, NULL, NULL, 1, 'ROBERTO', '2025-03-04 14:46:18.643', NULL, NULL)
INSERT dbo.candidatos(pk_candidato, pk_movimiento, pk_eleccion_proceso, pk_region, pk_tipo, pk_candidato_mayor, pk_sexo, pk_nacionalidad, nombres, apellidos, direccion, telefono, celular, email, identidad, rtn, fecha_nacimiento, casilla, url_foto_papeleta, url_foto_perfil, url_foto_identidad_anverso, url_foto_identidad_reverso, url_archivo_adicional, estado, creado_por, fecha_hora_creado, modificado_por, fecha_hora_modificado) VALUES (168, 4, 1, 35, 5, 167, 1, 1, N'MARIA DE LA CONCEPCION', N'ACOSTA MUNGUIA', NULL, NULL, NULL, NULL, NULL, NULL, NULL, 4, NULL, NULL, NULL, NULL, NULL, 1, 'ROBERTO', '2025-03-04 14:46:18.643', NULL, NULL)
GO
SET IDENTITY_INSERT dbo.candidatos OFF
GO

-- 
-- Dumping data for table asistencia_pendiente
--
PRINT (N'Dumping data for table asistencia_pendiente')
-- Table testing_votaciones.dbo.asistencia_pendiente does not contain any data (it is empty)

-- 
-- Dumping data for table asistencia_eliminar_pendiente
--
PRINT (N'Dumping data for table asistencia_eliminar_pendiente')
-- Table testing_votaciones.dbo.asistencia_eliminar_pendiente does not contain any data (it is empty)

-- 
-- Dumping data for table asistencia
--
PRINT (N'Dumping data for table asistencia')
SET IDENTITY_INSERT dbo.asistencia ON
GO
INSERT dbo.asistencia(id, capacitacion_id, id_miembro, estado_asistencia, entrega_manual, firma, duracion, observaciones, estado, creado_por, fecha_hora_creado, modificado_por, fecha_hora_modifcado, empresa_id) VALUES (1, 17, 1, 'Asistió', CONVERT(bit, 'False'), '', '', '', 1, 'ASTRID', '2025-03-04 11:09:02.343', NULL, NULL, 0)
INSERT dbo.asistencia(id, capacitacion_id, id_miembro, estado_asistencia, entrega_manual, firma, duracion, observaciones, estado, creado_por, fecha_hora_creado, modificado_por, fecha_hora_modifcado, empresa_id) VALUES (2, 17, 2, 'Asistió', CONVERT(bit, 'False'), '', '', '', 3, 'ASTRID', '2025-03-04 11:09:02.587', 'ASTRID', '2025-03-04 20:57:58.080', 0)
INSERT dbo.asistencia(id, capacitacion_id, id_miembro, estado_asistencia, entrega_manual, firma, duracion, observaciones, estado, creado_por, fecha_hora_creado, modificado_por, fecha_hora_modifcado, empresa_id) VALUES (3, 17, 3, 'Asistió', CONVERT(bit, 'False'), '', '', '', 3, 'ASTRID', '2025-03-04 14:24:13.500', 'ASTRID', '2025-03-04 14:39:43.983', 0)
INSERT dbo.asistencia(id, capacitacion_id, id_miembro, estado_asistencia, entrega_manual, firma, duracion, observaciones, estado, creado_por, fecha_hora_creado, modificado_por, fecha_hora_modifcado, empresa_id) VALUES (4, 17, 3, 'Asistió', CONVERT(bit, 'False'), '', '', '', 1, 'ASTRID', '2025-03-04 14:39:50.197', NULL, NULL, 0)
INSERT dbo.asistencia(id, capacitacion_id, id_miembro, estado_asistencia, entrega_manual, firma, duracion, observaciones, estado, creado_por, fecha_hora_creado, modificado_por, fecha_hora_modifcado, empresa_id) VALUES (5, 17, 4, 'Asistió', CONVERT(bit, 'False'), '', '', '', 1, 'ASTRID', '2025-03-04 14:40:04.903', NULL, NULL, 0)
INSERT dbo.asistencia(id, capacitacion_id, id_miembro, estado_asistencia, entrega_manual, firma, duracion, observaciones, estado, creado_por, fecha_hora_creado, modificado_por, fecha_hora_modifcado, empresa_id) VALUES (6, 17, 5, 'Asistió', CONVERT(bit, 'False'), '', '', '', 1, 'ASTRID', '2025-03-04 20:57:15.610', NULL, NULL, 0)
INSERT dbo.asistencia(id, capacitacion_id, id_miembro, estado_asistencia, entrega_manual, firma, duracion, observaciones, estado, creado_por, fecha_hora_creado, modificado_por, fecha_hora_modifcado, empresa_id) VALUES (7, 17, 6, 'Asistió', CONVERT(bit, 'False'), '', '', '', 1, 'ASTRID', '2025-03-04 20:57:15.820', NULL, NULL, 0)
INSERT dbo.asistencia(id, capacitacion_id, id_miembro, estado_asistencia, entrega_manual, firma, duracion, observaciones, estado, creado_por, fecha_hora_creado, modificado_por, fecha_hora_modifcado, empresa_id) VALUES (8, 17, 7, 'Asistió', CONVERT(bit, 'False'), '', '', '', 1, 'ASTRID', '2025-03-04 22:53:57.593', NULL, NULL, 0)
INSERT dbo.asistencia(id, capacitacion_id, id_miembro, estado_asistencia, entrega_manual, firma, duracion, observaciones, estado, creado_por, fecha_hora_creado, modificado_por, fecha_hora_modifcado, empresa_id) VALUES (9, 17, 0, '1', CONVERT(bit, 'False'), '', '', '', 1, 'ASTRID', '2025-03-05 12:30:55.347', NULL, NULL, 0)
INSERT dbo.asistencia(id, capacitacion_id, id_miembro, estado_asistencia, entrega_manual, firma, duracion, observaciones, estado, creado_por, fecha_hora_creado, modificado_por, fecha_hora_modifcado, empresa_id) VALUES (10, 18, 0, '1', CONVERT(bit, 'False'), '', '', '', 1, 'ASTRID', '2025-03-05 12:35:00.143', NULL, NULL, 0)
INSERT dbo.asistencia(id, capacitacion_id, id_miembro, estado_asistencia, entrega_manual, firma, duracion, observaciones, estado, creado_por, fecha_hora_creado, modificado_por, fecha_hora_modifcado, empresa_id) VALUES (11, 18, 6, '1', CONVERT(bit, 'False'), '', '', '', 1, 'ASTRID', '2025-03-05 12:36:26.163', NULL, NULL, 0)
INSERT dbo.asistencia(id, capacitacion_id, id_miembro, estado_asistencia, entrega_manual, firma, duracion, observaciones, estado, creado_por, fecha_hora_creado, modificado_por, fecha_hora_modifcado, empresa_id) VALUES (12, 18, 14, '1', CONVERT(bit, 'False'), '', '', '', 1, 'ASTRID', '2025-03-05 13:13:03.110', NULL, NULL, NULL)
INSERT dbo.asistencia(id, capacitacion_id, id_miembro, estado_asistencia, entrega_manual, firma, duracion, observaciones, estado, creado_por, fecha_hora_creado, modificado_por, fecha_hora_modifcado, empresa_id) VALUES (13, 18, 17, '1', CONVERT(bit, 'False'), '', '', '', 1, 'ASTRID', '2025-03-05 15:11:44.670', NULL, NULL, NULL)
INSERT dbo.asistencia(id, capacitacion_id, id_miembro, estado_asistencia, entrega_manual, firma, duracion, observaciones, estado, creado_por, fecha_hora_creado, modificado_por, fecha_hora_modifcado, empresa_id) VALUES (14, 17, 14, '1', CONVERT(bit, 'False'), '', '', '', 1, 'ASTRID', '2025-03-05 15:30:20.490', NULL, NULL, 0)
GO
SET IDENTITY_INSERT dbo.asistencia OFF
GO

-- 
-- Dumping data for table asignacion_jrv_pendiente
--
PRINT (N'Dumping data for table asignacion_jrv_pendiente')
-- Table testing_votaciones.dbo.asignacion_jrv_pendiente does not contain any data (it is empty)

-- 
-- Dumping data for table asignacion_jrv_Auditoria
--
PRINT (N'Dumping data for table asignacion_jrv_Auditoria')
SET IDENTITY_INSERT dbo.asignacion_jrv_Auditoria ON
GO
INSERT dbo.asignacion_jrv_Auditoria(id, asignacionjrv_id, operacion, fecha, realizado_por, persona_jrv_id, jrv_id, rol_jrv_id, fecha_asignacion, observaciones) VALUES (1, 1, 'INSERT', '2025-02-28 17:47:15.550', 'ASTRID', 50, 7, 1, '2025-02-28', '')
INSERT dbo.asignacion_jrv_Auditoria(id, asignacionjrv_id, operacion, fecha, realizado_por, persona_jrv_id, jrv_id, rol_jrv_id, fecha_asignacion, observaciones) VALUES (2, 2, 'INSERT', '2025-02-28 18:17:28.357', 'ASTRID', 51, 5, 2, '2025-03-07', '')
INSERT dbo.asignacion_jrv_Auditoria(id, asignacionjrv_id, operacion, fecha, realizado_por, persona_jrv_id, jrv_id, rol_jrv_id, fecha_asignacion, observaciones) VALUES (3, 1, 'REMOVE', '2025-02-28 18:47:07.850', 'ASTRID', 50, 7, NULL, NULL, 'Rol removido')
INSERT dbo.asignacion_jrv_Auditoria(id, asignacionjrv_id, operacion, fecha, realizado_por, persona_jrv_id, jrv_id, rol_jrv_id, fecha_asignacion, observaciones) VALUES (4, 3, 'INSERT', '2025-02-28 19:59:28.147', 'JAIRO', 61, 8, 2, '2025-02-28', '')
INSERT dbo.asignacion_jrv_Auditoria(id, asignacionjrv_id, operacion, fecha, realizado_por, persona_jrv_id, jrv_id, rol_jrv_id, fecha_asignacion, observaciones) VALUES (5, 4, 'INSERT', '2025-02-28 20:09:46.813', 'ASTRID', 60, 7, 3, '2025-02-28', '')
INSERT dbo.asignacion_jrv_Auditoria(id, asignacionjrv_id, operacion, fecha, realizado_por, persona_jrv_id, jrv_id, rol_jrv_id, fecha_asignacion, observaciones) VALUES (6, 4, 'REMOVE', '2025-02-28 20:11:36.923', 'ASTRID', 60, 7, NULL, NULL, 'Rol removido')
GO
SET IDENTITY_INSERT dbo.asignacion_jrv_Auditoria OFF
GO

-- 
-- Dumping data for table asignacion_jrv
--
PRINT (N'Dumping data for table asignacion_jrv')
SET IDENTITY_INSERT dbo.asignacion_jrv ON
GO
INSERT dbo.asignacion_jrv(id, id_miembro, jrv_id, rol_jrv_id, id_asignacion_padre, fecha_asignacion, observaciones, estado, creado_por, fecha_hora_creado, modificador_por, fecha_hora_modifcado, empresa_id, pk_proceso, pk_movimiento) VALUES (7, 1, 6, 1, NULL, '2025-03-14', 'n', 1, 'ASTRID', '2025-03-07 08:03:02.123', NULL, NULL, 0, NULL, NULL)
INSERT dbo.asignacion_jrv(id, id_miembro, jrv_id, rol_jrv_id, id_asignacion_padre, fecha_asignacion, observaciones, estado, creado_por, fecha_hora_creado, modificador_por, fecha_hora_modifcado, empresa_id, pk_proceso, pk_movimiento) VALUES (8, 1, 1, 1, NULL, '2025-03-14', 'n', 1, 'ASTRID', '2025-03-07 08:03:02.123', NULL, NULL, 0, NULL, NULL)
INSERT dbo.asignacion_jrv(id, id_miembro, jrv_id, rol_jrv_id, id_asignacion_padre, fecha_asignacion, observaciones, estado, creado_por, fecha_hora_creado, modificador_por, fecha_hora_modifcado, empresa_id, pk_proceso, pk_movimiento) VALUES (9, 2, 1, 3, NULL, '2025-03-14', 'n', 1, 'ASTRID', '2025-03-07 08:03:02.123', NULL, NULL, 0, NULL, NULL)
INSERT dbo.asignacion_jrv(id, id_miembro, jrv_id, rol_jrv_id, id_asignacion_padre, fecha_asignacion, observaciones, estado, creado_por, fecha_hora_creado, modificador_por, fecha_hora_modifcado, empresa_id, pk_proceso, pk_movimiento) VALUES (10, 3, 1, 5, NULL, '2025-03-14', 'n', 1, 'ASTRID', '2025-03-07 08:03:02.123', NULL, NULL, 0, NULL, NULL)
INSERT dbo.asignacion_jrv(id, id_miembro, jrv_id, rol_jrv_id, id_asignacion_padre, fecha_asignacion, observaciones, estado, creado_por, fecha_hora_creado, modificador_por, fecha_hora_modifcado, empresa_id, pk_proceso, pk_movimiento) VALUES (11, 4, 1, 7, NULL, '2025-03-14', 'n', 1, 'ASTRID', '2025-03-07 08:03:02.123', NULL, NULL, 0, NULL, NULL)
GO
SET IDENTITY_INSERT dbo.asignacion_jrv OFF
GO

USE testing_votaciones
GO

IF DB_NAME() <> N'testing_votaciones' SET NOEXEC ON
GO

--
-- Create foreign key [FK_PersonaJRVPendiente_CatalogoEscolaridad] on table [dbo].[persona_jrv_pendiente]
--
PRINT (N'Create foreign key [FK_PersonaJRVPendiente_CatalogoEscolaridad] on table [dbo].[persona_jrv_pendiente]')
GO
ALTER TABLE dbo.persona_jrv_pendiente WITH NOCHECK
  ADD CONSTRAINT FK_PersonaJRVPendiente_CatalogoEscolaridad FOREIGN KEY (catalogo_escolaridad_id) REFERENCES dbo.catalogo_escolaridad (id)
GO

--
-- Create foreign key [FK_PersonaJRVPendiente_CatalogoProfesiones] on table [dbo].[persona_jrv_pendiente]
--
PRINT (N'Create foreign key [FK_PersonaJRVPendiente_CatalogoProfesiones] on table [dbo].[persona_jrv_pendiente]')
GO
ALTER TABLE dbo.persona_jrv_pendiente WITH NOCHECK
  ADD CONSTRAINT FK_PersonaJRVPendiente_CatalogoProfesiones FOREIGN KEY (catalogo_profesion_id) REFERENCES dbo.catalogo_profesiones (id)
GO

--
-- Create foreign key [FK_PersonaJRVPendiente_CentroVotacion] on table [dbo].[persona_jrv_pendiente]
--
PRINT (N'Create foreign key [FK_PersonaJRVPendiente_CentroVotacion] on table [dbo].[persona_jrv_pendiente]')
GO
ALTER TABLE dbo.persona_jrv_pendiente WITH NOCHECK
  ADD CONSTRAINT FK_PersonaJRVPendiente_CentroVotacion FOREIGN KEY (centro_votacion_id) REFERENCES dbo.centro_votacion (id)
GO

--
-- Create foreign key [FK_PersonaJRVPendiente_PersonaJRV] on table [dbo].[persona_jrv_eliminar_pendiente]
--
PRINT (N'Create foreign key [FK_PersonaJRVPendiente_PersonaJRV] on table [dbo].[persona_jrv_eliminar_pendiente]')
GO
ALTER TABLE dbo.persona_jrv_eliminar_pendiente WITH NOCHECK
  ADD CONSTRAINT FK_PersonaJRVPendiente_PersonaJRV FOREIGN KEY (persona_jrv_id) REFERENCES dbo.persona_jrv (id)
GO

--
-- Create foreign key [FK_persona_confiable_tipo] on table [dbo].[persona_confiable]
--
PRINT (N'Create foreign key [FK_persona_confiable_tipo] on table [dbo].[persona_confiable]')
GO
ALTER TABLE dbo.persona_confiable
  ADD CONSTRAINT FK_persona_confiable_tipo FOREIGN KEY (tipo_personal_confiable_id) REFERENCES dbo.tipo_personal_confiable (id)
GO

--
-- Create foreign key [FK_CapacitadoresPendiente_Capacitadores] on table [dbo].[capacitadores_eliminar_pendiente]
--
PRINT (N'Create foreign key [FK_CapacitadoresPendiente_Capacitadores] on table [dbo].[capacitadores_eliminar_pendiente]')
GO
ALTER TABLE dbo.capacitadores_eliminar_pendiente WITH NOCHECK
  ADD CONSTRAINT FK_CapacitadoresPendiente_Capacitadores FOREIGN KEY (capacitador_id) REFERENCES dbo.capacitadores (id)
GO

--
-- Create foreign key [FK_AsistenciaPendiente_Capacitacion] on table [dbo].[asistencia_pendiente]
--
PRINT (N'Create foreign key [FK_AsistenciaPendiente_Capacitacion] on table [dbo].[asistencia_pendiente]')
GO
ALTER TABLE dbo.asistencia_pendiente WITH NOCHECK
  ADD CONSTRAINT FK_AsistenciaPendiente_Capacitacion FOREIGN KEY (capacitacion_id) REFERENCES dbo.capacitacion (id)
GO

--
-- Create foreign key [FK_Asistencia_Capacitacion] on table [dbo].[asistencia]
--
PRINT (N'Create foreign key [FK_Asistencia_Capacitacion] on table [dbo].[asistencia]')
GO
ALTER TABLE dbo.asistencia WITH NOCHECK
  ADD CONSTRAINT FK_Asistencia_Capacitacion FOREIGN KEY (capacitacion_id) REFERENCES dbo.capacitacion (id)
GO
SET NOEXEC OFF
GO